{"id":1000070,"date":"2025-01-16T08:27:11","date_gmt":"2025-01-16T07:27:11","guid":{"rendered":"https:\/\/www.claret.cat\/actividad\/presentacio-del-llibre-humans-a-auschwitz\/"},"modified":"2025-02-01T09:55:47","modified_gmt":"2025-02-01T08:55:47","slug":"presentacio-del-llibre-humans-a-auschwitz","status":"publish","type":"actividad","link":"https:\/\/www.claret.cat\/es\/actividad\/presentacio-del-llibre-humans-a-auschwitz\/","title":{"rendered":"Presentaci\u00f3n del libro &#8216;Humanos en Auschwitz&#8217;"},"content":{"rendered":"<p>El pr\u00f3ximo jueves 30 de enero a las 18:30h presentaremos a la librer\u00eda la \u00faltima novedad de la Editorial Claret, Humanos en Auschwitz.<\/p>\n<p>Participaran el autor del libro, el doctor en filosof\u00eda Joan Albert Vicens y el profesor del ISCREB Antoni Bosch Veciana<\/p>\n<p>\u00bfQu\u00e9 significa ser humano en condiciones extremas? Humanos en Auschwitz explora esta pregunta a partir de los testigos reales de figuras como Primo Levi, Robert Antelme y Etty Hillesum, tomados en campos de trabajo y extermine nazis, y del punto de vista de Franz Stangl, comandante de Treblinka.<\/p>\n<p><iframe loading=\"lazy\" title=\"Presentaci\u00f3 del llibre &#039;Humans a Auschwitz&#039;\" width=\"980\" height=\"551\" src=\"https:\/\/www.youtube.com\/embed\/0uaTxc-fva8?feature=oembed\" frameborder=\"0\" allow=\"accelerometer; autoplay; clipboard-write; encrypted-media; gyroscope; picture-in-picture; web-share\" referrerpolicy=\"strict-origin-when-cross-origin\" allowfullscreen><\/iframe><\/p>\n","protected":false},"featured_media":999332,"template":"","meta":{"_acf_changed":false,"om_disable_all_campaigns":false,"rs_blank_template":"","rs_page_bg_color":"","slide_template_v7":"","inline_featured_image":false,"_monsterinsights_skip_tracking":false,"_monsterinsights_sitenote_active":false,"_monsterinsights_sitenote_note":"","_monsterinsights_sitenote_category":0},"class_list":["post-1000070","actividad","type-actividad","status-publish","has-post-thumbnail","hentry"],"acf":{"fecha-fin":"20250130","fecha-inicio":"20250130","hora-inicio":"18:30","hora-fin":"20:00","lugar":"Llibreria Claret (Sic\u00edlia, 410 Barcelona)","libros-relacionados":[997649,997657]},"aioseo_notices":[],"_links":{"self":[{"href":"https:\/\/www.claret.cat\/es\/wp-json\/wp\/v2\/actividad\/1000070","targetHints":{"allow":["GET"]}}],"collection":[{"href":"https:\/\/www.claret.cat\/es\/wp-json\/wp\/v2\/actividad"}],"about":[{"href":"https:\/\/www.claret.cat\/es\/wp-json\/wp\/v2\/types\/actividad"}],"wp:featuredmedia":[{"embeddable":true,"href":"https:\/\/www.claret.cat\/es\/wp-json\/wp\/v2\/media\/999332"}],"wp:attachment":[{"href":"https:\/\/www.claret.cat\/es\/wp-json\/wp\/v2\/media?parent=1000070"}],"curies":[{"name":"wp","href":"https:\/\/api.w.org\/{rel}","templated":true}]}}

Presentación del libro &#8216;Humanos en Auschwitz&#8217;

<p>El próximo jueves 30 de enero a las 18:30h presentaremos a la librería la última novedad de la Editorial Claret, Humanos en Auschwitz.</p>
<p>Participaran el autor del libro, el doctor en filosofía Joan Albert Vicens y el profesor del ISCREB Antoni Bosch Veciana</p>
<p>¿Qué significa ser humano en condiciones extremas? Humanos en Auschwitz explora esta pregunta a partir de los testigos reales de figuras como Primo Levi, Robert Antelme y Etty Hillesum, tomados en campos de trabajo y extermine nazis, y del punto de vista de Franz Stangl, comandante de Treblinka.</p>
<p><iframe loading="lazy" title="Presentació del llibre &#039;Humans a Auschwitz&#039;" width="980" height="551" src="https://www.youtube.com/embed/0uaTxc-fva8?feature=oembed" frameborder="0" allow="accelerometer; autoplay; clipboard-write; encrypted-media; gyroscope; picture-in-picture; web-share" referrerpolicy="strict-origin-when-cross-origin" allowfullscreen></iframe></p>

Llibreria Claret (Sicília, 410 Barcelona)
