{"id":1023469,"date":"2025-05-23T13:15:14","date_gmt":"2025-05-23T11:15:14","guid":{"rendered":"https:\/\/www.claret.cat\/actividad\/presentacio-del-llibre-aplicacio-de-la-sinodalitat\/"},"modified":"2025-05-23T13:19:23","modified_gmt":"2025-05-23T11:19:23","slug":"presentacion-del-libro-aplicacion-de-la-sinodalidad","status":"publish","type":"actividad","link":"https:\/\/www.claret.cat\/es\/actividad\/presentacion-del-libro-aplicacion-de-la-sinodalidad\/","title":{"rendered":"Presentaci\u00f3n del libro &#8216;Aplicaci\u00f3n de la sinodalidad&#8217;"},"content":{"rendered":"<div class=\"colright\">\n<div class=\"traductor-textarea form-group\">\n<div class=\"textarea-desti col-xs-12 col-sm-6\">\n<div class=\"form-control second-textarea\">El pr\u00f3ximo jueves 5 de junio a las 18:30h presentaremos a la librer\u00eda Claret el libro <em><strong>Aplicaci\u00f3n de la Sinodalidad<\/strong>\u00a0<\/em>del cardenal y arzobispo em\u00e9rito de Barcelona Llu\u00eds Mart\u00ednez Sistach, donde analiza la situaci\u00f3n actual y los retos de la Iglesia Cat\u00f3lica.<\/div>\n<\/div>\n<\/div>\n<\/div>\n<div class=\"clr\"><\/div>\n","protected":false},"featured_media":1022714,"template":"","meta":{"_acf_changed":false,"om_disable_all_campaigns":false,"rs_blank_template":"","rs_page_bg_color":"","slide_template_v7":"","inline_featured_image":false,"_monsterinsights_skip_tracking":false,"_monsterinsights_sitenote_active":false,"_monsterinsights_sitenote_note":"","_monsterinsights_sitenote_category":0},"class_list":["post-1023469","actividad","type-actividad","status-publish","has-post-thumbnail","hentry"],"acf":{"fecha-fin":"20250605","fecha-inicio":"20250605","hora-inicio":"18:30","hora-fin":"19:30","lugar":"Llibreria Claret (Sic\u00edlia, 410 Barcelona)","libros-relacionados":[1019324,1019321]},"aioseo_notices":[],"_links":{"self":[{"href":"https:\/\/www.claret.cat\/es\/wp-json\/wp\/v2\/actividad\/1023469","targetHints":{"allow":["GET"]}}],"collection":[{"href":"https:\/\/www.claret.cat\/es\/wp-json\/wp\/v2\/actividad"}],"about":[{"href":"https:\/\/www.claret.cat\/es\/wp-json\/wp\/v2\/types\/actividad"}],"wp:featuredmedia":[{"embeddable":true,"href":"https:\/\/www.claret.cat\/es\/wp-json\/wp\/v2\/media\/1022714"}],"wp:attachment":[{"href":"https:\/\/www.claret.cat\/es\/wp-json\/wp\/v2\/media?parent=1023469"}],"curies":[{"name":"wp","href":"https:\/\/api.w.org\/{rel}","templated":true}]}}

Presentación del libro &#8216;Aplicación de la sinodalidad&#8217;

<div class="colright">
<div class="traductor-textarea form-group">
<div class="textarea-desti col-xs-12 col-sm-6">
<div class="form-control second-textarea">El próximo jueves 5 de junio a las 18:30h presentaremos a la librería Claret el libro <em><strong>Aplicación de la Sinodalidad</strong> </em>del cardenal y arzobispo emérito de Barcelona Lluís Martínez Sistach, donde analiza la situación actual y los retos de la Iglesia Católica.</div>
</div>
</div>
</div>
<div class="clr"></div>

Llibreria Claret (Sicília, 410 Barcelona)
