{"id":958084,"date":"2024-03-20T11:28:21","date_gmt":"2024-03-20T10:28:21","guid":{"rendered":"https:\/\/www.claret.cat\/?post_type=actividad&#038;p=958084"},"modified":"2024-03-20T11:28:21","modified_gmt":"2024-03-20T10:28:21","slug":"sessio-de-contacontes-de-un-viatge-ple-de-pessigolles","status":"publish","type":"actividad","link":"https:\/\/www.claret.cat\/es\/actividad\/sessio-de-contacontes-de-un-viatge-ple-de-pessigolles\/","title":{"rendered":"Sessi\u00f3 de contacontes de &#8216;Un viatge ple de pessigolles&#8217;"},"content":{"rendered":"<p>El pr\u00f2xim divendres 12 d&#8217;abril hi haur\u00e0 una sessi\u00f3 de contacontes del llibre<a href=\"https:\/\/www.claret.cat\/llibre\/un-viatge-ple-de-pessigolles-9788491365297\/?c=\"><em> Un viatge ple de pessigolles<\/em><\/a>.<\/p>\n<p>Hi participaran:<br \/>\n<strong>Josepa Forns<\/strong>, autora del llibre.<br \/>\n<strong>N\u00faria Corbera<\/strong>, il\u00b7lustradora del llibre.<\/p>\n","protected":false},"featured_media":958086,"template":"","meta":{"_acf_changed":false,"om_disable_all_campaigns":false,"rs_blank_template":"","rs_page_bg_color":"","slide_template_v7":"","inline_featured_image":false,"_monsterinsights_skip_tracking":false,"_monsterinsights_sitenote_active":false,"_monsterinsights_sitenote_note":"","_monsterinsights_sitenote_category":0},"class_list":["post-958084","actividad","type-actividad","status-publish","has-post-thumbnail","hentry"],"acf":{"fecha-fin":"20240412","fecha-inicio":"20240412","hora-inicio":"17:15","hora-fin":"18:15","lugar":"Llibreria Claret (Sic\u00edlia, 410 Barcelona)","libros-relacionados":""},"aioseo_notices":[],"_links":{"self":[{"href":"https:\/\/www.claret.cat\/es\/wp-json\/wp\/v2\/actividad\/958084","targetHints":{"allow":["GET"]}}],"collection":[{"href":"https:\/\/www.claret.cat\/es\/wp-json\/wp\/v2\/actividad"}],"about":[{"href":"https:\/\/www.claret.cat\/es\/wp-json\/wp\/v2\/types\/actividad"}],"wp:featuredmedia":[{"embeddable":true,"href":"https:\/\/www.claret.cat\/es\/wp-json\/wp\/v2\/media\/958086"}],"wp:attachment":[{"href":"https:\/\/www.claret.cat\/es\/wp-json\/wp\/v2\/media?parent=958084"}],"curies":[{"name":"wp","href":"https:\/\/api.w.org\/{rel}","templated":true}]}}

Sessió de contacontes de &#8216;Un viatge ple de pessigolles&#8217;

<p>El pròxim divendres 12 d&#8217;abril hi haurà una sessió de contacontes del llibre<a href="https://www.claret.cat/llibre/un-viatge-ple-de-pessigolles-9788491365297/?c="><em> Un viatge ple de pessigolles</em></a>.</p>
<p>Hi participaran:<br />
<strong>Josepa Forns</strong>, autora del llibre.<br />
<strong>Núria Corbera</strong>, il·lustradora del llibre.</p>

Llibreria Claret (Sicília, 410 Barcelona)
