{"id":1000087,"date":"2025-01-16T12:30:56","date_gmt":"2025-01-16T11:30:56","guid":{"rendered":"https:\/\/www.claret.cat\/llibre\/el-lladre-de-flors-9788410208292\/"},"modified":"2026-04-10T17:45:06","modified_gmt":"2026-04-10T15:45:06","slug":"el-lladre-de-flors-9788410208292","status":"publish","type":"product","link":"https:\/\/www.claret.cat\/es\/libro\/el-lladre-de-flors-9788410208292\/","title":{"rendered":"EL LLADRE DE FLORS"},"content":{"rendered":"<p>Un divertit llibre per despertar la curiositat i aprendre coses sobre les estacions.<\/p>\n<p> Quan descobreix una preciosa flor creixent al bosc, l&#x2019;Esquirol decideix que \u00e9s seva. Despr\u00e9s del que va passar amb les fulles a la tardor, el nostre amic est\u00e0 decidit a mantenir-la fora de perill.<\/p>\n<p> Per\u00f2 potser l&#x2019;Esquirol la vol protegir massa&#8230; Al cap i a la fi, les flors tamb\u00e9 necessiten el seu espai!<\/p>\n","protected":false},"excerpt":{"rendered":"<p>HEMMING, ALICE<\/p>\n","protected":false},"featured_media":1000377,"template":"","meta":{"_acf_changed":false,"om_disable_all_campaigns":false,"rs_blank_template":"","rs_page_bg_color":"","slide_template_v7":"","inline_featured_image":false,"_monsterinsights_skip_tracking":false,"_monsterinsights_sitenote_active":false,"_monsterinsights_sitenote_note":"","_monsterinsights_sitenote_category":0},"product_brand":[],"product_cat":[131,361],"product_tag":[],"class_list":{"0":"post-1000087","1":"product","2":"type-product","3":"status-publish","4":"has-post-thumbnail","6":"product_cat-contes-per-infants-0-6-anys","7":"product_cat-cuentos-para-ninos-0-6-anos","9":"first","10":"instock","11":"taxable","12":"shipping-taxable","13":"purchasable","14":"product-type-simple"},"acf":{"autor":"HEMMING, ALICE","codart":"841020829","libros-coleccion":"Miau","ediciones":"1","encuadernacion":"Carton\u00e9","fecha_de_publicacion":"01\/01\/2025","novedad":"1","paginas":"32","subtitulo":"","orden":"0","portada":"0","idioma":"cat","editorial":[{"ID":147821,"post_author":"3","post_date":"2022-10-14 11:53:28","post_date_gmt":"2022-10-14 09:53:28","post_content":"","post_title":"Ediciones Jaguar","post_excerpt":"","post_status":"publish","comment_status":"closed","ping_status":"closed","post_password":"","post_name":"ediciones-jaguar","to_ping":"","pinged":"","post_modified":"2022-10-14 11:53:28","post_modified_gmt":"2022-10-14 09:53:28","post_content_filtered":"","post_parent":0,"guid":"http:\/\/dev.claret.cat\/editorial\/ediciones-jaguar\/","menu_order":0,"post_type":"editorial","post_mime_type":"","comment_count":"0","filter":"raw"}],"booktrailer":"","resenas":""},"aioseo_notices":[],"_links":{"self":[{"href":"https:\/\/www.claret.cat\/es\/wp-json\/wp\/v2\/product\/1000087","targetHints":{"allow":["GET"]}}],"collection":[{"href":"https:\/\/www.claret.cat\/es\/wp-json\/wp\/v2\/product"}],"about":[{"href":"https:\/\/www.claret.cat\/es\/wp-json\/wp\/v2\/types\/product"}],"wp:featuredmedia":[{"embeddable":true,"href":"https:\/\/www.claret.cat\/es\/wp-json\/wp\/v2\/media\/1000377"}],"wp:attachment":[{"href":"https:\/\/www.claret.cat\/es\/wp-json\/wp\/v2\/media?parent=1000087"}],"wp:term":[{"taxonomy":"product_brand","embeddable":true,"href":"https:\/\/www.claret.cat\/es\/wp-json\/wp\/v2\/product_brand?post=1000087"},{"taxonomy":"product_cat","embeddable":true,"href":"https:\/\/www.claret.cat\/es\/wp-json\/wp\/v2\/product_cat?post=1000087"},{"taxonomy":"product_tag","embeddable":true,"href":"https:\/\/www.claret.cat\/es\/wp-json\/wp\/v2\/product_tag?post=1000087"}],"curies":[{"name":"wp","href":"https:\/\/api.w.org\/{rel}","templated":true}]}}

<p>Un divertit llibre per despertar la curiositat i aprendre coses sobre les estacions.</p>
<p> Quan descobreix una preciosa flor creixent al bosc, l&#x2019;Esquirol decideix que és seva. Després del que va passar amb les fulles a la tardor, el nostre amic està decidit a mantenir-la fora de perill.</p>
<p> Però potser l&#x2019;Esquirol la vol protegir massa&#8230; Al cap i a la fi, les flors també necessiten el seu espai!</p>

Cartoné
