{"id":1000191,"date":"2025-01-16T17:10:02","date_gmt":"2025-01-16T16:10:02","guid":{"rendered":"https:\/\/www.claret.cat\/llibre\/cien-relatos-para-la-oracion-de-quietud-en-la-vida-diaria-9788429327465\/"},"modified":"2026-04-01T16:02:10","modified_gmt":"2026-04-01T14:02:10","slug":"cien-relatos-para-la-oracion-de-quietud-en-la-vida-diaria-9788429327465","status":"publish","type":"product","link":"https:\/\/www.claret.cat\/es\/libro\/cien-relatos-para-la-oracion-de-quietud-en-la-vida-diaria-9788429327465\/","title":{"rendered":"CIEN RELATOS PARA LA ORACI\u00d3N DE QUIETUD EN LA VIDA DIARIA"},"content":{"rendered":"<p>Unos breves relatos recogidos por Peter Dyckhoff que dan en el clavo sobre las cosas que en realidad resultan m\u00e1s importantes de la vida, a trav\u00e9s de la iniciaci\u00f3n y comprensi\u00f3n en la oraci\u00f3n de quietud individual o en grupo.<\/p>\n","protected":false},"excerpt":{"rendered":"<p>DYCKHOFF, PETER<\/p>\n","protected":false},"featured_media":1000192,"template":"","meta":{"_acf_changed":false,"om_disable_all_campaigns":false,"rs_blank_template":"","rs_page_bg_color":"","slide_template_v7":"","inline_featured_image":false,"_monsterinsights_skip_tracking":false,"_monsterinsights_sitenote_active":false,"_monsterinsights_sitenote_note":"","_monsterinsights_sitenote_category":0},"product_brand":[],"product_cat":[345,79],"product_tag":[],"class_list":{"0":"post-1000191","1":"product","2":"type-product","3":"status-publish","4":"has-post-thumbnail","6":"product_cat-espiritualidad","7":"product_cat-espiritualitat","9":"first","10":"instock","11":"taxable","12":"shipping-taxable","13":"purchasable","14":"product-type-simple"},"acf":{"autor":"DYCKHOFF, PETER","codart":"842932746","libros-coleccion":"El Pozo de Siquem","ediciones":"1","encuadernacion":"R\u00fastica","fecha_de_publicacion":"25\/05\/2018","novedad":"0","paginas":"312","subtitulo":"","orden":"0","portada":"0","idioma":"spa","editorial":[{"ID":6351,"post_author":"3","post_date":"2022-07-28 17:50:19","post_date_gmt":"2022-07-28 15:50:19","post_content":"","post_title":"Sal Terrae","post_excerpt":"","post_status":"publish","comment_status":"closed","ping_status":"closed","post_password":"","post_name":"sal-terrae","to_ping":"","pinged":"","post_modified":"2022-07-28 17:50:19","post_modified_gmt":"2022-07-28 15:50:19","post_content_filtered":"","post_parent":0,"guid":"http:\/\/dev.claret.cat\/editorial\/sal-terrae\/","menu_order":0,"post_type":"editorial","post_mime_type":"","comment_count":"0","filter":"raw"}],"autores-libros":[{"ID":167088,"post_author":"3","post_date":"2022-10-14 18:08:26","post_date_gmt":"2022-10-14 16:08:26","post_content":"","post_title":"PETER DYCKHOFF","post_excerpt":"","post_status":"publish","comment_status":"closed","ping_status":"closed","post_password":"","post_name":"peter-dyckhoff","to_ping":"","pinged":"","post_modified":"2022-10-14 18:08:26","post_modified_gmt":"2022-10-14 16:08:26","post_content_filtered":"","post_parent":0,"guid":"http:\/\/dev.claret.cat\/autor\/peter-dyckhoff\/","menu_order":0,"post_type":"autor","post_mime_type":"","comment_count":"0","filter":"raw"}],"booktrailer":"","resenas":""},"aioseo_notices":[],"_links":{"self":[{"href":"https:\/\/www.claret.cat\/es\/wp-json\/wp\/v2\/product\/1000191","targetHints":{"allow":["GET"]}}],"collection":[{"href":"https:\/\/www.claret.cat\/es\/wp-json\/wp\/v2\/product"}],"about":[{"href":"https:\/\/www.claret.cat\/es\/wp-json\/wp\/v2\/types\/product"}],"wp:featuredmedia":[{"embeddable":true,"href":"https:\/\/www.claret.cat\/es\/wp-json\/wp\/v2\/media\/1000192"}],"wp:attachment":[{"href":"https:\/\/www.claret.cat\/es\/wp-json\/wp\/v2\/media?parent=1000191"}],"wp:term":[{"taxonomy":"product_brand","embeddable":true,"href":"https:\/\/www.claret.cat\/es\/wp-json\/wp\/v2\/product_brand?post=1000191"},{"taxonomy":"product_cat","embeddable":true,"href":"https:\/\/www.claret.cat\/es\/wp-json\/wp\/v2\/product_cat?post=1000191"},{"taxonomy":"product_tag","embeddable":true,"href":"https:\/\/www.claret.cat\/es\/wp-json\/wp\/v2\/product_tag?post=1000191"}],"curies":[{"name":"wp","href":"https:\/\/api.w.org\/{rel}","templated":true}]}}

CIEN RELATOS PARA LA ORACIÓN DE QUIETUD EN LA VIDA DIARIA

<p>Unos breves relatos recogidos por Peter Dyckhoff que dan en el clavo sobre las cosas que en realidad resultan más importantes de la vida, a través de la iniciación y comprensión en la oración de quietud individual o en grupo.</p>

Rústica
