{"id":1002473,"date":"2025-01-29T16:30:41","date_gmt":"2025-01-29T15:30:41","guid":{"rendered":"https:\/\/www.claret.cat\/llibre\/sau-9788412910957\/"},"modified":"2025-04-17T13:20:22","modified_gmt":"2025-04-17T11:20:22","slug":"sau-9788412910957","status":"publish","type":"product","link":"https:\/\/www.claret.cat\/es\/libro\/sau-9788412910957\/","title":{"rendered":"SAU"},"content":{"rendered":"<p>Sau s\u00f3n dues hist\u00f2ries condemnades a trobar-se, dos fils entrella\u00e7ats que es busquen sense saber-ho. A principis del s. XX, els Sala de Bruc tornen a la Plana de Vic des de les seves plantacions de Guinea, portant amb ells dues esclaves i un fantasma.\u00a0Anys m\u00e9s tard, al poble de Sant Rom\u00e0 de Sau, a punt de desapar\u00e8ixer sota les aig\u00fces del Ter, una mort fa que dos amics ensellin els cavalls i cavalquin cap a un dest\u00ed incert per corriols on passat, present i futur es barregen.<br \/> La nova novel\u00b7la de l&#x2019;autor de Guilleries \u00e9s la gran hist\u00f2ria d&#x2019;un amor prohibit. Una novel\u00b7la immensa i generosa, on les ferides busquen cicatrius, i on la bellesa i el dolor es barregen amb la ploma afinada i enlluernadora de Ferran Garcia. Un trag\u00e8dia sobre all\u00f2 que mai desapareix i sobre les ombres que caminen amb nosaltres. Una obra atemporal que ressonar\u00e0 per sempre m\u00e9s en la imaginaci\u00f3 dels lectors.<\/p>\n","protected":false},"excerpt":{"rendered":"<p>GARCIA, FERRAN<\/p>\n","protected":false},"featured_media":1002916,"template":"","meta":{"_acf_changed":false,"om_disable_all_campaigns":false,"rs_blank_template":"","rs_page_bg_color":"","slide_template_v7":"","inline_featured_image":false,"_monsterinsights_skip_tracking":false,"_monsterinsights_sitenote_active":false,"_monsterinsights_sitenote_note":"","_monsterinsights_sitenote_category":0},"product_brand":[],"product_cat":[127,357],"product_tag":[],"class_list":{"0":"post-1002473","1":"product","2":"type-product","3":"status-publish","4":"has-post-thumbnail","6":"product_cat-novella-contemporania","7":"product_cat-novela-contemporanea","9":"first","10":"instock","11":"taxable","12":"shipping-taxable","13":"purchasable","14":"product-type-simple"},"acf":{"autor":"GARCIA, FERRAN","codart":"841291095","libros-coleccion":"FORA DE COL.LECCI\u00d3","ediciones":"1","encuadernacion":"R\u00fastica","fecha_de_publicacion":"01\/01\/2025","novedad":"1","paginas":"392","subtitulo":"","orden":"0","portada":"1","idioma":"cat","editorial":[{"ID":6230,"post_author":"3","post_date":"2022-07-28 17:47:42","post_date_gmt":"2022-07-28 15:47:42","post_content":"","post_title":"Editorial Males Herbes","post_excerpt":"","post_status":"publish","comment_status":"closed","ping_status":"closed","post_password":"","post_name":"editorial-males-herbes","to_ping":"","pinged":"","post_modified":"2022-07-28 17:47:42","post_modified_gmt":"2022-07-28 15:47:42","post_content_filtered":"","post_parent":0,"guid":"http:\/\/dev.claret.cat\/editorial\/editorial-males-herbes\/","menu_order":0,"post_type":"editorial","post_mime_type":"","comment_count":"0","filter":"raw"}],"booktrailer":"","resenas":""},"aioseo_notices":[],"_links":{"self":[{"href":"https:\/\/www.claret.cat\/es\/wp-json\/wp\/v2\/product\/1002473","targetHints":{"allow":["GET"]}}],"collection":[{"href":"https:\/\/www.claret.cat\/es\/wp-json\/wp\/v2\/product"}],"about":[{"href":"https:\/\/www.claret.cat\/es\/wp-json\/wp\/v2\/types\/product"}],"wp:featuredmedia":[{"embeddable":true,"href":"https:\/\/www.claret.cat\/es\/wp-json\/wp\/v2\/media\/1002916"}],"wp:attachment":[{"href":"https:\/\/www.claret.cat\/es\/wp-json\/wp\/v2\/media?parent=1002473"}],"wp:term":[{"taxonomy":"product_brand","embeddable":true,"href":"https:\/\/www.claret.cat\/es\/wp-json\/wp\/v2\/product_brand?post=1002473"},{"taxonomy":"product_cat","embeddable":true,"href":"https:\/\/www.claret.cat\/es\/wp-json\/wp\/v2\/product_cat?post=1002473"},{"taxonomy":"product_tag","embeddable":true,"href":"https:\/\/www.claret.cat\/es\/wp-json\/wp\/v2\/product_tag?post=1002473"}],"curies":[{"name":"wp","href":"https:\/\/api.w.org\/{rel}","templated":true}]}}

<p>Sau són dues històries condemnades a trobar-se, dos fils entrellaçats que es busquen sense saber-ho. A principis del s. XX, els Sala de Bruc tornen a la Plana de Vic des de les seves plantacions de Guinea, portant amb ells dues esclaves i un fantasma. Anys més tard, al poble de Sant Romà de Sau, a punt de desaparèixer sota les aigües del Ter, una mort fa que dos amics ensellin els cavalls i cavalquin cap a un destí incert per corriols on passat, present i futur es barregen.<br /> La nova novel·la de l&#x2019;autor de Guilleries és la gran història d&#x2019;un amor prohibit. Una novel·la immensa i generosa, on les ferides busquen cicatrius, i on la bellesa i el dolor es barregen amb la ploma afinada i enlluernadora de Ferran Garcia. Un tragèdia sobre allò que mai desapareix i sobre les ombres que caminen amb nosaltres. Una obra atemporal que ressonarà per sempre més en la imaginació dels lectors.</p>

FORA DE COL.LECCIÓ

Rústica
