{"id":1003105,"date":"2025-02-03T12:55:10","date_gmt":"2025-02-03T11:55:10","guid":{"rendered":"https:\/\/www.claret.cat\/llibre\/los-cuatro-habitos-que-cambiaran-tu-vida-9788425367830\/"},"modified":"2025-02-03T13:18:25","modified_gmt":"2025-02-03T12:18:25","slug":"los-cuatro-habitos-que-cambiaran-tu-vida-9788425367830","status":"publish","type":"product","link":"https:\/\/www.claret.cat\/es\/libro\/los-cuatro-habitos-que-cambiaran-tu-vida-9788425367830\/","title":{"rendered":"LOS CUATRO H\u00c1BITOS QUE CAMBIAR\u00c1N TU VIDA"},"content":{"rendered":"<p>Descubre el viaje de autoconocimiento y crecimiento que comienza en estas p\u00e1ginas. Entra en tu cuerpo y en tu presente, y deshazte de la ansiedad para siempre. Si logras implementarlo en tu d\u00eda, conseguir\u00e1s la tan anhelada calma. En Los cuatro h\u00e1bitos que cambiar\u00e1n tu vida, Sara Palau, psic\u00f3loga y psicoterapeuta especializada en t\u00e9cnicas de liberaci\u00f3n emocional, hipnosis cl\u00ednica y talleres de meditaci\u00f3n, te ofrece su propio m\u00e9todo irrefutable para que llegues a calmar tu cerebro emocional y alcances un bienestar y equilibrio duraderos. A partir de la utilidad indiscutible de las cuatro herramientas que ella misma ha avalado con su experiencia profesional -el tapping, el m\u00e9todo socr\u00e1tico, el mindfulness y el eneagrama-, crea un libro tremendamente pr\u00e1ctico, adaptado a ti y a tu ritmo, aplicable de forma f\u00e1cil y con resultados visibles desde el primer d\u00eda.<\/p>\n","protected":false},"excerpt":{"rendered":"<p>PALAU, SARA<\/p>\n","protected":false},"featured_media":1003106,"template":"","meta":{"_acf_changed":false,"om_disable_all_campaigns":false,"rs_blank_template":"","rs_page_bg_color":"","slide_template_v7":"","inline_featured_image":false,"_monsterinsights_skip_tracking":false,"_monsterinsights_sitenote_active":false,"_monsterinsights_sitenote_note":"","_monsterinsights_sitenote_category":0},"product_brand":[],"product_cat":[179,377],"product_tag":[],"class_list":{"0":"post-1003105","1":"product","2":"type-product","3":"status-publish","4":"has-post-thumbnail","6":"product_cat-autoajuda-i-salut-mental","7":"product_cat-autoayuda-y-salud-mental","9":"first","10":"instock","11":"taxable","12":"shipping-taxable","13":"purchasable","14":"product-type-simple"},"acf":{"autor":"PALAU, SARA","codart":"842536783","libros-coleccion":"Crecimiento personal","ediciones":"1","encuadernacion":"R\u00fastica","fecha_de_publicacion":"01\/02\/2025","novedad":"1","paginas":"188","subtitulo":"LAS HERRAMIENTAS PSICOL\u00d3GICAS DEFINITIVAS PARA GESTIONAR EL ESTR\u00c9S Y ENCONTRAR E","orden":"0","portada":"0","idioma":"spa","editorial":[{"ID":6263,"post_author":"3","post_date":"2022-07-28 17:48:27","post_date_gmt":"2022-07-28 15:48:27","post_content":"","post_title":"GRIJALBO","post_excerpt":"","post_status":"publish","comment_status":"closed","ping_status":"closed","post_password":"","post_name":"grijalbo","to_ping":"","pinged":"","post_modified":"2022-07-28 17:48:27","post_modified_gmt":"2022-07-28 15:48:27","post_content_filtered":"","post_parent":0,"guid":"http:\/\/dev.claret.cat\/editorial\/grijalbo\/","menu_order":0,"post_type":"editorial","post_mime_type":"","comment_count":"0","filter":"raw"}]},"aioseo_notices":[],"_links":{"self":[{"href":"https:\/\/www.claret.cat\/es\/wp-json\/wp\/v2\/product\/1003105","targetHints":{"allow":["GET"]}}],"collection":[{"href":"https:\/\/www.claret.cat\/es\/wp-json\/wp\/v2\/product"}],"about":[{"href":"https:\/\/www.claret.cat\/es\/wp-json\/wp\/v2\/types\/product"}],"wp:featuredmedia":[{"embeddable":true,"href":"https:\/\/www.claret.cat\/es\/wp-json\/wp\/v2\/media\/1003106"}],"wp:attachment":[{"href":"https:\/\/www.claret.cat\/es\/wp-json\/wp\/v2\/media?parent=1003105"}],"wp:term":[{"taxonomy":"product_brand","embeddable":true,"href":"https:\/\/www.claret.cat\/es\/wp-json\/wp\/v2\/product_brand?post=1003105"},{"taxonomy":"product_cat","embeddable":true,"href":"https:\/\/www.claret.cat\/es\/wp-json\/wp\/v2\/product_cat?post=1003105"},{"taxonomy":"product_tag","embeddable":true,"href":"https:\/\/www.claret.cat\/es\/wp-json\/wp\/v2\/product_tag?post=1003105"}],"curies":[{"name":"wp","href":"https:\/\/api.w.org\/{rel}","templated":true}]}}

LOS CUATRO HÁBITOS QUE CAMBIARÁN TU VIDA

<p>Descubre el viaje de autoconocimiento y crecimiento que comienza en estas páginas. Entra en tu cuerpo y en tu presente, y deshazte de la ansiedad para siempre. Si logras implementarlo en tu día, conseguirás la tan anhelada calma. En Los cuatro hábitos que cambiarán tu vida, Sara Palau, psicóloga y psicoterapeuta especializada en técnicas de liberación emocional, hipnosis clínica y talleres de meditación, te ofrece su propio método irrefutable para que llegues a calmar tu cerebro emocional y alcances un bienestar y equilibrio duraderos. A partir de la utilidad indiscutible de las cuatro herramientas que ella misma ha avalado con su experiencia profesional -el tapping, el método socrático, el mindfulness y el eneagrama-, crea un libro tremendamente práctico, adaptado a ti y a tu ritmo, aplicable de forma fácil y con resultados visibles desde el primer día.</p>

Rústica

LAS HERRAMIENTAS PSICOLÓGICAS DEFINITIVAS PARA GESTIONAR EL ESTRÉS Y ENCONTRAR E
