{"id":1004501,"date":"2025-02-11T12:10:14","date_gmt":"2025-02-11T11:10:14","guid":{"rendered":"https:\/\/www.claret.cat\/llibre\/la-magia-de-las-emociones-9788410346376\/"},"modified":"2025-03-26T17:36:24","modified_gmt":"2025-03-26T16:36:24","slug":"la-magia-de-las-emociones-9788410346376","status":"publish","type":"product","link":"https:\/\/www.claret.cat\/es\/libro\/la-magia-de-las-emociones-9788410346376\/","title":{"rendered":"LA MAGIA DE LAS EMOCIONES"},"content":{"rendered":"<p>DESCUBRE LA MAGIA DETR\u00c1S DE LAS EMOCIONES<\/p>\n<p>De las autoras de EL GRAN LIBRO DE LAS EMOCIONES, 30 divertidos cuentos y 30 fichas dirigidas a padres y educadores para trabajar los h\u00e1bitos y crecer felices.Trabajar los h\u00e1bitos y las rutinas no tiene por qu\u00e9 ser algo mon\u00f3tono y aburrido. A trav\u00e9s de este libro, las acciones cotidianas se convierten en algo m\u00e1gico para acompa\u00f1ar a los m\u00e1s peque\u00f1os de forma adecuada, asertiva y con seguridad. Estos treinta cuentos originales, acompa\u00f1ados de treinta fichas elaboradas por La Nau Espacial, nos ayudan a identificar las emociones y educar con empat\u00eda para descubrir la magia del d\u00eda a d\u00eda. No hay f\u00f3rmula secreta para gestionar las emociones, pero disponer de herramientas adecuadas como esta puede hacer del proceso de crecer algo divertido y m\u00e1gico.Incluye 30 fichas dirigidas a padres y educadores elaboradas por La Nau Espacial, especialistas en educaci\u00f3n emocional.<\/p>\n","protected":false},"excerpt":{"rendered":"<p>MEN\u00c9NDEZ-PONTE, MAR\u00cdA<\/p>\n","protected":false},"featured_media":1004620,"template":"","meta":{"_acf_changed":false,"om_disable_all_campaigns":false,"rs_blank_template":"","rs_page_bg_color":"","slide_template_v7":"","inline_featured_image":false,"_monsterinsights_skip_tracking":false,"_monsterinsights_sitenote_active":false,"_monsterinsights_sitenote_note":"","_monsterinsights_sitenote_category":0},"product_brand":[],"product_cat":[131,361],"product_tag":[],"class_list":{"0":"post-1004501","1":"product","2":"type-product","3":"status-publish","4":"has-post-thumbnail","6":"product_cat-contes-per-infants-0-6-anys","7":"product_cat-cuentos-para-ninos-0-6-anos","9":"first","10":"instock","11":"taxable","12":"shipping-taxable","13":"purchasable","14":"product-type-simple"},"acf":{"autor":"MEN\u00c9NDEZ-PONTE, MAR\u00cdA","codart":"841034637","libros-coleccion":"FORA DE COL.LECCI\u00d3","ediciones":"1","encuadernacion":"Carton\u00e9","fecha_de_publicacion":"01\/02\/2025","novedad":"1","paginas":"208","subtitulo":"","orden":"0","portada":"0","idioma":"spa","editorial":[{"ID":261979,"post_author":"3","post_date":"2022-10-24 11:18:21","post_date_gmt":"2022-10-24 09:18:21","post_content":"","post_title":"DUOMO-NEFELIBATA EDICIONES","post_excerpt":"","post_status":"publish","comment_status":"closed","ping_status":"closed","post_password":"","post_name":"duomo-nefelibata-ediciones","to_ping":"","pinged":"","post_modified":"2022-10-24 11:18:21","post_modified_gmt":"2022-10-24 09:18:21","post_content_filtered":"","post_parent":0,"guid":"http:\/\/dev.claret.cat\/editorial\/duomo-nefelibata-ediciones\/","menu_order":0,"post_type":"editorial","post_mime_type":"","comment_count":"0","filter":"raw"}]},"aioseo_notices":[],"_links":{"self":[{"href":"https:\/\/www.claret.cat\/es\/wp-json\/wp\/v2\/product\/1004501","targetHints":{"allow":["GET"]}}],"collection":[{"href":"https:\/\/www.claret.cat\/es\/wp-json\/wp\/v2\/product"}],"about":[{"href":"https:\/\/www.claret.cat\/es\/wp-json\/wp\/v2\/types\/product"}],"wp:featuredmedia":[{"embeddable":true,"href":"https:\/\/www.claret.cat\/es\/wp-json\/wp\/v2\/media\/1004620"}],"wp:attachment":[{"href":"https:\/\/www.claret.cat\/es\/wp-json\/wp\/v2\/media?parent=1004501"}],"wp:term":[{"taxonomy":"product_brand","embeddable":true,"href":"https:\/\/www.claret.cat\/es\/wp-json\/wp\/v2\/product_brand?post=1004501"},{"taxonomy":"product_cat","embeddable":true,"href":"https:\/\/www.claret.cat\/es\/wp-json\/wp\/v2\/product_cat?post=1004501"},{"taxonomy":"product_tag","embeddable":true,"href":"https:\/\/www.claret.cat\/es\/wp-json\/wp\/v2\/product_tag?post=1004501"}],"curies":[{"name":"wp","href":"https:\/\/api.w.org\/{rel}","templated":true}]}}

<p>DESCUBRE LA MAGIA DETRÁS DE LAS EMOCIONES</p>
<p>De las autoras de EL GRAN LIBRO DE LAS EMOCIONES, 30 divertidos cuentos y 30 fichas dirigidas a padres y educadores para trabajar los hábitos y crecer felices.Trabajar los hábitos y las rutinas no tiene por qué ser algo monótono y aburrido. A través de este libro, las acciones cotidianas se convierten en algo mágico para acompañar a los más pequeños de forma adecuada, asertiva y con seguridad. Estos treinta cuentos originales, acompañados de treinta fichas elaboradas por La Nau Espacial, nos ayudan a identificar las emociones y educar con empatía para descubrir la magia del día a día. No hay fórmula secreta para gestionar las emociones, pero disponer de herramientas adecuadas como esta puede hacer del proceso de crecer algo divertido y mágico.Incluye 30 fichas dirigidas a padres y educadores elaboradas por La Nau Espacial, especialistas en educación emocional.</p>

<p>MENÉNDEZ-PONTE, MARÍA</p>

MENÉNDEZ-PONTE, MARÍA

FORA DE COL.LECCIÓ

Cartoné
