{"id":1004733,"date":"2025-02-12T13:20:42","date_gmt":"2025-02-12T12:20:42","guid":{"rendered":"https:\/\/www.claret.cat\/llibre\/buranuna-9788412446746\/"},"modified":"2025-02-12T13:26:19","modified_gmt":"2025-02-12T12:26:19","slug":"buranuna-9788412446746","status":"publish","type":"product","link":"https:\/\/www.claret.cat\/es\/libro\/buranuna-9788412446746\/","title":{"rendered":"BURANUNA"},"content":{"rendered":"<p>Esta historia sucede hace cinco mil a\u00f1os en Uruk, a orillas del \u00c9ufra-tes, donde reina Gilgamesh. Buranuna, que nace fruto de siete noches de amor en la laguna de un bosque, es hija de Enkidu, el hombre salvaje, y de Sh\u00e1mhat, que lo ha civilizado a costa de su parte inocente y primigenia. \u00c9l muere como consecuencia de la gran escisi\u00f3n, de la p\u00e9rdida de conexi\u00f3n con su naturaleza excesiva. \u00abEnkidu, como los cedros, hab\u00eda muerto\u00bb: as\u00ed empieza este libro. Luego Sh\u00e1mhat huye de la ciudad con Buranuna en brazos para devolverla al bosque primordial \u00abdonde las palabras no tienen ning\u00fan poder y las letras no significan nada.\u00bb Buranuna, criatura entra\u00f1able y legendaria, es la guardiana de lo que perdimos, del olvido que somos, de lo que se qued\u00f3 en la niebla, de lo que la palabra borr\u00f3 y arrebat\u00f3. Con una prosa po\u00e9tica y envolvente, repleta de escenas on\u00edricas y momentos luminosos, Mariona Fern\u00e1ndez indaga en los albores de la civilizaci\u00f3n humana y nos invita a enlazar lo instintivo con lo espi-ritual como condici\u00f3n existencial ineludible.<\/p>\n","protected":false},"excerpt":{"rendered":"<p>FERNANDEZ, MARIONA<\/p>\n","protected":false},"featured_media":1004734,"template":"","meta":{"_acf_changed":false,"om_disable_all_campaigns":false,"rs_blank_template":"","rs_page_bg_color":"","slide_template_v7":"","inline_featured_image":false,"_monsterinsights_skip_tracking":false,"_monsterinsights_sitenote_active":false,"_monsterinsights_sitenote_note":"","_monsterinsights_sitenote_category":0},"product_brand":[],"product_cat":[90,540],"product_tag":[],"class_list":{"0":"post-1004733","1":"product","2":"type-product","3":"status-publish","4":"has-post-thumbnail","6":"product_cat-altres","7":"product_cat-otros","9":"first","10":"instock","11":"taxable","12":"shipping-taxable","13":"purchasable","14":"product-type-simple"},"acf":{"autor":"FERNANDEZ, MARIONA","codart":"841244674","libros-coleccion":"","ediciones":"1","encuadernacion":"R\u00fastica","fecha_de_publicacion":"01\/01\/2025","novedad":"1","paginas":"191","subtitulo":"CANCI\u00d3N DE ARCILLA","orden":"0","portada":"0","idioma":"spa","editorial":[{"ID":147994,"post_author":"3","post_date":"2022-10-14 11:54:49","post_date_gmt":"2022-10-14 09:54:49","post_content":"","post_title":"Editorial Karw\u00e1n","post_excerpt":"","post_status":"publish","comment_status":"closed","ping_status":"closed","post_password":"","post_name":"editorial-karwan","to_ping":"","pinged":"","post_modified":"2022-10-14 11:54:49","post_modified_gmt":"2022-10-14 09:54:49","post_content_filtered":"","post_parent":0,"guid":"http:\/\/dev.claret.cat\/editorial\/editorial-karwan\/","menu_order":0,"post_type":"editorial","post_mime_type":"","comment_count":"0","filter":"raw"}]},"aioseo_notices":[],"_links":{"self":[{"href":"https:\/\/www.claret.cat\/es\/wp-json\/wp\/v2\/product\/1004733","targetHints":{"allow":["GET"]}}],"collection":[{"href":"https:\/\/www.claret.cat\/es\/wp-json\/wp\/v2\/product"}],"about":[{"href":"https:\/\/www.claret.cat\/es\/wp-json\/wp\/v2\/types\/product"}],"wp:featuredmedia":[{"embeddable":true,"href":"https:\/\/www.claret.cat\/es\/wp-json\/wp\/v2\/media\/1004734"}],"wp:attachment":[{"href":"https:\/\/www.claret.cat\/es\/wp-json\/wp\/v2\/media?parent=1004733"}],"wp:term":[{"taxonomy":"product_brand","embeddable":true,"href":"https:\/\/www.claret.cat\/es\/wp-json\/wp\/v2\/product_brand?post=1004733"},{"taxonomy":"product_cat","embeddable":true,"href":"https:\/\/www.claret.cat\/es\/wp-json\/wp\/v2\/product_cat?post=1004733"},{"taxonomy":"product_tag","embeddable":true,"href":"https:\/\/www.claret.cat\/es\/wp-json\/wp\/v2\/product_tag?post=1004733"}],"curies":[{"name":"wp","href":"https:\/\/api.w.org\/{rel}","templated":true}]}}

<p>Esta historia sucede hace cinco mil años en Uruk, a orillas del Éufra-tes, donde reina Gilgamesh. Buranuna, que nace fruto de siete noches de amor en la laguna de un bosque, es hija de Enkidu, el hombre salvaje, y de Shámhat, que lo ha civilizado a costa de su parte inocente y primigenia. Él muere como consecuencia de la gran escisión, de la pérdida de conexión con su naturaleza excesiva. «Enkidu, como los cedros, había muerto»: así empieza este libro. Luego Shámhat huye de la ciudad con Buranuna en brazos para devolverla al bosque primordial «donde las palabras no tienen ningún poder y las letras no significan nada.» Buranuna, criatura entrañable y legendaria, es la guardiana de lo que perdimos, del olvido que somos, de lo que se quedó en la niebla, de lo que la palabra borró y arrebató. Con una prosa poética y envolvente, repleta de escenas oníricas y momentos luminosos, Mariona Fernández indaga en los albores de la civilización humana y nos invita a enlazar lo instintivo con lo espi-ritual como condición existencial ineludible.</p>

Rústica

CANCIÓN DE ARCILLA

Editorial Karwán
