{"id":1005290,"date":"2025-02-14T13:31:57","date_gmt":"2025-02-14T12:31:57","guid":{"rendered":"https:\/\/www.claret.cat\/llibre\/lectio-divina-para-tiempos-fuertes-cuaresma-semana-santa-2025-9788479668105\/"},"modified":"2025-04-01T14:50:35","modified_gmt":"2025-04-01T12:50:35","slug":"lectio-divina-para-tiempos-fuertes-cuaresma-semana-santa-2025-9788479668105","status":"publish","type":"product","link":"https:\/\/www.claret.cat\/es\/libro\/lectio-divina-para-tiempos-fuertes-cuaresma-semana-santa-2025-9788479668105\/","title":{"rendered":"LECTIO DIVINA PARA TIEMPOS FUERTES : CUARESMA  SEMANA SANTA 2025"},"content":{"rendered":"<p>\u00abEs la<strong> Palabra de Dios<\/strong> la que suscita la fe, la alimenta, la regenera. Es <strong>la Palabra de Dios la que toca los corazones, los convierte a Dios y a su l\u00f3gica<\/strong>, que tan distinta es de la nuestra; es la Palabra de Dios<strong> la que renueva continuamente nuestras comunidades<\/strong>&#8230; Creo que todos podemos mejorar un poco bajo este aspecto: volvernos todos m\u00e1s oyentes de la Palabra de Dios, para ser menos ricos de nuestras palabras y m\u00e1s ricos de las suyas\u00bb. <strong>Papa Francisco<\/strong><\/p>\n<p><strong>Cuaresma y Semana Santa<\/strong>. Dos tiempos muy propicios para meditar y dejar que la Palabra de Dios inspire nuestras vidas. La <strong>\u00ablectura orante\u00bb del Evangelio<\/strong> de cada d\u00eda para estos tiempos lit\u00fargicos tan importantes nos llega de la mano de <strong>Pablo Largo Dom\u00ednguez<\/strong>.<\/p>\n","protected":false},"excerpt":{"rendered":"<p>LARGO DOM\u00cdNGUEZ, PABLO <\/p>\n","protected":false},"featured_media":1008114,"template":"","meta":{"_acf_changed":false,"om_disable_all_campaigns":false,"rs_blank_template":"","rs_page_bg_color":"","slide_template_v7":"","inline_featured_image":false,"_monsterinsights_skip_tracking":false,"_monsterinsights_sitenote_active":false,"_monsterinsights_sitenote_note":"","_monsterinsights_sitenote_category":0},"product_brand":[],"product_cat":[92,542],"product_tag":[],"class_list":{"0":"post-1005290","1":"product","2":"type-product","3":"status-publish","4":"has-post-thumbnail","6":"product_cat-vida-religiosa","7":"product_cat-vida-religiosa-1_espiritualidad-spa","9":"first","10":"instock","11":"taxable","12":"shipping-taxable","13":"purchasable","14":"product-type-simple"},"acf":{"autor":"LARGO DOM\u00cdNGUEZ, PABLO ","codart":"847966810","libros-coleccion":"VERBUM DOMINI","ediciones":"1","encuadernacion":"R\u00fastica","fecha_de_publicacion":"14\/02\/2025","novedad":"1","paginas":"120","subtitulo":"NO SOLO DE PAN","orden":"0","portada":"0","idioma":"spa","editorial":[{"ID":6337,"post_author":"3","post_date":"2022-07-28 17:50:01","post_date_gmt":"2022-07-28 15:50:01","post_content":"","post_title":"Publicaciones Claretianas","post_excerpt":"","post_status":"publish","comment_status":"closed","ping_status":"closed","post_password":"","post_name":"publicaciones-claretianas","to_ping":"","pinged":"","post_modified":"2022-07-28 17:50:01","post_modified_gmt":"2022-07-28 15:50:01","post_content_filtered":"","post_parent":0,"guid":"http:\/\/dev.claret.cat\/editorial\/publicaciones-claretianas\/","menu_order":0,"post_type":"editorial","post_mime_type":"","comment_count":"0","filter":"raw"}]},"aioseo_notices":[],"_links":{"self":[{"href":"https:\/\/www.claret.cat\/es\/wp-json\/wp\/v2\/product\/1005290","targetHints":{"allow":["GET"]}}],"collection":[{"href":"https:\/\/www.claret.cat\/es\/wp-json\/wp\/v2\/product"}],"about":[{"href":"https:\/\/www.claret.cat\/es\/wp-json\/wp\/v2\/types\/product"}],"wp:featuredmedia":[{"embeddable":true,"href":"https:\/\/www.claret.cat\/es\/wp-json\/wp\/v2\/media\/1008114"}],"wp:attachment":[{"href":"https:\/\/www.claret.cat\/es\/wp-json\/wp\/v2\/media?parent=1005290"}],"wp:term":[{"taxonomy":"product_brand","embeddable":true,"href":"https:\/\/www.claret.cat\/es\/wp-json\/wp\/v2\/product_brand?post=1005290"},{"taxonomy":"product_cat","embeddable":true,"href":"https:\/\/www.claret.cat\/es\/wp-json\/wp\/v2\/product_cat?post=1005290"},{"taxonomy":"product_tag","embeddable":true,"href":"https:\/\/www.claret.cat\/es\/wp-json\/wp\/v2\/product_tag?post=1005290"}],"curies":[{"name":"wp","href":"https:\/\/api.w.org\/{rel}","templated":true}]}}

<p>«Es la<strong> Palabra de Dios</strong> la que suscita la fe, la alimenta, la regenera. Es <strong>la Palabra de Dios la que toca los corazones, los convierte a Dios y a su lógica</strong>, que tan distinta es de la nuestra; es la Palabra de Dios<strong> la que renueva continuamente nuestras comunidades</strong>&#8230; Creo que todos podemos mejorar un poco bajo este aspecto: volvernos todos más oyentes de la Palabra de Dios, para ser menos ricos de nuestras palabras y más ricos de las suyas». <strong>Papa Francisco</strong></p>
<p><strong>Cuaresma y Semana Santa</strong>. Dos tiempos muy propicios para meditar y dejar que la Palabra de Dios inspire nuestras vidas. La <strong>«lectura orante» del Evangelio</strong> de cada día para estos tiempos litúrgicos tan importantes nos llega de la mano de <strong>Pablo Largo Domínguez</strong>.</p>

<p>LARGO DOMÍNGUEZ, PABLO </p>

LARGO DOMÍNGUEZ, PABLO

Rústica
