{"id":1006068,"date":"2025-02-18T11:26:57","date_gmt":"2025-02-18T10:26:57","guid":{"rendered":"https:\/\/www.claret.cat\/llibre\/tres-novelles-analogiques-9788477277026\/"},"modified":"2025-04-24T12:49:01","modified_gmt":"2025-04-24T10:49:01","slug":"tres-novelles-analogiques-9788477277026","status":"publish","type":"product","link":"https:\/\/www.claret.cat\/es\/libro\/tres-novelles-analogiques-9788477277026\/","title":{"rendered":"TRES NOVEL\u00b7LES ANAL\u00d2GIQUES"},"content":{"rendered":"<p>Les tres novel\u00b7les aplegades en aquest volum tenen me&#x301;s coses en comu&#x301; que el fet d&#x2019;haver estat escrites amb ma&#x300;quina d&#x2019;escriure en una e&#x300;poca sense mo&#x300;bil ni internet. Tambe&#x301; so&#x301;n fruit del furor d&#x2019;un escriptor a les portes de la plenitud. Aixi&#x301; so&#x301;n les novel\u00b7les: possessives, geloses, egoce&#x300;ntriques, i tanmateix, com Pa&#x300;mies afirma al pro&#x300;leg, \u00abuna part important en el domini, eternament inacabat, de l&#x2019;ofici\u00bb. Vet aqui&#x301; que La primera pedra (1 9 9 0), L&#x2019;instint (1 9 9 2) i Sentimental (1 9 9 5)&#x2014;que exploren, respectivament, les condicions i les consequ&#x308;e&#x300;ncies de la suple&#x300;ncia, de la foscor ele&#x300;ctrica i vital i de la maduresa&#x2014;es passen el testimoni amb naturalitat, com unes germanes ben avingudes, singulars i alhora dotades d&#x2019;una mateixa mirada lu&#x301;cida i tendra, capac&#x327; de fer d&#x2019;una histo&#x300;ria aparentment senzilla el punt de partida d&#x2019;un relat tan brillant com distintiu de l&#x2019;autor.<\/p>\n","protected":false},"excerpt":{"rendered":"<p>P\u00c0MIES, SERGI<\/p>\n","protected":false},"featured_media":1006069,"template":"","meta":{"_acf_changed":false,"om_disable_all_campaigns":false,"rs_blank_template":"","rs_page_bg_color":"","slide_template_v7":"","inline_featured_image":false,"_monsterinsights_skip_tracking":false,"_monsterinsights_sitenote_active":false,"_monsterinsights_sitenote_note":"","_monsterinsights_sitenote_category":0},"product_brand":[],"product_cat":[127,357],"product_tag":[],"class_list":{"0":"post-1006068","1":"product","2":"type-product","3":"status-publish","4":"has-post-thumbnail","6":"product_cat-novella-contemporania","7":"product_cat-novela-contemporanea","9":"first","10":"instock","11":"taxable","12":"shipping-taxable","13":"purchasable","14":"product-type-simple"},"acf":{"autor":"P\u00c0MIES, SERGI","codart":"847727702","libros-coleccion":"FORA DE COL.LECCI\u00d3","ediciones":"1","encuadernacion":"R\u00fastica","fecha_de_publicacion":"01\/02\/2025","novedad":"1","paginas":"400","subtitulo":"LA PRIMERA PEDRA. L'INSTINT. SENTIMENTAL","orden":"0","portada":"0","idioma":"cat","editorial":[{"ID":6342,"post_author":"3","post_date":"2022-07-28 17:50:08","post_date_gmt":"2022-07-28 15:50:08","post_content":"","post_title":"QUADERNS CREMA","post_excerpt":"","post_status":"publish","comment_status":"closed","ping_status":"closed","post_password":"","post_name":"quaderns-crema","to_ping":"","pinged":"","post_modified":"2022-07-28 17:50:08","post_modified_gmt":"2022-07-28 15:50:08","post_content_filtered":"","post_parent":0,"guid":"http:\/\/dev.claret.cat\/editorial\/quaderns-crema\/","menu_order":0,"post_type":"editorial","post_mime_type":"","comment_count":"0","filter":"raw"}],"booktrailer":"","resenas":""},"aioseo_notices":[],"_links":{"self":[{"href":"https:\/\/www.claret.cat\/es\/wp-json\/wp\/v2\/product\/1006068","targetHints":{"allow":["GET"]}}],"collection":[{"href":"https:\/\/www.claret.cat\/es\/wp-json\/wp\/v2\/product"}],"about":[{"href":"https:\/\/www.claret.cat\/es\/wp-json\/wp\/v2\/types\/product"}],"wp:featuredmedia":[{"embeddable":true,"href":"https:\/\/www.claret.cat\/es\/wp-json\/wp\/v2\/media\/1006069"}],"wp:attachment":[{"href":"https:\/\/www.claret.cat\/es\/wp-json\/wp\/v2\/media?parent=1006068"}],"wp:term":[{"taxonomy":"product_brand","embeddable":true,"href":"https:\/\/www.claret.cat\/es\/wp-json\/wp\/v2\/product_brand?post=1006068"},{"taxonomy":"product_cat","embeddable":true,"href":"https:\/\/www.claret.cat\/es\/wp-json\/wp\/v2\/product_cat?post=1006068"},{"taxonomy":"product_tag","embeddable":true,"href":"https:\/\/www.claret.cat\/es\/wp-json\/wp\/v2\/product_tag?post=1006068"}],"curies":[{"name":"wp","href":"https:\/\/api.w.org\/{rel}","templated":true}]}}

TRES NOVEL·LES ANALÒGIQUES

<p>PÀMIES, SERGI</p>

PÀMIES, SERGI

FORA DE COL.LECCIÓ

Rústica
