{"id":1006740,"date":"2025-02-19T14:30:47","date_gmt":"2025-02-19T13:30:47","guid":{"rendered":"https:\/\/www.claret.cat\/llibre\/com-ser-una-esglesia-sinodal-missionera-9788491365884\/"},"modified":"2025-10-20T15:52:06","modified_gmt":"2025-10-20T13:52:06","slug":"com-ser-una-esglesia-sinodal-missionera-9788491365884","status":"publish","type":"product","link":"https:\/\/www.claret.cat\/es\/libro\/com-ser-una-esglesia-sinodal-missionera-9788491365884\/","title":{"rendered":"COM SER UNA ESGL\u00c9SIA SINODAL MISSIONERA"},"content":{"rendered":"<h3><strong>L\u2019Esgl\u00e9sia sinodal: un cam\u00ed de comuni\u00f3 i missi\u00f3.<\/strong><\/h3>\n<p>L\u2019any 2021, el <strong>papa Francesc<\/strong> va convocar tota l\u2019Esgl\u00e9sia a un <strong>S\u00ednode per reflexionar sobre la sinodalitat<\/strong>, un aspecte clau per a la seva vida i missi\u00f3. Com podem <strong>caminar junts<\/strong> per ser una <strong>Esgl\u00e9sia m\u00e9s participativa, missionera i oberta al m\u00f3n<\/strong>?<\/p>\n<p>En aquest llibre, <strong>Francesc Conesa<\/strong>, bisbe de Solsona i pare sinodal, comparteix la seva experi\u00e8ncia directa en el S\u00ednode i analitza les seves principals conclusions. Basant-se en el <em>Document final<\/em><strong> aprovat per l\u2019Assemblea i assumit pel sant pare<\/strong>, ofereix una mirada clara i profunda sobre els desafiaments i oportunitats d\u2019una Esgl\u00e9sia que vol anunciar l\u2019Evangeli sense por.<\/p>\n<p>Un llibre essencial per comprendre el <strong>present i el futur de l\u2019Esgl\u00e9sia en clau sinodal<\/strong>.<\/p>\n<p><em>*Aquest llibre ha estat impr\u00e8s amb&nbsp;<\/em><a href='https:\/\/www.claret.cat\/ecoedicio\/' rel='noopener noreferrer' target='_blank'><em>paper certificat&nbsp;<\/em><\/a><em>pel Forest Stewardship Council (FSC), que compleix amb els principis de gesti\u00f3 econ\u00f2mica, social i ambiental sostenibles.<\/em><\/p>\n<p><a href='https:\/\/www.claret.cat\/llibre\/como-ser-una-iglesia-sinodal-misionera-9788491365891\/' rel='noopener noreferrer' target='_blank'>Disponible en castell\u00e0.<\/a><\/p>\n<p><\/p>\n","protected":false},"excerpt":{"rendered":"<p>CONESA FERRER, FRANCESC<\/p>\n","protected":false},"featured_media":1060373,"template":"","meta":{"_acf_changed":false,"om_disable_all_campaigns":false,"rs_blank_template":"","rs_page_bg_color":"","slide_template_v7":"","inline_featured_image":false,"_monsterinsights_skip_tracking":false,"_monsterinsights_sitenote_active":false,"_monsterinsights_sitenote_note":"","_monsterinsights_sitenote_category":0},"product_brand":[],"product_cat":[307,511,283,581],"product_tag":[631,633,630,614,634,632],"class_list":{"0":"post-1006740","1":"product","2":"type-product","3":"status-publish","4":"has-post-thumbnail","6":"product_cat-catala","7":"product_cat-eclesiologia-teologia-1_espiritualidad","8":"product_cat-eclesiologia-teologia","9":"product_cat-editorial-claret","10":"product_tag-esglesia","11":"product_tag-llibre-religio","12":"product_tag-papa-francesc","13":"product_tag-papa-francisco","14":"product_tag-sinode","15":"product_tag-vatica","17":"first","18":"instock","19":"taxable","20":"shipping-taxable","21":"purchasable","22":"product-type-simple"},"acf":{"autor":"CONESA FERRER, FRANCESC","codart":"849136588","libros-coleccion":"","ediciones":"1","encuadernacion":"R\u00fastica","fecha_de_publicacion":"04\/03\/2025","novedad":"1","paginas":"142","subtitulo":"","orden":"8","portada":"1","idioma":"cat","editorial":[{"ID":6158,"post_author":"3","post_date":"2022-07-28 17:46:08","post_date_gmt":"2022-07-28 15:46:08","post_content":"","post_title":"CLARET","post_excerpt":"","post_status":"publish","comment_status":"closed","ping_status":"closed","post_password":"","post_name":"claret","to_ping":"","pinged":"","post_modified":"2022-07-28 17:46:08","post_modified_gmt":"2022-07-28 15:46:08","post_content_filtered":"","post_parent":0,"guid":"http:\/\/dev.claret.cat\/editorial\/claret\/","menu_order":0,"post_type":"editorial","post_mime_type":"","comment_count":"0","filter":"raw"}],"autores-libros":[{"ID":953805,"post_author":"3","post_date":"2024-02-23 09:40:16","post_date_gmt":"2024-02-23 08:40:16","post_content":"Francesc Conesa Ferrer \u00e9s actualment <strong>bisbe de Solsona<\/strong>. Despr\u00e9s d\u2019exercir com a vicari general a la Di\u00f2cesi d\u2019Oriola-Alacant i de rector a la Bas\u00edlica de Santa Maria d\u2019Elx, va ser nomenat bisbe de Menorca (2016). Ha estat professor de filosofia i teologia al Seminari d\u2019Oriola-Alacant (1992-2016) i a la Facultat de Teologia de la Universitat de Navarra (des de 1994).\r\n\r\n\u00c9s autor de diversos llibres i articles relacionats de manera especial amb la teologia de la fe (i la increen\u00e7a), la teologia de les religions i la filosofia anal\u00edtica.\u00a0 El 2023 va participar al S\u00ednode de Bisbes i va escriure <em><strong><a href=\"https:\/\/www.editorialclaret.cat\/producte\/vers-una-esglesia-mes-sinodal-9788491365334\/?c\">Vers una Esgl\u00e9sia m\u00e9s sinodal<\/a>.<\/strong><\/em>","post_title":"FRANCESC CONESA FERRER","post_excerpt":"","post_status":"publish","comment_status":"closed","ping_status":"closed","post_password":"","post_name":"francesc-conesa-ferrer","to_ping":"","pinged":"","post_modified":"2025-02-26 14:41:01","post_modified_gmt":"2025-02-26 13:41:01","post_content_filtered":"","post_parent":0,"guid":"https:\/\/www.claret.cat\/autor\/francesc-conesa-ferrer\/","menu_order":0,"post_type":"autor","post_mime_type":"","comment_count":"0","filter":"raw"}],"booktrailer":"","linkebook":"","ficha":"849136588_1740050169.pdf","muestra":"","precioebook":"0","presentacion":"","resenas":"<p>Catalunya Religi\u00f3, 25\/02\/2025<\/p>\n<p><a href=\"https:\/\/www.catalunyareligio.cat\/ca\/editorial-claret-publicara-conclusions-bisbe\" rel=\"noopener noreferrer\" target=\"_blank\">https:\/\/www.catalunyareligio.cat\/ca\/editorial-claret-publicara-conclusions-bisbe<\/a><\/p>\n<p><\/p>\n<p>Ag\u00e8ncia Flama, 26\/02\/2025<\/p>\n<p><a href=\"https:\/\/www.agenciaflama.cat\/com-ser-una-esglesia-sinodal-missionera-el-nou-llibre-de-francesc-conesa-per-entendre-el-futur-de-lesglesia\/\" rel=\"noopener noreferrer\" target=\"_blank\">https:\/\/www.agenciaflama.cat\/com-ser-una-esglesia-sinodal-missionera-el-nou-llibre-de-francesc-conesa-per-entendre-el-futur-de-lesglesia\/<\/a><\/p>\n<p><\/p>\n<p>Religi\u00f3n El Confidencial Digital, 28\/02\/2025<\/p>\n<p><a href=\"https:\/\/religion.elconfidencialdigital.com\/articulo\/diocesis\/obispo-solsona-publica-segundo-libro-sinodo-retos-anunciar-evangelio-miedo\/20250228044136051821.html\" rel=\"noopener noreferrer\" target=\"_blank\">https:\/\/religion.elconfidencialdigital.com\/articulo\/diocesis\/obispo-solsona-publica-segundo-libro-sinodo-retos-anunciar-evangelio-miedo\/20250228044136051821.html<\/a><\/p>\n<p><\/p>\n<p>Naci\u00f3 Digital, 26\/02\/2025<\/p>\n<p><a href=\"https:\/\/naciodigital.cat\/solsona\/societat\/com-ser-esglesia-sinodal-missionera-nou-llibre-francesc-conesa-entendre-futur-esglesia_2088325_102.html\" rel=\"noopener noreferrer\" target=\"_blank\">https:\/\/naciodigital.cat\/solsona\/societat\/com-ser-esglesia-sinodal-missionera-nou-llibre-francesc-conesa-entendre-futur-esglesia_2088325_102.html<\/a><\/p>\n<p><\/p>\n<p>Catalunya Religi\u00f3, 27\/03\/2025<\/p>\n<p><a href=\"https:\/\/www.catalunyareligio.cat\/ca\/solsona-acollira-presentacio-com-ser-esglesia\" rel=\"noopener noreferrer\" target=\"_blank\">https:\/\/www.catalunyareligio.cat\/ca\/solsona-acollira-presentacio-com-ser-esglesia<\/a><\/p>\n<p><\/p>\n<p>Regi\u00f3 7, 02\/04\/2025<\/p>\n<p><a href=\"https:\/\/www.regio7.cat\/solsones\/2025\/04\/02\/bisbe-solsona-presenta-seu-nou-115958113.html\" rel=\"noopener noreferrer\" target=\"_blank\">https:\/\/www.regio7.cat\/solsones\/2025\/04\/02\/bisbe-solsona-presenta-seu-nou-115958113.html<\/a><\/p>\n<p><\/p>\n<p>Catalunya Cristiana, 15\/04\/2025<\/p>\n<p><a href=\"https:\/\/www.catalunyacristiana.cat\/el-bisbe-francesc-conesa-presenta-el-seu-llibre-com-ser-una-esglesia-sinodal-missionera\" rel=\"noopener noreferrer\" target=\"_blank\">https:\/\/www.catalunyacristiana.cat\/el-bisbe-francesc-conesa-presenta-el-seu-llibre-com-ser-una-esglesia-sinodal-missionera<\/a><\/p>\n<p><\/p>\n<p>Regi\u00f3 7, 14\/04\/2025<\/p>\n<p><a href=\"https:\/\/www.regio7.cat\/solsones\/2025\/04\/14\/bisbe-solsona-explica-seu-llibre-116385091.html\" rel=\"noopener noreferrer\" target=\"_blank\">https:\/\/www.regio7.cat\/solsones\/2025\/04\/14\/bisbe-solsona-explica-seu-llibre-116385091.html<\/a><\/p>\n<p><\/p>\n<p>Solsona FM, 15\/04\/2025<\/p>\n<p><a href=\"https:\/\/solsonafm.media\/una-vuitantena-de-persones-assisteixen-a-la-presentacio-del-segon-llibre-sobre-el-sinode-del-bisbe-conesa-a-solsona\/\" rel=\"noopener noreferrer\" target=\"_blank\">https:\/\/solsonafm.media\/una-vuitantena-de-persones-assisteixen-a-la-presentacio-del-segon-llibre-sobre-el-sinode-del-bisbe-conesa-a-solsona\/<\/a><\/p>\n<p><\/p>\n<p>Catalunya Religi\u00f3, 16\/04\/2025<\/p>\n<p><a href=\"https:\/\/www.catalunyareligio.cat\/ca\/cami-sinodalitat-es-cami-espera-esglesia-tercer\" rel=\"noopener noreferrer\" target=\"_blank\">https:\/\/www.catalunyareligio.cat\/ca\/cami-sinodalitat-es-cami-espera-esglesia-tercer<\/a><\/p>\n<p><\/p>\n<p>Catalunya Cristiana, 15\/04\/2025<\/p>\n<p><a href=\"https:\/\/www.catalunyacristiana.cat\/el-bisbe-francesc-conesa-presenta-el-seu-llibre-com-ser-una-esglesia-sinodal-missionera\/\" rel=\"noopener noreferrer\" target=\"_blank\">https:\/\/www.catalunyacristiana.cat\/el-bisbe-francesc-conesa-presenta-el-seu-llibre-com-ser-una-esglesia-sinodal-missionera\/<\/a><\/p>\n","traductores-libros":"","ilustradores-libros":"","formato":"","ebookportada":false,"recomendamos":"","mas_vendido":""},"aioseo_notices":[],"_links":{"self":[{"href":"https:\/\/www.claret.cat\/es\/wp-json\/wp\/v2\/product\/1006740","targetHints":{"allow":["GET"]}}],"collection":[{"href":"https:\/\/www.claret.cat\/es\/wp-json\/wp\/v2\/product"}],"about":[{"href":"https:\/\/www.claret.cat\/es\/wp-json\/wp\/v2\/types\/product"}],"wp:featuredmedia":[{"embeddable":true,"href":"https:\/\/www.claret.cat\/es\/wp-json\/wp\/v2\/media\/1060373"}],"wp:attachment":[{"href":"https:\/\/www.claret.cat\/es\/wp-json\/wp\/v2\/media?parent=1006740"}],"wp:term":[{"taxonomy":"product_brand","embeddable":true,"href":"https:\/\/www.claret.cat\/es\/wp-json\/wp\/v2\/product_brand?post=1006740"},{"taxonomy":"product_cat","embeddable":true,"href":"https:\/\/www.claret.cat\/es\/wp-json\/wp\/v2\/product_cat?post=1006740"},{"taxonomy":"product_tag","embeddable":true,"href":"https:\/\/www.claret.cat\/es\/wp-json\/wp\/v2\/product_tag?post=1006740"}],"curies":[{"name":"wp","href":"https:\/\/api.w.org\/{rel}","templated":true}]}}

COM SER UNA ESGLÉSIA SINODAL MISSIONERA

<h3><strong>L’Església sinodal: un camí de comunió i missió.</strong></h3>
<p>L’any 2021, el <strong>papa Francesc</strong> va convocar tota l’Església a un <strong>Sínode per reflexionar sobre la sinodalitat</strong>, un aspecte clau per a la seva vida i missió. Com podem <strong>caminar junts</strong> per ser una <strong>Església més participativa, missionera i oberta al món</strong>?</p>
<p>En aquest llibre, <strong>Francesc Conesa</strong>, bisbe de Solsona i pare sinodal, comparteix la seva experiència directa en el Sínode i analitza les seves principals conclusions. Basant-se en el <em>Document final</em><strong> aprovat per l’Assemblea i assumit pel sant pare</strong>, ofereix una mirada clara i profunda sobre els desafiaments i oportunitats d’una Església que vol anunciar l’Evangeli sense por.</p>
<p>Un llibre essencial per comprendre el <strong>present i el futur de l’Església en clau sinodal</strong>.</p>
<p><em>*Aquest llibre ha estat imprès amb&nbsp;</em><a href='https://www.claret.cat/ecoedicio/' rel='noopener noreferrer' target='_blank'><em>paper certificat&nbsp;</em></a><em>pel Forest Stewardship Council (FSC), que compleix amb els principis de gestió econòmica, social i ambiental sostenibles.</em></p>
<p><a href='https://www.claret.cat/llibre/como-ser-una-iglesia-sinodal-misionera-9788491365891/' rel='noopener noreferrer' target='_blank'>Disponible en castellà.</a></p>
<p></p>

Rústica

Francesc Conesa Ferrer és actualment <strong>bisbe de Solsona</strong>. Després d’exercir com a vicari general a la Diòcesi d’Oriola-Alacant i de rector a la Basílica de Santa Maria d’Elx, va ser nomenat bisbe de Menorca (2016). Ha estat professor de filosofia i teologia al Seminari d’Oriola-Alacant (1992-2016) i a la Facultat de Teologia de la Universitat de Navarra (des de 1994).

És autor de diversos llibres i articles relacionats de manera especial amb la teologia de la fe (i la increença), la teologia de les religions i la filosofia analítica.  El 2023 va participar al Sínode de Bisbes i va escriure <em><strong><a href="https://www.editorialclaret.cat/producte/vers-una-esglesia-mes-sinodal-9788491365334/?c">Vers una Església més sinodal</a>.</strong></em>

<p>Catalunya Religió, 25/02/2025</p>
<p><a href="https://www.catalunyareligio.cat/ca/editorial-claret-publicara-conclusions-bisbe" rel="noopener noreferrer" target="_blank">https://www.catalunyareligio.cat/ca/editorial-claret-publicara-conclusions-bisbe</a></p>
<p></p>
<p>Agència Flama, 26/02/2025</p>
<p><a href="https://www.agenciaflama.cat/com-ser-una-esglesia-sinodal-missionera-el-nou-llibre-de-francesc-conesa-per-entendre-el-futur-de-lesglesia/" rel="noopener noreferrer" target="_blank">https://www.agenciaflama.cat/com-ser-una-esglesia-sinodal-missionera-el-nou-llibre-de-francesc-conesa-per-entendre-el-futur-de-lesglesia/</a></p>
<p></p>
<p>Religión El Confidencial Digital, 28/02/2025</p>
<p><a href="https://religion.elconfidencialdigital.com/articulo/diocesis/obispo-solsona-publica-segundo-libro-sinodo-retos-anunciar-evangelio-miedo/20250228044136051821.html" rel="noopener noreferrer" target="_blank">https://religion.elconfidencialdigital.com/articulo/diocesis/obispo-solsona-publica-segundo-libro-sinodo-retos-anunciar-evangelio-miedo/20250228044136051821.html</a></p>
<p></p>
<p>Nació Digital, 26/02/2025</p>
<p><a href="https://naciodigital.cat/solsona/societat/com-ser-esglesia-sinodal-missionera-nou-llibre-francesc-conesa-entendre-futur-esglesia_2088325_102.html" rel="noopener noreferrer" target="_blank">https://naciodigital.cat/solsona/societat/com-ser-esglesia-sinodal-missionera-nou-llibre-francesc-conesa-entendre-futur-esglesia_2088325_102.html</a></p>
<p></p>
<p>Catalunya Religió, 27/03/2025</p>
<p><a href="https://www.catalunyareligio.cat/ca/solsona-acollira-presentacio-com-ser-esglesia" rel="noopener noreferrer" target="_blank">https://www.catalunyareligio.cat/ca/solsona-acollira-presentacio-com-ser-esglesia</a></p>
<p></p>
<p>Regió 7, 02/04/2025</p>
<p><a href="https://www.regio7.cat/solsones/2025/04/02/bisbe-solsona-presenta-seu-nou-115958113.html" rel="noopener noreferrer" target="_blank">https://www.regio7.cat/solsones/2025/04/02/bisbe-solsona-presenta-seu-nou-115958113.html</a></p>
<p></p>
<p>Catalunya Cristiana, 15/04/2025</p>
<p><a href="https://www.catalunyacristiana.cat/el-bisbe-francesc-conesa-presenta-el-seu-llibre-com-ser-una-esglesia-sinodal-missionera" rel="noopener noreferrer" target="_blank">https://www.catalunyacristiana.cat/el-bisbe-francesc-conesa-presenta-el-seu-llibre-com-ser-una-esglesia-sinodal-missionera</a></p>
<p></p>
<p>Regió 7, 14/04/2025</p>
<p><a href="https://www.regio7.cat/solsones/2025/04/14/bisbe-solsona-explica-seu-llibre-116385091.html" rel="noopener noreferrer" target="_blank">https://www.regio7.cat/solsones/2025/04/14/bisbe-solsona-explica-seu-llibre-116385091.html</a></p>
<p></p>
<p>Solsona FM, 15/04/2025</p>
<p><a href="https://solsonafm.media/una-vuitantena-de-persones-assisteixen-a-la-presentacio-del-segon-llibre-sobre-el-sinode-del-bisbe-conesa-a-solsona/" rel="noopener noreferrer" target="_blank">https://solsonafm.media/una-vuitantena-de-persones-assisteixen-a-la-presentacio-del-segon-llibre-sobre-el-sinode-del-bisbe-conesa-a-solsona/</a></p>
<p></p>
<p>Catalunya Religió, 16/04/2025</p>
<p><a href="https://www.catalunyareligio.cat/ca/cami-sinodalitat-es-cami-espera-esglesia-tercer" rel="noopener noreferrer" target="_blank">https://www.catalunyareligio.cat/ca/cami-sinodalitat-es-cami-espera-esglesia-tercer</a></p>
<p></p>
<p>Catalunya Cristiana, 15/04/2025</p>
<p><a href="https://www.catalunyacristiana.cat/el-bisbe-francesc-conesa-presenta-el-seu-llibre-com-ser-una-esglesia-sinodal-missionera/" rel="noopener noreferrer" target="_blank">https://www.catalunyacristiana.cat/el-bisbe-francesc-conesa-presenta-el-seu-llibre-com-ser-una-esglesia-sinodal-missionera/</a></p>
