{"id":1006744,"date":"2025-02-19T14:35:21","date_gmt":"2025-02-19T13:35:21","guid":{"rendered":"https:\/\/www.claret.cat\/llibre\/como-ser-una-iglesia-sinodal-misionera-9788491365891\/"},"modified":"2025-06-19T16:00:38","modified_gmt":"2025-06-19T14:00:38","slug":"como-ser-una-iglesia-sinodal-misionera-9788491365891","status":"publish","type":"product","link":"https:\/\/www.claret.cat\/es\/libro\/como-ser-una-iglesia-sinodal-misionera-9788491365891\/","title":{"rendered":"C\u00d3MO SER UNA IGLESIA SINODAL MISIONERA"},"content":{"rendered":"<p><strong>Una Iglesia en camino: el S\u00ednodo sobre la sinodalidad.<\/strong><\/p>\n<p>En 2021, el <strong>papa Francisco<\/strong> convoc\u00f3 a toda la Iglesia a reflexionar sobre un aspecto clave para su vida y misi\u00f3n: <strong>c\u00f3mo ser una Iglesia m\u00e1s sinodal, unida en el \u201ccaminar juntos\u201d para anunciar el Evangelio con valent\u00eda<\/strong>.<\/p>\n<p>En este libro, <strong>Francisco Conesa<\/strong>, obispo de Solsona y padre sinodal, comparte su experiencia directa en el S\u00ednodo y comenta sus principales conclusiones. A trav\u00e9s del <em>Documento final <\/em><strong>aprobado por la Asamblea y asumido por el santo padre<\/strong>, ofrece una visi\u00f3n clara y accesible sobre los retos y oportunidades de una Iglesia en salida, misionera y participativa.<\/p>\n<p>Una obra imprescindible para comprender el presente y el futuro de la Iglesia en clave sinodal.<\/p>\n<p><em>*Este&nbsp;libro ha sido imprimido con&nbsp;<\/em><a href='https:\/\/www.claret.cat\/ecoedicio\/' rel='noopener noreferrer' target='_blank'><em>papel certificado&nbsp;<\/em><\/a><em>por el Forest Stewardship&nbsp;Council&nbsp;(FSC), que cumple con los principios de gesti\u00f3n econ\u00f3mica, social y ambiental sostenibles.<\/em><\/p>\n<p><\/p>\n<p><a href='https:\/\/www.claret.cat\/llibre\/com-ser-una-esglesia-sinodal-missionera-9788491365884\/' rel='noopener noreferrer' target='_blank'>Disponible en catal\u00e1n<\/a>.<\/p>\n","protected":false},"excerpt":{"rendered":"<p>CONESA FERRER, FRANCISCO<\/p>\n","protected":false},"featured_media":1011198,"template":"","meta":{"_acf_changed":false,"om_disable_all_campaigns":false,"rs_blank_template":"","rs_page_bg_color":"","slide_template_v7":"","inline_featured_image":false,"_monsterinsights_skip_tracking":false,"_monsterinsights_sitenote_active":false,"_monsterinsights_sitenote_note":"","_monsterinsights_sitenote_category":0},"product_brand":[],"product_cat":[511,283,581,308],"product_tag":[],"class_list":{"0":"post-1006744","1":"product","2":"type-product","3":"status-publish","4":"has-post-thumbnail","6":"product_cat-eclesiologia-teologia-1_espiritualidad","7":"product_cat-eclesiologia-teologia","8":"product_cat-editorial-claret","9":"product_cat-castella","11":"first","12":"instock","13":"taxable","14":"shipping-taxable","15":"purchasable","16":"product-type-simple"},"acf":{"autor":"CONESA FERRER, FRANCISCO","codart":"849136589","libros-coleccion":"","ediciones":"1","encuadernacion":"R\u00fastica","fecha_de_publicacion":"04\/03\/2025","novedad":"1","paginas":"144","subtitulo":"","orden":"8","portada":"1","idioma":"spa","editorial":[{"ID":6158,"post_author":"3","post_date":"2022-07-28 17:46:08","post_date_gmt":"2022-07-28 15:46:08","post_content":"","post_title":"CLARET","post_excerpt":"","post_status":"publish","comment_status":"closed","ping_status":"closed","post_password":"","post_name":"claret","to_ping":"","pinged":"","post_modified":"2022-07-28 17:46:08","post_modified_gmt":"2022-07-28 15:46:08","post_content_filtered":"","post_parent":0,"guid":"http:\/\/dev.claret.cat\/editorial\/claret\/","menu_order":0,"post_type":"editorial","post_mime_type":"","comment_count":"0","filter":"raw"}],"autores-libros":[{"ID":1006743,"post_author":"3","post_date":"2025-02-19 14:35:16","post_date_gmt":"2025-02-19 13:35:16","post_content":"Francisco Conesa Ferrer es en la actualidad obispo de la di\u00f3cesis de Solsona. Despu\u00e9s de ejercer como vicario general en su di\u00f3cesis de Orihuela-Alicante y de p\u00e1rroco en la Bas\u00edlica de Santa Mar\u00eda de Elche, fue nombrado obispo de Menorca (2016). Es autor de diversos libros y art\u00edculos relacionados de manera especial con la teolog\u00eda de la fe (y la increencia), la teolog\u00eda de las religiones y la filosof\u00eda anal\u00edtica. En 2023 public\u00f3 el libro <a href=\"https:\/\/www.claret.cat\/llibre\/hacia-una-iglesia-mas-sinodal-9788491365341\/?c=\"><em><strong>Hacia una Iglesia m\u00e1s sinodal<\/strong><\/em>.<\/a>","post_title":"FRANCISCO CONESA FERRER","post_excerpt":"","post_status":"publish","comment_status":"closed","ping_status":"closed","post_password":"","post_name":"francisco-conesa-ferrer","to_ping":"","pinged":"","post_modified":"2025-02-26 14:40:21","post_modified_gmt":"2025-02-26 13:40:21","post_content_filtered":"","post_parent":0,"guid":"https:\/\/www.claret.cat\/autor\/francisco-conesa-ferrer\/","menu_order":0,"post_type":"autor","post_mime_type":"","comment_count":"0","filter":"raw"}],"booktrailer":"","linkebook":"","ficha":"849136589_1740050117.pdf","muestra":"","precioebook":"0","presentacion":"","resenas":"<p>Religi\u00f3n  El Confidencial Digital, 28\/02\/2025<\/p>\n<p><a href=\"https:\/\/religion.elconfidencialdigital.com\/articulo\/diocesis\/obispo-solsona-publica-segundo-libro-sinodo-retos-anunciar-evangelio-miedo\/20250228044136051821.html\" rel=\"noopener noreferrer\" target=\"_blank\">https:\/\/religion.elconfidencialdigital.com\/articulo\/diocesis\/obispo-solsona-publica-segundo-libro-sinodo-retos-anunciar-evangelio-miedo\/20250228044136051821.html<\/a><\/p>\n"},"aioseo_notices":[],"_links":{"self":[{"href":"https:\/\/www.claret.cat\/es\/wp-json\/wp\/v2\/product\/1006744","targetHints":{"allow":["GET"]}}],"collection":[{"href":"https:\/\/www.claret.cat\/es\/wp-json\/wp\/v2\/product"}],"about":[{"href":"https:\/\/www.claret.cat\/es\/wp-json\/wp\/v2\/types\/product"}],"wp:featuredmedia":[{"embeddable":true,"href":"https:\/\/www.claret.cat\/es\/wp-json\/wp\/v2\/media\/1011198"}],"wp:attachment":[{"href":"https:\/\/www.claret.cat\/es\/wp-json\/wp\/v2\/media?parent=1006744"}],"wp:term":[{"taxonomy":"product_brand","embeddable":true,"href":"https:\/\/www.claret.cat\/es\/wp-json\/wp\/v2\/product_brand?post=1006744"},{"taxonomy":"product_cat","embeddable":true,"href":"https:\/\/www.claret.cat\/es\/wp-json\/wp\/v2\/product_cat?post=1006744"},{"taxonomy":"product_tag","embeddable":true,"href":"https:\/\/www.claret.cat\/es\/wp-json\/wp\/v2\/product_tag?post=1006744"}],"curies":[{"name":"wp","href":"https:\/\/api.w.org\/{rel}","templated":true}]}}

CÓMO SER UNA IGLESIA SINODAL MISIONERA

<p><strong>Una Iglesia en camino: el Sínodo sobre la sinodalidad.</strong></p>
<p>En 2021, el <strong>papa Francisco</strong> convocó a toda la Iglesia a reflexionar sobre un aspecto clave para su vida y misión: <strong>cómo ser una Iglesia más sinodal, unida en el “caminar juntos” para anunciar el Evangelio con valentía</strong>.</p>
<p>En este libro, <strong>Francisco Conesa</strong>, obispo de Solsona y padre sinodal, comparte su experiencia directa en el Sínodo y comenta sus principales conclusiones. A través del <em>Documento final </em><strong>aprobado por la Asamblea y asumido por el santo padre</strong>, ofrece una visión clara y accesible sobre los retos y oportunidades de una Iglesia en salida, misionera y participativa.</p>
<p>Una obra imprescindible para comprender el presente y el futuro de la Iglesia en clave sinodal.</p>
<p><em>*Este&nbsp;libro ha sido imprimido con&nbsp;</em><a href='https://www.claret.cat/ecoedicio/' rel='noopener noreferrer' target='_blank'><em>papel certificado&nbsp;</em></a><em>por el Forest Stewardship&nbsp;Council&nbsp;(FSC), que cumple con los principios de gestión económica, social y ambiental sostenibles.</em></p>
<p></p>
<p><a href='https://www.claret.cat/llibre/com-ser-una-esglesia-sinodal-missionera-9788491365884/' rel='noopener noreferrer' target='_blank'>Disponible en catalán</a>.</p>

Rústica

Francisco Conesa Ferrer es en la actualidad obispo de la diócesis de Solsona. Después de ejercer como vicario general en su diócesis de Orihuela-Alicante y de párroco en la Basílica de Santa María de Elche, fue nombrado obispo de Menorca (2016). Es autor de diversos libros y artículos relacionados de manera especial con la teología de la fe (y la increencia), la teología de las religiones y la filosofía analítica. En 2023 publicó el libro <a href="https://www.claret.cat/llibre/hacia-una-iglesia-mas-sinodal-9788491365341/?c="><em><strong>Hacia una Iglesia más sinodal</strong></em>.</a>

<p>Religión  El Confidencial Digital, 28/02/2025</p>
<p><a href="https://religion.elconfidencialdigital.com/articulo/diocesis/obispo-solsona-publica-segundo-libro-sinodo-retos-anunciar-evangelio-miedo/20250228044136051821.html" rel="noopener noreferrer" target="_blank">https://religion.elconfidencialdigital.com/articulo/diocesis/obispo-solsona-publica-segundo-libro-sinodo-retos-anunciar-evangelio-miedo/20250228044136051821.html</a></p>
