{"id":1007219,"date":"2025-02-21T16:15:44","date_gmt":"2025-02-21T15:15:44","guid":{"rendered":"https:\/\/www.claret.cat\/llibre\/caminando-en-esperanza-9788418201196\/"},"modified":"2026-01-23T17:38:42","modified_gmt":"2026-01-23T16:38:42","slug":"caminando-en-esperanza-9788418201196","status":"publish","type":"product","link":"https:\/\/www.claret.cat\/es\/libro\/caminando-en-esperanza-9788418201196\/","title":{"rendered":"CAMINANDO EN ESPERANZA"},"content":{"rendered":"<h3><strong>Recuperar la esperanza en tiempos de incertidumbre.<\/strong><\/h3>\n<p><strong>\u00bfNuestra sociedad ha perdido la esperanza?<\/strong> O quiz\u00e1s la hemos depositado en <strong>objetos, instituciones o \u00eddolos ef\u00edmeros<\/strong>.<\/p>\n<p>Con frecuencia caemos en dos trampas:<\/p>\n<p><strong>La desesperanza<\/strong>, que nos paraliza.<\/p>\n<p><strong>La presunci\u00f3n<\/strong>, que nos enga\u00f1a.<\/p>\n<p><strong>La bula &#8216;La esperanza no defrauda&#8217; del Papa Francisco<\/strong>, escrita para el <strong>Jubileo 2025<\/strong>, nos anima a leer los <strong>&#8216;signos de los tiempos&#8217;<\/strong> con ojos de fe y a convertirlos en <strong>signos de esperanza<\/strong>.<\/p>\n<p>En esta obra se rescata el valor de la <strong>&#8216;ni\u00f1a esperanza&#8217;<\/strong>, como la llamaba <strong>Charles P\u00e9guy<\/strong>, y su importancia en la vida cristiana. Porque <strong>la esperanza no es solo un sentimiento, sino una forma de vivir y actuar<\/strong>.<\/p>\n","protected":false},"excerpt":{"rendered":"<p>FLECHA ANDR\u00c9S, JOS\u00c9 ROM\u00c1N<\/p>\n","protected":false},"featured_media":1077104,"template":"","meta":{"_acf_changed":false,"om_disable_all_campaigns":false,"rs_blank_template":"","rs_page_bg_color":"","slide_template_v7":"","inline_featured_image":false,"_monsterinsights_skip_tracking":false,"_monsterinsights_sitenote_active":false,"_monsterinsights_sitenote_note":"","_monsterinsights_sitenote_category":0},"product_brand":[],"product_cat":[275,413,288,514],"product_tag":[],"class_list":{"0":"post-1007219","1":"product","2":"type-product","3":"status-publish","4":"has-post-thumbnail","6":"product_cat-fonamental","7":"product_cat-fundamental","8":"product_cat-moral-fonamental","9":"product_cat-moral-fundamental","11":"first","12":"instock","13":"taxable","14":"shipping-taxable","15":"purchasable","16":"product-type-simple"},"acf":{"autor":"FLECHA ANDR\u00c9S, JOS\u00c9 ROM\u00c1N","codart":"841820119","libros-coleccion":"SECRETARIADO - MUNDO Y DIOS","ediciones":"1","encuadernacion":"R\u00fastica","fecha_de_publicacion":"05\/02\/2025","novedad":"1","paginas":"218","subtitulo":"","orden":"0","portada":"1","idioma":"spa","editorial":[{"ID":6359,"post_author":"3","post_date":"2022-07-28 17:50:30","post_date_gmt":"2022-07-28 15:50:30","post_content":"","post_title":"Secretariado Trinitario","post_excerpt":"","post_status":"publish","comment_status":"closed","ping_status":"closed","post_password":"","post_name":"secretariado-trinitario","to_ping":"","pinged":"","post_modified":"2022-07-28 17:50:30","post_modified_gmt":"2022-07-28 15:50:30","post_content_filtered":"","post_parent":0,"guid":"http:\/\/dev.claret.cat\/editorial\/secretariado-trinitario\/","menu_order":0,"post_type":"editorial","post_mime_type":"","comment_count":"0","filter":"raw"}],"booktrailer":"","resenas":""},"aioseo_notices":[],"_links":{"self":[{"href":"https:\/\/www.claret.cat\/es\/wp-json\/wp\/v2\/product\/1007219","targetHints":{"allow":["GET"]}}],"collection":[{"href":"https:\/\/www.claret.cat\/es\/wp-json\/wp\/v2\/product"}],"about":[{"href":"https:\/\/www.claret.cat\/es\/wp-json\/wp\/v2\/types\/product"}],"wp:featuredmedia":[{"embeddable":true,"href":"https:\/\/www.claret.cat\/es\/wp-json\/wp\/v2\/media\/1077104"}],"wp:attachment":[{"href":"https:\/\/www.claret.cat\/es\/wp-json\/wp\/v2\/media?parent=1007219"}],"wp:term":[{"taxonomy":"product_brand","embeddable":true,"href":"https:\/\/www.claret.cat\/es\/wp-json\/wp\/v2\/product_brand?post=1007219"},{"taxonomy":"product_cat","embeddable":true,"href":"https:\/\/www.claret.cat\/es\/wp-json\/wp\/v2\/product_cat?post=1007219"},{"taxonomy":"product_tag","embeddable":true,"href":"https:\/\/www.claret.cat\/es\/wp-json\/wp\/v2\/product_tag?post=1007219"}],"curies":[{"name":"wp","href":"https:\/\/api.w.org\/{rel}","templated":true}]}}

<h3><strong>Recuperar la esperanza en tiempos de incertidumbre.</strong></h3>
<p><strong>¿Nuestra sociedad ha perdido la esperanza?</strong> O quizás la hemos depositado en <strong>objetos, instituciones o ídolos efímeros</strong>.</p>
<p>Con frecuencia caemos en dos trampas:</p>
<p><strong>La desesperanza</strong>, que nos paraliza.</p>
<p><strong>La presunción</strong>, que nos engaña.</p>
<p><strong>La bula &#8216;La esperanza no defrauda&#8217; del Papa Francisco</strong>, escrita para el <strong>Jubileo 2025</strong>, nos anima a leer los <strong>&#8216;signos de los tiempos&#8217;</strong> con ojos de fe y a convertirlos en <strong>signos de esperanza</strong>.</p>
<p>En esta obra se rescata el valor de la <strong>&#8216;niña esperanza&#8217;</strong>, como la llamaba <strong>Charles Péguy</strong>, y su importancia en la vida cristiana. Porque <strong>la esperanza no es solo un sentimiento, sino una forma de vivir y actuar</strong>.</p>

<p>FLECHA ANDRÉS, JOSÉ ROMÁN</p>

FLECHA ANDRÉS, JOSÉ ROMÁN

Rústica
