{"id":1008003,"date":"2025-02-26T17:35:30","date_gmt":"2025-02-26T16:35:30","guid":{"rendered":"https:\/\/www.claret.cat\/llibre\/la-passio-dels-estranys-9788410317192\/"},"modified":"2026-04-27T10:30:05","modified_gmt":"2026-04-27T08:30:05","slug":"la-passio-dels-estranys-9788410317192","status":"publish","type":"product","link":"https:\/\/www.claret.cat\/es\/libro\/la-passio-dels-estranys-9788410317192\/","title":{"rendered":"LA PASSI\u00d3 DELS ESTRANYS"},"content":{"rendered":"<h3><strong>&#8216;L\u2019amistat: entre l\u2019ideal i la realitat&#8217;<\/strong><\/h3>\n<p><strong>Els cl\u00e0ssics ja ho deien:<\/strong> ning\u00fa voldria viure sense amics. Aquesta idea ha alimentat una tradici\u00f3 filos\u00f2fica i liter\u00e0ria que avui es reflecteix en s\u00e8ries, pel\u00b7l\u00edcules i llibres d\u2019autoajuda. Per\u00f2, <strong>existeix realment una amistat pura i perfecta<\/strong>? O \u00e9s un ideal que ens deixa atrapats en una falsa expectativa?<\/p>\n<p>Aquest llibre q\u00fcestiona la visi\u00f3 cl\u00e0ssica de l\u2019amistat i explora <strong>les seves contradiccions i complexitats<\/strong>:<\/p>\n<p><strong>Per qu\u00e8 considerem l\u2019amistat tan essencial?<\/strong><\/p>\n<p><strong>Realment necessitem amics per viure una vida plena?<\/strong><\/p>\n<p><strong>Per qu\u00e8 no existeix cap instituci\u00f3 que reguli l\u2019amistat, a difer\u00e8ncia de la fam\u00edlia o la parella?<\/strong><\/p>\n<p>A trav\u00e9s d\u2019una reflexi\u00f3 profunda, aquesta obra ens convida a replantejar-nos <strong>qu\u00e8 significa tenir amics i quin paper juguen en les nostres vides<\/strong>.<\/p>\n","protected":false},"excerpt":{"rendered":"<p>GARC\u00c9S, MARINA<\/p>\n","protected":false},"featured_media":1008333,"template":"","meta":{"_acf_changed":false,"om_disable_all_campaigns":false,"rs_blank_template":"","rs_page_bg_color":"","slide_template_v7":"","inline_featured_image":false,"_monsterinsights_skip_tracking":false,"_monsterinsights_sitenote_active":false,"_monsterinsights_sitenote_note":"","_monsterinsights_sitenote_category":0},"product_brand":[],"product_cat":[373,166],"product_tag":[],"class_list":{"0":"post-1008003","1":"product","2":"type-product","3":"status-publish","4":"has-post-thumbnail","6":"product_cat-autores","7":"product_cat-autors-filosofia","9":"first","10":"instock","11":"taxable","12":"shipping-taxable","13":"purchasable","14":"product-type-simple"},"acf":{"autor":"GARC\u00c9S, MARINA","codart":"841031719","libros-coleccion":"Ensayo","ediciones":"1","encuadernacion":"R\u00fastica","fecha_de_publicacion":"01\/02\/2025","novedad":"1","paginas":"176","subtitulo":"UNA FILOSOFIA DE L'AMISTAT","orden":"0","portada":"1","idioma":"cat","editorial":[{"ID":6260,"post_author":"3","post_date":"2022-07-28 17:48:23","post_date_gmt":"2022-07-28 15:48:23","post_content":"","post_title":"Galaxia Gutenberg","post_excerpt":"","post_status":"publish","comment_status":"closed","ping_status":"closed","post_password":"","post_name":"galaxia-gutenberg","to_ping":"","pinged":"","post_modified":"2022-07-28 17:48:23","post_modified_gmt":"2022-07-28 15:48:23","post_content_filtered":"","post_parent":0,"guid":"http:\/\/dev.claret.cat\/editorial\/galaxia-gutenberg\/","menu_order":0,"post_type":"editorial","post_mime_type":"","comment_count":"0","filter":"raw"}],"booktrailer":"","resenas":""},"aioseo_notices":[],"_links":{"self":[{"href":"https:\/\/www.claret.cat\/es\/wp-json\/wp\/v2\/product\/1008003","targetHints":{"allow":["GET"]}}],"collection":[{"href":"https:\/\/www.claret.cat\/es\/wp-json\/wp\/v2\/product"}],"about":[{"href":"https:\/\/www.claret.cat\/es\/wp-json\/wp\/v2\/types\/product"}],"wp:featuredmedia":[{"embeddable":true,"href":"https:\/\/www.claret.cat\/es\/wp-json\/wp\/v2\/media\/1008333"}],"wp:attachment":[{"href":"https:\/\/www.claret.cat\/es\/wp-json\/wp\/v2\/media?parent=1008003"}],"wp:term":[{"taxonomy":"product_brand","embeddable":true,"href":"https:\/\/www.claret.cat\/es\/wp-json\/wp\/v2\/product_brand?post=1008003"},{"taxonomy":"product_cat","embeddable":true,"href":"https:\/\/www.claret.cat\/es\/wp-json\/wp\/v2\/product_cat?post=1008003"},{"taxonomy":"product_tag","embeddable":true,"href":"https:\/\/www.claret.cat\/es\/wp-json\/wp\/v2\/product_tag?post=1008003"}],"curies":[{"name":"wp","href":"https:\/\/api.w.org\/{rel}","templated":true}]}}

LA PASSIÓ DELS ESTRANYS

<h3><strong>&#8216;L’amistat: entre l’ideal i la realitat&#8217;</strong></h3>
<p><strong>Els clàssics ja ho deien:</strong> ningú voldria viure sense amics. Aquesta idea ha alimentat una tradició filosòfica i literària que avui es reflecteix en sèries, pel·lícules i llibres d’autoajuda. Però, <strong>existeix realment una amistat pura i perfecta</strong>? O és un ideal que ens deixa atrapats en una falsa expectativa?</p>
<p>Aquest llibre qüestiona la visió clàssica de l’amistat i explora <strong>les seves contradiccions i complexitats</strong>:</p>
<p><strong>Per què considerem l’amistat tan essencial?</strong></p>
<p><strong>Realment necessitem amics per viure una vida plena?</strong></p>
<p><strong>Per què no existeix cap institució que reguli l’amistat, a diferència de la família o la parella?</strong></p>
<p>A través d’una reflexió profunda, aquesta obra ens convida a replantejar-nos <strong>què significa tenir amics i quin paper juguen en les nostres vides</strong>.</p>

<p>GARCÉS, MARINA</p>

GARCÉS, MARINA

Rústica
