{"id":100804,"date":"2022-10-12T07:58:15","date_gmt":"2022-10-12T05:58:15","guid":{"rendered":"http:\/\/dev.claret.cat\/producte\/2040-humanitat-cancel%c2%b7lada\/"},"modified":"2024-01-31T22:31:50","modified_gmt":"2024-01-31T21:31:50","slug":"2040-humanitat-cancellada-9788418456022","status":"publish","type":"product","link":"https:\/\/www.claret.cat\/es\/libro\/2040-humanitat-cancellada-9788418456022\/","title":{"rendered":"2040. HUMANITAT CANCEL\u00b7LADA"},"content":{"rendered":"<p>En Pau i l&#8221;Aina s\u00f3n una parella que viu a Barcelona en ple 2040, amb una greu crisi mundial a causa d&#8221;un sistema socioecon\u00f2mic inhum\u00e0, l&#8221;escalfament global, la desinformaci\u00f3 i el control dels governs, la falta de recursos i una depend\u00e8ncia tecnol\u00f2gica amb un cost enorme. Una relliscada del president de Catalunya provocar\u00e0 una situaci\u00f3 de p\u00e0nic a tot el pa\u00eds i en Pau i l&#8221;Aina s&#8221;hauran d&#8221;enfrontar a tot tipus de situacions per poder sobreviure.<\/p>\n<p> \u00ab2 d&#8221;agost del 2040, Barcelona A mesura que s&#8221;apropen les 17.00 h, en Pau, un home de vint-i-vuit anys, molt miop, assegut al sof\u00e0, amb les mans al m\u00f2bil i la mirada al rellotge d&#8221;agulla del menjador, comen\u00e7a a suar. Les ulleres li llisquen pel nas i les orelles, com un iceberg que es desf\u00e0. Enrabiat, agafa una tovallola de les nou que t\u00e9 apilonades al costat, la desplega amb for\u00e7a, s&#8221;eixuga la cara, el coll i les mans, i comen\u00e7a a fer inspiracions profundes amb les conseg\u00fcents exhalacions. Falten cinc minuts i disset segons. Aquest cop t\u00e9 apuntats vint-i-tres tweets per publicar i no vol que li passi com l&#8221;\u00faltima vegada, que, de la suor, a m\u00e9s de les ulleres tamb\u00e9 li relliscava el m\u00f2bil. Amb una m\u00e0 havia d&#8221;intentar tuitejar i amb l&#8221;altra subjectar-les. Dels vint-i-tres, nom\u00e9s va poder-ne publicar quatre, dos dels quals tenien faltes d&#8221;ortografia. Ha d&#8221;aprofitar b\u00e9 els quinze minuts d&#8221;internet setmanals si vol mantenir els seus 67.000 seguidors\u00bb.<\/p>\n","protected":false},"excerpt":{"rendered":"<p>GISE, POL<\/p>\n","protected":false},"featured_media":100805,"template":"","meta":{"_acf_changed":false,"om_disable_all_campaigns":false,"rs_blank_template":"","rs_page_bg_color":"","slide_template_v7":"","inline_featured_image":false,"_monsterinsights_skip_tracking":false,"_monsterinsights_sitenote_active":false,"_monsterinsights_sitenote_note":"","_monsterinsights_sitenote_category":0},"product_brand":[],"product_cat":[566,117,127,357],"product_tag":[],"class_list":{"0":"post-100804","1":"product","2":"type-product","3":"status-publish","4":"has-post-thumbnail","6":"product_cat-juvenil-3_infantil-juvenil-spa-spa","7":"product_cat-juvenil","8":"product_cat-novella-contemporania","9":"product_cat-novela-contemporanea","11":"first","12":"instock","13":"taxable","14":"shipping-taxable","15":"purchasable","16":"product-type-simple"},"acf":{"autor":"GISE, POL","codart":"841845602","libros-coleccion":"FORA DE COL.LECCI\u00d3","ediciones":"1","encuadernacion":"R\u00fastica","fecha_de_publicacion":"01\/11\/2020","novedad":"1","paginas":"224","subtitulo":"","orden":"0","portada":"0","idioma":"sun","editorial":[{"ID":148812,"post_author":"3","post_date":"2022-10-14 12:01:11","post_date_gmt":"2022-10-14 10:01:11","post_content":"","post_title":"Shaka","post_excerpt":"","post_status":"publish","comment_status":"closed","ping_status":"closed","post_password":"","post_name":"shaka","to_ping":"","pinged":"","post_modified":"2022-10-14 12:01:11","post_modified_gmt":"2022-10-14 10:01:11","post_content_filtered":"","post_parent":0,"guid":"http:\/\/dev.claret.cat\/editorial\/shaka\/","menu_order":0,"post_type":"editorial","post_mime_type":"","comment_count":"0","filter":"raw"}],"autores-libros":[{"ID":167380,"post_author":"3","post_date":"2022-10-14 18:10:44","post_date_gmt":"2022-10-14 16:10:44","post_content":"","post_title":"POL GISE","post_excerpt":"","post_status":"publish","comment_status":"closed","ping_status":"closed","post_password":"","post_name":"pol-gise","to_ping":"","pinged":"","post_modified":"2022-10-14 18:10:44","post_modified_gmt":"2022-10-14 16:10:44","post_content_filtered":"","post_parent":0,"guid":"http:\/\/dev.claret.cat\/autor\/pol-gise\/","menu_order":0,"post_type":"autor","post_mime_type":"","comment_count":"0","filter":"raw"}]},"aioseo_notices":[],"_links":{"self":[{"href":"https:\/\/www.claret.cat\/es\/wp-json\/wp\/v2\/product\/100804","targetHints":{"allow":["GET"]}}],"collection":[{"href":"https:\/\/www.claret.cat\/es\/wp-json\/wp\/v2\/product"}],"about":[{"href":"https:\/\/www.claret.cat\/es\/wp-json\/wp\/v2\/types\/product"}],"wp:featuredmedia":[{"embeddable":true,"href":"https:\/\/www.claret.cat\/es\/wp-json\/wp\/v2\/media\/100805"}],"wp:attachment":[{"href":"https:\/\/www.claret.cat\/es\/wp-json\/wp\/v2\/media?parent=100804"}],"wp:term":[{"taxonomy":"product_brand","embeddable":true,"href":"https:\/\/www.claret.cat\/es\/wp-json\/wp\/v2\/product_brand?post=100804"},{"taxonomy":"product_cat","embeddable":true,"href":"https:\/\/www.claret.cat\/es\/wp-json\/wp\/v2\/product_cat?post=100804"},{"taxonomy":"product_tag","embeddable":true,"href":"https:\/\/www.claret.cat\/es\/wp-json\/wp\/v2\/product_tag?post=100804"}],"curies":[{"name":"wp","href":"https:\/\/api.w.org\/{rel}","templated":true}]}}

<p>En Pau i l&#8221;Aina són una parella que viu a Barcelona en ple 2040, amb una greu crisi mundial a causa d&#8221;un sistema socioeconòmic inhumà, l&#8221;escalfament global, la desinformació i el control dels governs, la falta de recursos i una dependència tecnològica amb un cost enorme. Una relliscada del president de Catalunya provocarà una situació de pànic a tot el país i en Pau i l&#8221;Aina s&#8221;hauran d&#8221;enfrontar a tot tipus de situacions per poder sobreviure.</p>
<p> «2 d&#8221;agost del 2040, Barcelona A mesura que s&#8221;apropen les 17.00 h, en Pau, un home de vint-i-vuit anys, molt miop, assegut al sofà, amb les mans al mòbil i la mirada al rellotge d&#8221;agulla del menjador, comença a suar. Les ulleres li llisquen pel nas i les orelles, com un iceberg que es desfà. Enrabiat, agafa una tovallola de les nou que té apilonades al costat, la desplega amb força, s&#8221;eixuga la cara, el coll i les mans, i comença a fer inspiracions profundes amb les consegüents exhalacions. Falten cinc minuts i disset segons. Aquest cop té apuntats vint-i-tres tweets per publicar i no vol que li passi com l&#8221;última vegada, que, de la suor, a més de les ulleres també li relliscava el mòbil. Amb una mà havia d&#8221;intentar tuitejar i amb l&#8221;altra subjectar-les. Dels vint-i-tres, només va poder-ne publicar quatre, dos dels quals tenien faltes d&#8221;ortografia. Ha d&#8221;aprofitar bé els quinze minuts d&#8221;internet setmanals si vol mantenir els seus 67.000 seguidors».</p>

FORA DE COL.LECCIÓ

Rústica
