{"id":1008167,"date":"2025-02-27T13:05:02","date_gmt":"2025-02-27T12:05:02","guid":{"rendered":"https:\/\/www.claret.cat\/llibre\/la-servitud-dels-protocols-9788412876628\/"},"modified":"2025-06-26T10:33:44","modified_gmt":"2025-06-26T08:33:44","slug":"la-servitud-dels-protocols-9788412876628","status":"publish","type":"product","link":"https:\/\/www.claret.cat\/es\/libro\/la-servitud-dels-protocols-9788412876628\/","title":{"rendered":"LA SERVITUD DELS PROTOCOLS"},"content":{"rendered":"<h3><strong>La m\u00e0quina i nosaltres \u2013 Repensant el m\u00f3n digital<\/strong><\/h3>\n<p>Vivim immersos en <strong>societats hiperconnectades<\/strong>, on els <strong>algoritmes<\/strong>, els <strong>protocols automatitzats<\/strong> i les grans infraestructures digitals condicionen la nostra percepci\u00f3 del m\u00f3n. En plena era del <strong>capitalisme de plataforma<\/strong>, la nostra atenci\u00f3 est\u00e0 saturada, la imaginaci\u00f3 bandejada i el desig mediatitzat per la tecnologia.<\/p>\n<p><strong>Com podem recuperar una mirada cr\u00edtica sobre la tecnologia?<\/strong><\/p>\n<p><strong>\u00c9s possible reapropiar-nos del temps i de la vida comunit\u00e0ria?<\/strong><\/p>\n<p><strong>Ingrid Guardiola<\/strong> ofereix una an\u00e0lisi essencial sobre l&#8217;impacte de la digitalitzaci\u00f3 i ens convida a desenvolupar una <strong>consci\u00e8ncia pol\u00edtica<\/strong> per entendre i q\u00fcestionar la influ\u00e8ncia de la tecnologia en les nostres vides.<\/p>\n<p><strong>Un assaig imprescindible per aquells que volen mirar el m\u00f3n amb uns ulls propis i cr\u00edtics, fomentant nous vincles i una veritable vida en comunitat.<\/strong><\/p>\n","protected":false},"excerpt":{"rendered":"<p>GUARDIOLA, INGRID<\/p>\n","protected":false},"featured_media":1008447,"template":"","meta":{"_acf_changed":false,"om_disable_all_campaigns":false,"rs_blank_template":"","rs_page_bg_color":"","slide_template_v7":"","inline_featured_image":false,"_monsterinsights_skip_tracking":false,"_monsterinsights_sitenote_active":false,"_monsterinsights_sitenote_note":"","_monsterinsights_sitenote_category":0},"product_brand":[],"product_cat":[375,174,373,166,440,169],"product_tag":[],"class_list":{"0":"post-1008167","1":"product","2":"type-product","3":"status-publish","4":"has-post-thumbnail","6":"product_cat-antropologia-filosofia-2_humanidades","7":"product_cat-antropologia","8":"product_cat-autores","9":"product_cat-autors-filosofia","10":"product_cat-de-la-ciencia-filosofia-2_humanidades","11":"product_cat-de-la-ciencia","13":"first","14":"instock","15":"taxable","16":"shipping-taxable","17":"purchasable","18":"product-type-simple"},"acf":{"autor":"GUARDIOLA, INGRID","codart":"841287662","libros-coleccion":"FORA DE COL.LECCI\u00d3","ediciones":"1","encuadernacion":"R\u00fastica","fecha_de_publicacion":"01\/02\/2025","novedad":"1","paginas":"302","subtitulo":"","orden":"0","portada":"1","idioma":"cat","editorial":[{"ID":6125,"post_author":"3","post_date":"2022-07-28 17:45:25","post_date_gmt":"2022-07-28 15:45:25","post_content":"","post_title":"ARC\u00c0DIA","post_excerpt":"","post_status":"publish","comment_status":"closed","ping_status":"closed","post_password":"","post_name":"arcadia","to_ping":"","pinged":"","post_modified":"2022-07-28 17:45:25","post_modified_gmt":"2022-07-28 15:45:25","post_content_filtered":"","post_parent":0,"guid":"http:\/\/dev.claret.cat\/editorial\/arcadia\/","menu_order":0,"post_type":"editorial","post_mime_type":"","comment_count":"0","filter":"raw"}],"booktrailer":"","resenas":""},"aioseo_notices":[],"_links":{"self":[{"href":"https:\/\/www.claret.cat\/es\/wp-json\/wp\/v2\/product\/1008167","targetHints":{"allow":["GET"]}}],"collection":[{"href":"https:\/\/www.claret.cat\/es\/wp-json\/wp\/v2\/product"}],"about":[{"href":"https:\/\/www.claret.cat\/es\/wp-json\/wp\/v2\/types\/product"}],"wp:featuredmedia":[{"embeddable":true,"href":"https:\/\/www.claret.cat\/es\/wp-json\/wp\/v2\/media\/1008447"}],"wp:attachment":[{"href":"https:\/\/www.claret.cat\/es\/wp-json\/wp\/v2\/media?parent=1008167"}],"wp:term":[{"taxonomy":"product_brand","embeddable":true,"href":"https:\/\/www.claret.cat\/es\/wp-json\/wp\/v2\/product_brand?post=1008167"},{"taxonomy":"product_cat","embeddable":true,"href":"https:\/\/www.claret.cat\/es\/wp-json\/wp\/v2\/product_cat?post=1008167"},{"taxonomy":"product_tag","embeddable":true,"href":"https:\/\/www.claret.cat\/es\/wp-json\/wp\/v2\/product_tag?post=1008167"}],"curies":[{"name":"wp","href":"https:\/\/api.w.org\/{rel}","templated":true}]}}

<h3><strong>La màquina i nosaltres – Repensant el món digital</strong></h3>
<p>Vivim immersos en <strong>societats hiperconnectades</strong>, on els <strong>algoritmes</strong>, els <strong>protocols automatitzats</strong> i les grans infraestructures digitals condicionen la nostra percepció del món. En plena era del <strong>capitalisme de plataforma</strong>, la nostra atenció està saturada, la imaginació bandejada i el desig mediatitzat per la tecnologia.</p>
<p><strong>Com podem recuperar una mirada crítica sobre la tecnologia?</strong></p>
<p><strong>És possible reapropiar-nos del temps i de la vida comunitària?</strong></p>
<p><strong>Ingrid Guardiola</strong> ofereix una anàlisi essencial sobre l&#8217;impacte de la digitalització i ens convida a desenvolupar una <strong>consciència política</strong> per entendre i qüestionar la influència de la tecnologia en les nostres vides.</p>
<p><strong>Un assaig imprescindible per aquells que volen mirar el món amb uns ulls propis i crítics, fomentant nous vincles i una veritable vida en comunitat.</strong></p>

FORA DE COL.LECCIÓ

Rústica

ARCÀDIA
