{"id":1008371,"date":"2025-02-28T16:46:45","date_gmt":"2025-02-28T15:46:45","guid":{"rendered":"https:\/\/www.claret.cat\/llibre\/juan-de-la-cruz-al-natural-9788428842419\/"},"modified":"2025-07-08T17:16:24","modified_gmt":"2025-07-08T15:16:24","slug":"juan-de-la-cruz-al-natural-9788428842419","status":"publish","type":"product","link":"https:\/\/www.claret.cat\/es\/libro\/juan-de-la-cruz-al-natural-9788428842419\/","title":{"rendered":"JUAN DE LA CRUZ AL NATURAL"},"content":{"rendered":"<h3><strong>Juan de la Cruz: Poes\u00eda, m\u00edstica y encuentro con Dios<\/strong><\/h3>\n<p>Hablar de <strong>San Juan de la Cruz<\/strong> es adentrarse en la esencia de la <strong>poes\u00eda m\u00edstica<\/strong>, donde lo humano y lo divino se funden en un mismo camino de b\u00fasqueda interior. Este libro ofrece una mirada accesible y apasionada a su obra y pensamiento, sin academicismos, pero con profundidad y belleza.<\/p>\n<p><strong>\u00bfQu\u00e9 encontrar\u00e1s en esta obra?<\/strong><\/p>\n<p><span>Una exploraci\u00f3n de su poes\u00eda como v\u00eda de encuentro con Dios.<\/span><\/p>\n<p><span>Claves para comprender la m\u00edstica y su significado en su vida.<\/span><\/p>\n<p><span>Reflexiones sobre la fusi\u00f3n entre lo divino y lo humano en su obra.<\/span><\/p>\n<p><span>Un enfoque ameno, ideal tanto para iniciarse en su pensamiento como para profundizar en \u00e9l.<\/span><\/p>\n","protected":false},"excerpt":{"rendered":"<p>DONAIRE MART\u00cdN, FERNANDO<\/p>\n","protected":false},"featured_media":1008549,"template":"","meta":{"_acf_changed":false,"om_disable_all_campaigns":false,"rs_blank_template":"","rs_page_bg_color":"","slide_template_v7":"","inline_featured_image":false,"_monsterinsights_skip_tracking":false,"_monsterinsights_sitenote_active":false,"_monsterinsights_sitenote_note":"","_monsterinsights_sitenote_category":0},"product_brand":[],"product_cat":[242,492],"product_tag":[],"class_list":{"0":"post-1008371","1":"product","2":"type-product","3":"status-publish","4":"has-post-thumbnail","6":"product_cat-carmelitana","7":"product_cat-carmelitana-espiritualidad-1_espiritualidad","9":"first","10":"instock","11":"taxable","12":"shipping-taxable","13":"purchasable","14":"product-type-simple"},"acf":{"autor":"DONAIRE MART\u00cdN, FERNANDO","codart":"842884241","libros-coleccion":"","ediciones":"1","encuadernacion":"R\u00fastica","fecha_de_publicacion":"27\/02\/2025","novedad":"1","paginas":"192","subtitulo":"","orden":"0","portada":"1","idioma":"spa","editorial":[{"ID":6335,"post_author":"3","post_date":"2022-07-28 17:49:59","post_date_gmt":"2022-07-28 15:49:59","post_content":"","post_title":"PPC altres","post_excerpt":"","post_status":"publish","comment_status":"closed","ping_status":"closed","post_password":"","post_name":"ppc-altres","to_ping":"","pinged":"","post_modified":"2022-07-28 17:49:59","post_modified_gmt":"2022-07-28 15:49:59","post_content_filtered":"","post_parent":0,"guid":"http:\/\/dev.claret.cat\/editorial\/ppc-altres\/","menu_order":0,"post_type":"editorial","post_mime_type":"","comment_count":"0","filter":"raw"}],"booktrailer":"","resenas":""},"aioseo_notices":[],"_links":{"self":[{"href":"https:\/\/www.claret.cat\/es\/wp-json\/wp\/v2\/product\/1008371","targetHints":{"allow":["GET"]}}],"collection":[{"href":"https:\/\/www.claret.cat\/es\/wp-json\/wp\/v2\/product"}],"about":[{"href":"https:\/\/www.claret.cat\/es\/wp-json\/wp\/v2\/types\/product"}],"wp:featuredmedia":[{"embeddable":true,"href":"https:\/\/www.claret.cat\/es\/wp-json\/wp\/v2\/media\/1008549"}],"wp:attachment":[{"href":"https:\/\/www.claret.cat\/es\/wp-json\/wp\/v2\/media?parent=1008371"}],"wp:term":[{"taxonomy":"product_brand","embeddable":true,"href":"https:\/\/www.claret.cat\/es\/wp-json\/wp\/v2\/product_brand?post=1008371"},{"taxonomy":"product_cat","embeddable":true,"href":"https:\/\/www.claret.cat\/es\/wp-json\/wp\/v2\/product_cat?post=1008371"},{"taxonomy":"product_tag","embeddable":true,"href":"https:\/\/www.claret.cat\/es\/wp-json\/wp\/v2\/product_tag?post=1008371"}],"curies":[{"name":"wp","href":"https:\/\/api.w.org\/{rel}","templated":true}]}}

<h3><strong>Juan de la Cruz: Poesía, mística y encuentro con Dios</strong></h3>
<p>Hablar de <strong>San Juan de la Cruz</strong> es adentrarse en la esencia de la <strong>poesía mística</strong>, donde lo humano y lo divino se funden en un mismo camino de búsqueda interior. Este libro ofrece una mirada accesible y apasionada a su obra y pensamiento, sin academicismos, pero con profundidad y belleza.</p>
<p><strong>¿Qué encontrarás en esta obra?</strong></p>
<p><span>Una exploración de su poesía como vía de encuentro con Dios.</span></p>
<p><span>Claves para comprender la mística y su significado en su vida.</span></p>
<p><span>Reflexiones sobre la fusión entre lo divino y lo humano en su obra.</span></p>
<p><span>Un enfoque ameno, ideal tanto para iniciarse en su pensamiento como para profundizar en él.</span></p>

<p>DONAIRE MARTÍN, FERNANDO</p>

DONAIRE MARTÍN, FERNANDO

Rústica
