{"id":1008839,"date":"2025-03-04T12:30:02","date_gmt":"2025-03-04T11:30:02","guid":{"rendered":"https:\/\/www.claret.cat\/llibre\/oposicion-9788433929686\/"},"modified":"2026-01-29T13:30:05","modified_gmt":"2026-01-29T12:30:05","slug":"oposicion-9788433929686","status":"publish","type":"product","link":"https:\/\/www.claret.cat\/es\/libro\/oposicion-9788433929686\/","title":{"rendered":"OPOSICI\u00d3N"},"content":{"rendered":"<p><strong class='ql-size-large'>\u00bfSacarse una oposici\u00f3n o hacer oposici\u00f3n a un futuro descorazonador?<\/strong><span class='ql-size-large'> <\/span><\/p>\n<p><\/p>\n<p>En <strong>Oposici\u00f3n<\/strong>,<a href='https:\/\/www.claret.cat\/es\/catalogo\/?b=sara+mesa' rel='noopener noreferrer' target='_blank'><strong> Sara Mesa<\/strong><\/a> se enfrenta a la disyuntiva de estudiar para consolidar su futuro profesional mientras se ve atrapada en los engranajes de la <strong>burocracia<\/strong>. Tras conseguir un puesto de <strong>interina<\/strong> en una <strong>oficina administrativa<\/strong>, su objetivo es aprobar la oposici\u00f3n para asegurar su estabilidad. Sin embargo, el d\u00eda a d\u00eda de su trabajo le plantea una <strong>oposici\u00f3n interna<\/strong>, observando las <strong>jerarqu\u00edas incomprensibles<\/strong> del sistema, que la expulsan y absorben al mismo tiempo.<\/p>\n<p>El edificio donde trabaja, gigantesco y herm\u00e9tico, se convierte en un escenario donde, sin instrucciones claras, debe improvisar y adaptarse. Sus <strong>dibujos<\/strong> y <strong>poemas<\/strong>, que registran su malestar, se convierten en su \u00fanica forma de desahogo ante una realidad de <strong>tareas in\u00fatiles<\/strong> y una <strong>rutina burocr\u00e1tica<\/strong> aplastante. La protagonista, rodeada de <strong>funcionarios<\/strong> con <strong>tics<\/strong> y <strong>man\u00edas<\/strong> propias de su entorno, toma peque\u00f1as decisiones <strong>subversivas<\/strong> que, sin preverlo, pueden tener <strong>consecuencias disciplinarias<\/strong>.<\/p>\n<p>A trav\u00e9s de una mirada <strong>curiosa<\/strong>, <strong>desencantada<\/strong> y <strong>mordaz<\/strong>, <strong>Oposici\u00f3n<\/strong> expone las trampas de los <strong>mecanismos burocr\u00e1ticos<\/strong> que afectan tanto a quienes los padecen como a quienes los gestionan. <strong>Sara Mesa<\/strong>, con una narrativa brillante y un ritmo implacable, aborda el tedio y la <strong>apat\u00eda<\/strong> del trabajo administrativo, cuestionando c\u00f3mo nos organizamos como sociedad y revelando el <strong>absurdo<\/strong> de la <strong>burocracia contempor\u00e1nea<\/strong>.<\/p>\n","protected":false},"excerpt":{"rendered":"<p>MESA, SARA<\/p>\n","protected":false},"featured_media":1017921,"template":"","meta":{"_acf_changed":false,"om_disable_all_campaigns":false,"rs_blank_template":"","rs_page_bg_color":"","slide_template_v7":"","inline_featured_image":false,"_monsterinsights_skip_tracking":false,"_monsterinsights_sitenote_active":false,"_monsterinsights_sitenote_note":"","_monsterinsights_sitenote_category":0},"product_brand":[],"product_cat":[308,127,357],"product_tag":[610,608,609,611,606,607],"class_list":{"0":"post-1008839","1":"product","2":"type-product","3":"status-publish","4":"has-post-thumbnail","6":"product_cat-castella","7":"product_cat-novella-contemporania","8":"product_cat-novela-contemporanea","9":"product_tag-empleo","10":"product_tag-literatura","11":"product_tag-narrativa","12":"product_tag-novela","13":"product_tag-oposicion","14":"product_tag-sara-mesa","16":"first","17":"instock","18":"taxable","19":"shipping-taxable","20":"purchasable","21":"product-type-simple"},"acf":{"autor":"MESA, SARA","codart":"843392968","libros-coleccion":"Narrativas hisp\u00e1nicas","ediciones":"1","encuadernacion":"R\u00fastica","fecha_de_publicacion":"01\/03\/2025","novedad":"1","paginas":"232","subtitulo":"","orden":"7","portada":"1","idioma":"spa","editorial":[{"ID":147428,"post_author":"3","post_date":"2022-10-14 11:50:30","post_date_gmt":"2022-10-14 09:50:30","post_content":"","post_title":"ANAGRAMA","post_excerpt":"","post_status":"publish","comment_status":"closed","ping_status":"closed","post_password":"","post_name":"anagrama","to_ping":"","pinged":"","post_modified":"2022-10-14 11:50:30","post_modified_gmt":"2022-10-14 09:50:30","post_content_filtered":"","post_parent":0,"guid":"http:\/\/dev.claret.cat\/editorial\/anagrama\/","menu_order":0,"post_type":"editorial","post_mime_type":"","comment_count":"0","filter":"raw"}],"booktrailer":"","linkebook":"","ficha":"","muestra":"","precioebook":"0","presentacion":"","resenas":"","autores-libros":[{"ID":169114,"post_author":"3","post_date":"2022-10-14 22:24:35","post_date_gmt":"2022-10-14 20:24:35","post_content":"","post_title":"SARA MESA","post_excerpt":"","post_status":"publish","comment_status":"closed","ping_status":"closed","post_password":"","post_name":"sara-mesa","to_ping":"","pinged":"","post_modified":"2022-10-14 22:24:35","post_modified_gmt":"2022-10-14 20:24:35","post_content_filtered":"","post_parent":0,"guid":"http:\/\/dev.claret.cat\/autor\/sara-mesa\/","menu_order":0,"post_type":"autor","post_mime_type":"","comment_count":"0","filter":"raw"}],"traductores-libros":"","ilustradores-libros":"","formato":"","ebookportada":false,"recomendamos":"","mas_vendido":""},"aioseo_notices":[],"_links":{"self":[{"href":"https:\/\/www.claret.cat\/es\/wp-json\/wp\/v2\/product\/1008839","targetHints":{"allow":["GET"]}}],"collection":[{"href":"https:\/\/www.claret.cat\/es\/wp-json\/wp\/v2\/product"}],"about":[{"href":"https:\/\/www.claret.cat\/es\/wp-json\/wp\/v2\/types\/product"}],"wp:featuredmedia":[{"embeddable":true,"href":"https:\/\/www.claret.cat\/es\/wp-json\/wp\/v2\/media\/1017921"}],"wp:attachment":[{"href":"https:\/\/www.claret.cat\/es\/wp-json\/wp\/v2\/media?parent=1008839"}],"wp:term":[{"taxonomy":"product_brand","embeddable":true,"href":"https:\/\/www.claret.cat\/es\/wp-json\/wp\/v2\/product_brand?post=1008839"},{"taxonomy":"product_cat","embeddable":true,"href":"https:\/\/www.claret.cat\/es\/wp-json\/wp\/v2\/product_cat?post=1008839"},{"taxonomy":"product_tag","embeddable":true,"href":"https:\/\/www.claret.cat\/es\/wp-json\/wp\/v2\/product_tag?post=1008839"}],"curies":[{"name":"wp","href":"https:\/\/api.w.org\/{rel}","templated":true}]}}

OPOSICIÓN

<p><strong class='ql-size-large'>¿Sacarse una oposición o hacer oposición a un futuro descorazonador?</strong><span class='ql-size-large'> </span></p>
<p></p>
<p>En <strong>Oposición</strong>,<a href='https://www.claret.cat/es/catalogo/?b=sara+mesa' rel='noopener noreferrer' target='_blank'><strong> Sara Mesa</strong></a> se enfrenta a la disyuntiva de estudiar para consolidar su futuro profesional mientras se ve atrapada en los engranajes de la <strong>burocracia</strong>. Tras conseguir un puesto de <strong>interina</strong> en una <strong>oficina administrativa</strong>, su objetivo es aprobar la oposición para asegurar su estabilidad. Sin embargo, el día a día de su trabajo le plantea una <strong>oposición interna</strong>, observando las <strong>jerarquías incomprensibles</strong> del sistema, que la expulsan y absorben al mismo tiempo.</p>
<p>El edificio donde trabaja, gigantesco y hermético, se convierte en un escenario donde, sin instrucciones claras, debe improvisar y adaptarse. Sus <strong>dibujos</strong> y <strong>poemas</strong>, que registran su malestar, se convierten en su única forma de desahogo ante una realidad de <strong>tareas inútiles</strong> y una <strong>rutina burocrática</strong> aplastante. La protagonista, rodeada de <strong>funcionarios</strong> con <strong>tics</strong> y <strong>manías</strong> propias de su entorno, toma pequeñas decisiones <strong>subversivas</strong> que, sin preverlo, pueden tener <strong>consecuencias disciplinarias</strong>.</p>
<p>A través de una mirada <strong>curiosa</strong>, <strong>desencantada</strong> y <strong>mordaz</strong>, <strong>Oposición</strong> expone las trampas de los <strong>mecanismos burocráticos</strong> que afectan tanto a quienes los padecen como a quienes los gestionan. <strong>Sara Mesa</strong>, con una narrativa brillante y un ritmo implacable, aborda el tedio y la <strong>apatía</strong> del trabajo administrativo, cuestionando cómo nos organizamos como sociedad y revelando el <strong>absurdo</strong> de la <strong>burocracia contemporánea</strong>.</p>

Narrativas hispánicas

Rústica
