{"id":1008848,"date":"2025-03-04T12:35:16","date_gmt":"2025-03-04T11:35:16","guid":{"rendered":"https:\/\/www.claret.cat\/llibre\/caminos-para-la-transformacion-9788411211819\/"},"modified":"2025-03-10T13:40:06","modified_gmt":"2025-03-10T12:40:06","slug":"caminos-para-la-transformacion-9788411211819","status":"publish","type":"product","link":"https:\/\/www.claret.cat\/es\/libro\/caminos-para-la-transformacion-9788411211819\/","title":{"rendered":"CAMINOS PARA LA TRANSFORMACI\u00d3N"},"content":{"rendered":"<p>Vivimos una era de cambios profundos que afectan nuestra sociedad, nuestras vidas y el planeta. Enfrentamos incertidumbre, ansiedad y desarraigo, pero tambi\u00e9n <strong>oportunidades para una transformaci\u00f3n consciente y con prop\u00f3sito<\/strong>.<\/p>\n<p><em>Caminos para la transformaci\u00f3n<\/em> es el fruto de una reflexi\u00f3n ciudadana inspirada en el quinto centenario de la estancia de Ignacio de Loyola en Manresa. En sus p\u00e1ginas, <strong>once destacados pensadores<\/strong> ofrecen respuestas innovadoras a los desaf\u00edos actuales, gui\u00e1ndonos hacia <strong>un cambio cultural y espiritual<\/strong> que renueve nuestra conexi\u00f3n con la Tierra, la humanidad y lo trascendente.<\/p>\n<p><strong>Una invitaci\u00f3n a repensar el mundo y nuestro papel en \u00e9l, con lucidez, valent\u00eda y esperanza.<\/strong><\/p>\n","protected":false},"excerpt":{"rendered":"<p>MELLONI, JAVIER \/ P\u00c9REZ TREVI\u00d1O, ORIOL<\/p>\n","protected":false},"featured_media":1009628,"template":"","meta":{"_acf_changed":false,"om_disable_all_campaigns":false,"rs_blank_template":"","rs_page_bg_color":"","slide_template_v7":"","inline_featured_image":false,"_monsterinsights_skip_tracking":false,"_monsterinsights_sitenote_active":false,"_monsterinsights_sitenote_note":"","_monsterinsights_sitenote_category":0},"product_brand":[],"product_cat":[245,495],"product_tag":[],"class_list":{"0":"post-1008848","1":"product","2":"type-product","3":"status-publish","4":"has-post-thumbnail","6":"product_cat-diversa","7":"product_cat-diversa-espiritualidad-1_espiritualidad","9":"first","10":"instock","11":"taxable","12":"shipping-taxable","13":"purchasable","14":"product-type-simple"},"acf":{"autor":"MELLONI, JAVIER \/ P\u00c9REZ TREVI\u00d1O, ORIOL","codart":"841121181","libros-coleccion":"FORA DE COL.LECCI\u00d3","ediciones":"1","encuadernacion":"R\u00fastica","fecha_de_publicacion":"01\/03\/2025","novedad":"1","paginas":"318","subtitulo":"","orden":"0","portada":"0","idioma":"spa","editorial":[{"ID":147993,"post_author":"3","post_date":"2022-10-14 11:54:48","post_date_gmt":"2022-10-14 09:54:48","post_content":"","post_title":"Editorial Kair\u00f3s SA","post_excerpt":"","post_status":"publish","comment_status":"closed","ping_status":"closed","post_password":"","post_name":"editorial-kairos-sa","to_ping":"","pinged":"","post_modified":"2022-10-14 11:54:48","post_modified_gmt":"2022-10-14 09:54:48","post_content_filtered":"","post_parent":0,"guid":"http:\/\/dev.claret.cat\/editorial\/editorial-kairos-sa\/","menu_order":0,"post_type":"editorial","post_mime_type":"","comment_count":"0","filter":"raw"}]},"aioseo_notices":[],"_links":{"self":[{"href":"https:\/\/www.claret.cat\/es\/wp-json\/wp\/v2\/product\/1008848","targetHints":{"allow":["GET"]}}],"collection":[{"href":"https:\/\/www.claret.cat\/es\/wp-json\/wp\/v2\/product"}],"about":[{"href":"https:\/\/www.claret.cat\/es\/wp-json\/wp\/v2\/types\/product"}],"wp:featuredmedia":[{"embeddable":true,"href":"https:\/\/www.claret.cat\/es\/wp-json\/wp\/v2\/media\/1009628"}],"wp:attachment":[{"href":"https:\/\/www.claret.cat\/es\/wp-json\/wp\/v2\/media?parent=1008848"}],"wp:term":[{"taxonomy":"product_brand","embeddable":true,"href":"https:\/\/www.claret.cat\/es\/wp-json\/wp\/v2\/product_brand?post=1008848"},{"taxonomy":"product_cat","embeddable":true,"href":"https:\/\/www.claret.cat\/es\/wp-json\/wp\/v2\/product_cat?post=1008848"},{"taxonomy":"product_tag","embeddable":true,"href":"https:\/\/www.claret.cat\/es\/wp-json\/wp\/v2\/product_tag?post=1008848"}],"curies":[{"name":"wp","href":"https:\/\/api.w.org\/{rel}","templated":true}]}}

CAMINOS PARA LA TRANSFORMACIÓN

<p>Vivimos una era de cambios profundos que afectan nuestra sociedad, nuestras vidas y el planeta. Enfrentamos incertidumbre, ansiedad y desarraigo, pero también <strong>oportunidades para una transformación consciente y con propósito</strong>.</p>
<p><em>Caminos para la transformación</em> es el fruto de una reflexión ciudadana inspirada en el quinto centenario de la estancia de Ignacio de Loyola en Manresa. En sus páginas, <strong>once destacados pensadores</strong> ofrecen respuestas innovadoras a los desafíos actuales, guiándonos hacia <strong>un cambio cultural y espiritual</strong> que renueve nuestra conexión con la Tierra, la humanidad y lo trascendente.</p>
<p><strong>Una invitación a repensar el mundo y nuestro papel en él, con lucidez, valentía y esperanza.</strong></p>

<p>MELLONI, JAVIER / PÉREZ TREVIÑO, ORIOL</p>

MELLONI, JAVIER / PÉREZ TREVIÑO, ORIOL

FORA DE COL.LECCIÓ

Rústica

Editorial Kairós SA
