{"id":1008854,"date":"2025-03-04T12:40:17","date_gmt":"2025-03-04T11:40:17","guid":{"rendered":"https:\/\/www.claret.cat\/llibre\/la-gran-familia-9788473294614\/"},"modified":"2026-04-24T13:23:25","modified_gmt":"2026-04-24T11:23:25","slug":"la-gran-familia-9788473294614","status":"publish","type":"product","link":"https:\/\/www.claret.cat\/es\/libro\/la-gran-familia-9788473294614\/","title":{"rendered":"LA GRAN FAM\u00cdLIA"},"content":{"rendered":"<h1>Llibre guanyador del premi \u00d2mnium a la millor novel\u00b7la de l\u2019any 2025<\/h1>\n<p><\/p>\n<p><strong>Per qu\u00e8 hi ha germans que s\u2019assemblen com un ou a una castanya<\/strong> \u00e9s una inc\u00f2gnita que la ci\u00e8ncia no resol \u2014i d\u2019aix\u00f2 se n\u2019ocupa la literatura. El <strong>nou llibre d\u2019Ant\u00f2nia Carr\u00e9-Pons<\/strong> segueix el fil de vida de la <strong>Rateta i la Si\u00f3<\/strong>, dues germanes nascudes en una cansaladeria. Com en una casa de nines, <strong>les veurem evolucionar entre el terrat on imaginen hist\u00f2ries<\/strong>, la botiga on regnen les matriarques i el soterrani on els homes esquarteren porcs i es xopen els davantals de sang. <strong>De la sang que tira<\/strong>, tant si \u00e9s per fer-ne botifarres com per lligar-te a una forma de veure el m\u00f3n. Fins que <strong>la Rateta<\/strong> aconsegueix trencar amb el que s\u2019esperava d\u2019ella. <strong>Entra a la universitat<\/strong> i es converteix en una medievalista reconeguda. La Si\u00f3 es queda a la botiga. I quan els fils de vida semblen separar-les sense remei, <strong>la sang les trena de nou<\/strong>: la germana petita est\u00e0 a punt de morir de la mateixa malaltia que ha superat la gran i que afecta totes les dones de la fam\u00edlia. Despr\u00e9s d\u2019excel\u00b7lir en la com\u00e8dia, <strong>Carr\u00e9-Pons ha imaginat una auca del senyor Esteve moderna<\/strong>. En una llengua transparent i concisa, <strong>explora les emocions infantils<\/strong> i els seus ecos en l\u2019adultesa, <strong>sense cap concessi\u00f3 al sentimentalisme<\/strong> i amb una entrega completa a l\u2019amor que li inspiren els seus personatges.<\/p>\n","protected":false},"excerpt":{"rendered":"<p>CARR\u00c9-PONS, ANT\u00d2NIA<\/p>\n","protected":false},"featured_media":1092558,"template":"","meta":{"_acf_changed":false,"om_disable_all_campaigns":false,"rs_blank_template":"","rs_page_bg_color":"","slide_template_v7":"","inline_featured_image":false,"_monsterinsights_skip_tracking":false,"_monsterinsights_sitenote_active":false,"_monsterinsights_sitenote_note":"","_monsterinsights_sitenote_category":0},"product_brand":[],"product_cat":[127,357],"product_tag":[],"class_list":{"0":"post-1008854","1":"product","2":"type-product","3":"status-publish","4":"has-post-thumbnail","6":"product_cat-novella-contemporania","7":"product_cat-novela-contemporanea","9":"first","10":"instock","11":"taxable","12":"shipping-taxable","13":"purchasable","14":"product-type-simple"},"acf":{"autor":"CARR\u00c9-PONS, ANT\u00d2NIA","codart":"847329461","libros-coleccion":"EL CLUB DELS NOVEL\u00b7LISTES","ediciones":"1","encuadernacion":"R\u00fastica","fecha_de_publicacion":"01\/11\/2024","novedad":"1","paginas":"192","subtitulo":"","orden":"0","portada":"0","idioma":"cat","editorial":[{"ID":6163,"post_author":"3","post_date":"2022-07-28 17:46:15","post_date_gmt":"2022-07-28 15:46:15","post_content":"","post_title":"CLUB EDITOR","post_excerpt":"","post_status":"publish","comment_status":"closed","ping_status":"closed","post_password":"","post_name":"club-editor","to_ping":"","pinged":"","post_modified":"2022-07-28 17:46:15","post_modified_gmt":"2022-07-28 15:46:15","post_content_filtered":"","post_parent":0,"guid":"http:\/\/dev.claret.cat\/editorial\/club-editor\/","menu_order":0,"post_type":"editorial","post_mime_type":"","comment_count":"0","filter":"raw"}],"booktrailer":"","resenas":"","linkebook":"","ficha":"","muestra":"","precioebook":"0","presentacion":""},"aioseo_notices":[],"_links":{"self":[{"href":"https:\/\/www.claret.cat\/es\/wp-json\/wp\/v2\/product\/1008854","targetHints":{"allow":["GET"]}}],"collection":[{"href":"https:\/\/www.claret.cat\/es\/wp-json\/wp\/v2\/product"}],"about":[{"href":"https:\/\/www.claret.cat\/es\/wp-json\/wp\/v2\/types\/product"}],"wp:featuredmedia":[{"embeddable":true,"href":"https:\/\/www.claret.cat\/es\/wp-json\/wp\/v2\/media\/1092558"}],"wp:attachment":[{"href":"https:\/\/www.claret.cat\/es\/wp-json\/wp\/v2\/media?parent=1008854"}],"wp:term":[{"taxonomy":"product_brand","embeddable":true,"href":"https:\/\/www.claret.cat\/es\/wp-json\/wp\/v2\/product_brand?post=1008854"},{"taxonomy":"product_cat","embeddable":true,"href":"https:\/\/www.claret.cat\/es\/wp-json\/wp\/v2\/product_cat?post=1008854"},{"taxonomy":"product_tag","embeddable":true,"href":"https:\/\/www.claret.cat\/es\/wp-json\/wp\/v2\/product_tag?post=1008854"}],"curies":[{"name":"wp","href":"https:\/\/api.w.org\/{rel}","templated":true}]}}

LA GRAN FAMÍLIA

<h1>Llibre guanyador del premi Òmnium a la millor novel·la de l’any 2025</h1>
<p></p>
<p><strong>Per què hi ha germans que s’assemblen com un ou a una castanya</strong> és una incògnita que la ciència no resol —i d’això se n’ocupa la literatura. El <strong>nou llibre d’Antònia Carré-Pons</strong> segueix el fil de vida de la <strong>Rateta i la Sió</strong>, dues germanes nascudes en una cansaladeria. Com en una casa de nines, <strong>les veurem evolucionar entre el terrat on imaginen històries</strong>, la botiga on regnen les matriarques i el soterrani on els homes esquarteren porcs i es xopen els davantals de sang. <strong>De la sang que tira</strong>, tant si és per fer-ne botifarres com per lligar-te a una forma de veure el món. Fins que <strong>la Rateta</strong> aconsegueix trencar amb el que s’esperava d’ella. <strong>Entra a la universitat</strong> i es converteix en una medievalista reconeguda. La Sió es queda a la botiga. I quan els fils de vida semblen separar-les sense remei, <strong>la sang les trena de nou</strong>: la germana petita està a punt de morir de la mateixa malaltia que ha superat la gran i que afecta totes les dones de la família. Després d’excel·lir en la comèdia, <strong>Carré-Pons ha imaginat una auca del senyor Esteve moderna</strong>. En una llengua transparent i concisa, <strong>explora les emocions infantils</strong> i els seus ecos en l’adultesa, <strong>sense cap concessió al sentimentalisme</strong> i amb una entrega completa a l’amor que li inspiren els seus personatges.</p>

<p>CARRÉ-PONS, ANTÒNIA</p>

CARRÉ-PONS, ANTÒNIA

Rústica
