{"id":1008878,"date":"2025-03-04T12:46:27","date_gmt":"2025-03-04T11:46:27","guid":{"rendered":"https:\/\/www.claret.cat\/llibre\/camins-per-a-la-transformacio-9788411213431\/"},"modified":"2025-09-30T18:10:12","modified_gmt":"2025-09-30T16:10:12","slug":"camins-per-a-la-transformacio-9788411213431","status":"publish","type":"product","link":"https:\/\/www.claret.cat\/es\/libro\/camins-per-a-la-transformacio-9788411213431\/","title":{"rendered":"CAMINS PER A LA TRANSFORMACI\u00d3"},"content":{"rendered":"<h3><strong>Camins per a la transformaci\u00f3: reflexions per afrontar el canvi global<\/strong><\/h3>\n<p><strong>Com podem respondre als desafiaments del m\u00f3n actual?<\/strong><\/p>\n<p>Vivim una \u00e8poca de transformacions profundes que generen incertesa i desarrelament. Aquest llibre, fruit d\u2019una reflexi\u00f3 ciutadana a <strong>Manresa<\/strong> durant el <strong>cinqu\u00e8 centenari de Sant Ignasi de Loiola<\/strong>, reuneix la visi\u00f3 de <strong>onze destacats pensadors<\/strong> que exploren com renovar la nostra connexi\u00f3 amb la <strong>Terra, la humanitat i el transcendent<\/strong>.<\/p>\n<p><strong>Temes clau del llibre:<\/strong><\/p>\n<p>Canvi cultural i espiritual en temps d\u2019incertesa<\/p>\n<p>Nova relaci\u00f3 amb la natura i el planeta<\/p>\n<p>Respostes innovadores als reptes de la societat actual<\/p>\n<p><strong>Un llibre imprescindible per comprendre i afrontar la transformaci\u00f3 global amb lucidesa i coratge.<\/strong><\/p>\n","protected":false},"excerpt":{"rendered":"<p>MELLONI, XAVIER \/ P\u00c9REZ TREVI\u00d1O, ORIOL<\/p>\n","protected":false},"featured_media":1013283,"template":"","meta":{"_acf_changed":false,"om_disable_all_campaigns":false,"rs_blank_template":"","rs_page_bg_color":"","slide_template_v7":"","inline_featured_image":false,"_monsterinsights_skip_tracking":false,"_monsterinsights_sitenote_active":false,"_monsterinsights_sitenote_note":"","_monsterinsights_sitenote_category":0},"product_brand":[],"product_cat":[244,494],"product_tag":[],"class_list":{"0":"post-1008878","1":"product","2":"type-product","3":"status-publish","4":"has-post-thumbnail","6":"product_cat-ignaciana","7":"product_cat-ignaciana-espiritualidad-1_espiritualidad","9":"first","10":"instock","11":"taxable","12":"shipping-taxable","13":"purchasable","14":"product-type-simple"},"acf":{"autor":"MELLONI, XAVIER \/ P\u00c9REZ TREVI\u00d1O, ORIOL","codart":"841121343","libros-coleccion":"FORA DE COL.LECCI\u00d3","ediciones":"1","encuadernacion":"R\u00fastica","fecha_de_publicacion":"01\/03\/2025","novedad":"1","paginas":"303","subtitulo":"","orden":"0","portada":"1","idioma":"cat","editorial":[{"ID":147993,"post_author":"3","post_date":"2022-10-14 11:54:48","post_date_gmt":"2022-10-14 09:54:48","post_content":"","post_title":"Editorial Kair\u00f3s SA","post_excerpt":"","post_status":"publish","comment_status":"closed","ping_status":"closed","post_password":"","post_name":"editorial-kairos-sa","to_ping":"","pinged":"","post_modified":"2022-10-14 11:54:48","post_modified_gmt":"2022-10-14 09:54:48","post_content_filtered":"","post_parent":0,"guid":"http:\/\/dev.claret.cat\/editorial\/editorial-kairos-sa\/","menu_order":0,"post_type":"editorial","post_mime_type":"","comment_count":"0","filter":"raw"}],"booktrailer":"","resenas":""},"aioseo_notices":[],"_links":{"self":[{"href":"https:\/\/www.claret.cat\/es\/wp-json\/wp\/v2\/product\/1008878","targetHints":{"allow":["GET"]}}],"collection":[{"href":"https:\/\/www.claret.cat\/es\/wp-json\/wp\/v2\/product"}],"about":[{"href":"https:\/\/www.claret.cat\/es\/wp-json\/wp\/v2\/types\/product"}],"wp:featuredmedia":[{"embeddable":true,"href":"https:\/\/www.claret.cat\/es\/wp-json\/wp\/v2\/media\/1013283"}],"wp:attachment":[{"href":"https:\/\/www.claret.cat\/es\/wp-json\/wp\/v2\/media?parent=1008878"}],"wp:term":[{"taxonomy":"product_brand","embeddable":true,"href":"https:\/\/www.claret.cat\/es\/wp-json\/wp\/v2\/product_brand?post=1008878"},{"taxonomy":"product_cat","embeddable":true,"href":"https:\/\/www.claret.cat\/es\/wp-json\/wp\/v2\/product_cat?post=1008878"},{"taxonomy":"product_tag","embeddable":true,"href":"https:\/\/www.claret.cat\/es\/wp-json\/wp\/v2\/product_tag?post=1008878"}],"curies":[{"name":"wp","href":"https:\/\/api.w.org\/{rel}","templated":true}]}}

CAMINS PER A LA TRANSFORMACIÓ

<h3><strong>Camins per a la transformació: reflexions per afrontar el canvi global</strong></h3>
<p><strong>Com podem respondre als desafiaments del món actual?</strong></p>
<p>Vivim una època de transformacions profundes que generen incertesa i desarrelament. Aquest llibre, fruit d’una reflexió ciutadana a <strong>Manresa</strong> durant el <strong>cinquè centenari de Sant Ignasi de Loiola</strong>, reuneix la visió de <strong>onze destacats pensadors</strong> que exploren com renovar la nostra connexió amb la <strong>Terra, la humanitat i el transcendent</strong>.</p>
<p><strong>Temes clau del llibre:</strong></p>
<p>Canvi cultural i espiritual en temps d’incertesa</p>
<p>Nova relació amb la natura i el planeta</p>
<p>Respostes innovadores als reptes de la societat actual</p>
<p><strong>Un llibre imprescindible per comprendre i afrontar la transformació global amb lucidesa i coratge.</strong></p>

<p>MELLONI, XAVIER / PÉREZ TREVIÑO, ORIOL</p>

MELLONI, XAVIER / PÉREZ TREVIÑO, ORIOL

FORA DE COL.LECCIÓ

Rústica

Editorial Kairós SA
