{"id":1008893,"date":"2025-03-04T12:55:02","date_gmt":"2025-03-04T11:55:02","guid":{"rendered":"https:\/\/www.claret.cat\/llibre\/la-terrible-adele-12-a-pescar-beneits-9788419183798\/"},"modified":"2025-12-02T13:45:45","modified_gmt":"2025-12-02T12:45:45","slug":"la-terrible-adele-12-a-pescar-beneits-9788419183798","status":"publish","type":"product","link":"https:\/\/www.claret.cat\/es\/libro\/la-terrible-adele-12-a-pescar-beneits-9788419183798\/","title":{"rendered":"LA TERRIBLE AD\u00c8LE 12. A PESCAR BENEITS!"},"content":{"rendered":"<p>La terrible Ad\u00e8le se&#8217;n va a prendre el sol. I la veritat \u00e9s que no s&#8217;ha oblidat res quan ha fet la maleta: ulleres de sol, gorro, banyador&#8230; i entremeliadures de tota mena. Per\u00f2 quan ja ho tenia tot a punt, s&#8217;ha trobat uns vells coneguts: els monitors del campament Les N\u00fatries Felices, que aquest estiu dirigeixen el centre de lleure infantil de la platja. Ufff&#8230;, aquest retrobament ser\u00e0 terrible!<\/p>\n","protected":false},"excerpt":{"rendered":"<p>MR TAN<\/p>\n","protected":false},"featured_media":1008901,"template":"","meta":{"_acf_changed":false,"om_disable_all_campaigns":false,"rs_blank_template":"","rs_page_bg_color":"","slide_template_v7":"","inline_featured_image":false,"_monsterinsights_skip_tracking":false,"_monsterinsights_sitenote_active":false,"_monsterinsights_sitenote_note":"","_monsterinsights_sitenote_category":0},"product_brand":[],"product_cat":[132,362],"product_tag":[],"class_list":{"0":"post-1008893","1":"product","2":"type-product","3":"status-publish","4":"has-post-thumbnail","6":"product_cat-lectures-per-preadolescents-6-12-anys","7":"product_cat-libros-preadolescentes-6-12-anos","9":"first","10":"instock","11":"taxable","12":"shipping-taxable","13":"purchasable","14":"product-type-simple"},"acf":{"autor":"MR TAN","codart":"841918379","libros-coleccion":"FORA DE COL.LECCI\u00d3","ediciones":"1","encuadernacion":"R\u00fastica","fecha_de_publicacion":"01\/03\/2025","novedad":"1","paginas":"96","subtitulo":"","orden":"0","portada":"0","idioma":"cat","editorial":[{"ID":148339,"post_author":"3","post_date":"2022-10-14 11:57:28","post_date_gmt":"2022-10-14 09:57:28","post_content":"","post_title":"K\u00f3mikids","post_excerpt":"","post_status":"publish","comment_status":"closed","ping_status":"closed","post_password":"","post_name":"komikids","to_ping":"","pinged":"","post_modified":"2022-10-14 11:57:28","post_modified_gmt":"2022-10-14 09:57:28","post_content_filtered":"","post_parent":0,"guid":"http:\/\/dev.claret.cat\/editorial\/komikids\/","menu_order":0,"post_type":"editorial","post_mime_type":"","comment_count":"0","filter":"raw"}],"booktrailer":"","resenas":""},"aioseo_notices":[],"_links":{"self":[{"href":"https:\/\/www.claret.cat\/es\/wp-json\/wp\/v2\/product\/1008893","targetHints":{"allow":["GET"]}}],"collection":[{"href":"https:\/\/www.claret.cat\/es\/wp-json\/wp\/v2\/product"}],"about":[{"href":"https:\/\/www.claret.cat\/es\/wp-json\/wp\/v2\/types\/product"}],"wp:featuredmedia":[{"embeddable":true,"href":"https:\/\/www.claret.cat\/es\/wp-json\/wp\/v2\/media\/1008901"}],"wp:attachment":[{"href":"https:\/\/www.claret.cat\/es\/wp-json\/wp\/v2\/media?parent=1008893"}],"wp:term":[{"taxonomy":"product_brand","embeddable":true,"href":"https:\/\/www.claret.cat\/es\/wp-json\/wp\/v2\/product_brand?post=1008893"},{"taxonomy":"product_cat","embeddable":true,"href":"https:\/\/www.claret.cat\/es\/wp-json\/wp\/v2\/product_cat?post=1008893"},{"taxonomy":"product_tag","embeddable":true,"href":"https:\/\/www.claret.cat\/es\/wp-json\/wp\/v2\/product_tag?post=1008893"}],"curies":[{"name":"wp","href":"https:\/\/api.w.org\/{rel}","templated":true}]}}

LA TERRIBLE ADÈLE 12. A PESCAR BENEITS!

<p>La terrible Adèle se&#8217;n va a prendre el sol. I la veritat és que no s&#8217;ha oblidat res quan ha fet la maleta: ulleres de sol, gorro, banyador&#8230; i entremeliadures de tota mena. Però quan ja ho tenia tot a punt, s&#8217;ha trobat uns vells coneguts: els monitors del campament Les Nútries Felices, que aquest estiu dirigeixen el centre de lleure infantil de la platja. Ufff&#8230;, aquest retrobament serà terrible!</p>

FORA DE COL.LECCIÓ

Rústica

Kómikids
