{"id":1009215,"date":"2025-03-05T12:30:02","date_gmt":"2025-03-05T11:30:02","guid":{"rendered":"https:\/\/www.claret.cat\/llibre\/pederastia-en-la-iglesia-y-la-sociedad-la-9788419979698\/"},"modified":"2025-03-05T13:35:15","modified_gmt":"2025-03-05T12:35:15","slug":"pederastia-en-la-iglesia-y-la-sociedad-la-9788419979698","status":"publish","type":"product","link":"https:\/\/www.claret.cat\/es\/libro\/pederastia-en-la-iglesia-y-la-sociedad-la-9788419979698\/","title":{"rendered":"PEDERASTIA EN LA IGLESIA Y LA SOCIEDAD, LA"},"content":{"rendered":"<p><strong>La verdad oculta sobre los abusos a menores en Espa\u00f1a.<\/strong><\/p>\n<p><strong>\u00bfPor qu\u00e9 el poder pol\u00edtico ha convertido a la Iglesia en chivo expiatorio mientras ignora miles de v\u00edctimas?<\/strong><\/p>\n<p>La violencia sexual contra menores es una <strong>crisis creciente en Espa\u00f1a<\/strong>, con m\u00e1s de <strong>9.000 casos anuales<\/strong>. Sin embargo, los poderes p\u00fablicos han decidido centrar la atenci\u00f3n exclusivamente en la Iglesia cat\u00f3lica, que representa <strong>menos del 1%<\/strong> de los abusos, desviando as\u00ed la mirada del verdadero problema.<\/p>\n<p>Este <strong>an\u00e1lisis demoledor<\/strong>, basado en <strong>datos oficiales, informes y estudios<\/strong>, demuestra c\u00f3mo el <strong>Congreso de los Diputados y el Defensor del Pueblo<\/strong> han llevado a cabo una <strong>investigaci\u00f3n sesgada<\/strong>, ignorando deliberadamente a miles de v\u00edctimas fuera del \u00e1mbito eclesi\u00e1stico.<\/p>\n<p><strong>Una obra imprescindible que revela la verdad sobre la epidemia silenciosa de abusos a menores y la manipulaci\u00f3n pol\u00edtica del problema.<\/strong><\/p>\n","protected":false},"excerpt":{"rendered":"<p>MIR\u00d3 I ARD\u00c9VOL, JOSEP<\/p>\n","protected":false},"featured_media":1009368,"template":"","meta":{"_acf_changed":false,"om_disable_all_campaigns":false,"rs_blank_template":"","rs_page_bg_color":"","slide_template_v7":"","inline_featured_image":false,"_monsterinsights_skip_tracking":false,"_monsterinsights_sitenote_active":false,"_monsterinsights_sitenote_note":"","_monsterinsights_sitenote_category":0},"product_brand":[],"product_cat":[93,543],"product_tag":[],"class_list":{"0":"post-1009215","1":"product","2":"type-product","3":"status-publish","4":"has-post-thumbnail","6":"product_cat-eclesiologia","7":"product_cat-eclesiologia-es","9":"first","10":"instock","11":"taxable","12":"shipping-taxable","13":"purchasable","14":"product-type-simple"},"acf":{"autor":"MIR\u00d3 I ARD\u00c9VOL, JOSEP","codart":"841997969","libros-coleccion":"REFLEJOS DE ACTUALIDAD-SEKOTIA","ediciones":"1","encuadernacion":"Carpeta","fecha_de_publicacion":"01\/03\/2025","novedad":"1","paginas":"286","subtitulo":"EL GRAN CHIVO EXPIATORIO","orden":"0","portada":"0","idioma":"spa","editorial":[{"ID":147919,"post_author":"3","post_date":"2022-10-14 11:54:15","post_date_gmt":"2022-10-14 09:54:15","post_content":"","post_title":"EDITORIAL ALMUZARA","post_excerpt":"","post_status":"publish","comment_status":"closed","ping_status":"closed","post_password":"","post_name":"editorial-almuzara","to_ping":"","pinged":"","post_modified":"2022-10-14 11:54:15","post_modified_gmt":"2022-10-14 09:54:15","post_content_filtered":"","post_parent":0,"guid":"http:\/\/dev.claret.cat\/editorial\/editorial-almuzara\/","menu_order":0,"post_type":"editorial","post_mime_type":"","comment_count":"0","filter":"raw"}]},"aioseo_notices":[],"_links":{"self":[{"href":"https:\/\/www.claret.cat\/es\/wp-json\/wp\/v2\/product\/1009215","targetHints":{"allow":["GET"]}}],"collection":[{"href":"https:\/\/www.claret.cat\/es\/wp-json\/wp\/v2\/product"}],"about":[{"href":"https:\/\/www.claret.cat\/es\/wp-json\/wp\/v2\/types\/product"}],"wp:featuredmedia":[{"embeddable":true,"href":"https:\/\/www.claret.cat\/es\/wp-json\/wp\/v2\/media\/1009368"}],"wp:attachment":[{"href":"https:\/\/www.claret.cat\/es\/wp-json\/wp\/v2\/media?parent=1009215"}],"wp:term":[{"taxonomy":"product_brand","embeddable":true,"href":"https:\/\/www.claret.cat\/es\/wp-json\/wp\/v2\/product_brand?post=1009215"},{"taxonomy":"product_cat","embeddable":true,"href":"https:\/\/www.claret.cat\/es\/wp-json\/wp\/v2\/product_cat?post=1009215"},{"taxonomy":"product_tag","embeddable":true,"href":"https:\/\/www.claret.cat\/es\/wp-json\/wp\/v2\/product_tag?post=1009215"}],"curies":[{"name":"wp","href":"https:\/\/api.w.org\/{rel}","templated":true}]}}

<p><strong>La verdad oculta sobre los abusos a menores en España.</strong></p>
<p><strong>¿Por qué el poder político ha convertido a la Iglesia en chivo expiatorio mientras ignora miles de víctimas?</strong></p>
<p>La violencia sexual contra menores es una <strong>crisis creciente en España</strong>, con más de <strong>9.000 casos anuales</strong>. Sin embargo, los poderes públicos han decidido centrar la atención exclusivamente en la Iglesia católica, que representa <strong>menos del 1%</strong> de los abusos, desviando así la mirada del verdadero problema.</p>
<p>Este <strong>análisis demoledor</strong>, basado en <strong>datos oficiales, informes y estudios</strong>, demuestra cómo el <strong>Congreso de los Diputados y el Defensor del Pueblo</strong> han llevado a cabo una <strong>investigación sesgada</strong>, ignorando deliberadamente a miles de víctimas fuera del ámbito eclesiástico.</p>
<p><strong>Una obra imprescindible que revela la verdad sobre la epidemia silenciosa de abusos a menores y la manipulación política del problema.</strong></p>

<p>MIRÓ I ARDÉVOL, JOSEP</p>

MIRÓ I ARDÉVOL, JOSEP
