{"id":1009247,"date":"2025-03-05T12:45:40","date_gmt":"2025-03-05T11:45:40","guid":{"rendered":"https:\/\/www.claret.cat\/llibre\/una-abracada-de-bona-nit-9788413494319\/"},"modified":"2026-01-09T12:35:34","modified_gmt":"2026-01-09T11:35:34","slug":"una-abracada-de-bona-nit-9788413494319","status":"publish","type":"product","link":"https:\/\/www.claret.cat\/es\/libro\/una-abracada-de-bona-nit-9788413494319\/","title":{"rendered":"UNA ABRA\u00c7ADA DE BONA NIT"},"content":{"rendered":"<p>Un conte per compartir i gaudir amb els infants aquell moment tan especial d&#8217;anar al llit. Amb escenes plenes de tendresa que conviden a dormir i a tenir dol\u00e7os somnis. Un meravell\u00f3s llibre per a gaudir en fam\u00edlia, ideal per a llegir amb els infants abans de dormir.<br \/>Ajuda els infants a refor\u00e7ar el vincle amb les persones que estimen i a millorar la confian\u00e7a en ells mateixos.<br \/>Perfecte per a regalar, amb precioses il\u00b7lustracions a tot color i originals p\u00e0gines desplegables que formen boniques figures.<\/p>\n","protected":false},"excerpt":{"rendered":"<p>HEGARTY, PATRICIA<\/p>\n","protected":false},"featured_media":1009248,"template":"","meta":{"_acf_changed":false,"om_disable_all_campaigns":false,"rs_blank_template":"","rs_page_bg_color":"","slide_template_v7":"","inline_featured_image":false,"_monsterinsights_skip_tracking":false,"_monsterinsights_sitenote_active":false,"_monsterinsights_sitenote_note":"","_monsterinsights_sitenote_category":0},"product_brand":[],"product_cat":[131,361],"product_tag":[],"class_list":{"0":"post-1009247","1":"product","2":"type-product","3":"status-publish","4":"has-post-thumbnail","6":"product_cat-contes-per-infants-0-6-anys","7":"product_cat-cuentos-para-ninos-0-6-anos","9":"first","10":"instock","11":"taxable","12":"shipping-taxable","13":"purchasable","14":"product-type-simple"},"acf":{"autor":"HEGARTY, PATRICIA","codart":"841349431","libros-coleccion":"Catal\u00e1 - A Partir De 0 Anys - Contes - A","ediciones":"1","encuadernacion":"Carton\u00e9","fecha_de_publicacion":"01\/03\/2025","novedad":"1","paginas":"26","subtitulo":"","orden":"0","portada":"0","idioma":"cat","editorial":[{"ID":147936,"post_author":"3","post_date":"2022-10-14 11:54:22","post_date_gmt":"2022-10-14 09:54:22","post_content":"","post_title":"Editorial Bru\u00f1o","post_excerpt":"","post_status":"publish","comment_status":"closed","ping_status":"closed","post_password":"","post_name":"editorial-bruno","to_ping":"","pinged":"","post_modified":"2022-10-14 11:54:22","post_modified_gmt":"2022-10-14 09:54:22","post_content_filtered":"","post_parent":0,"guid":"http:\/\/dev.claret.cat\/editorial\/editorial-bruno\/","menu_order":0,"post_type":"editorial","post_mime_type":"","comment_count":"0","filter":"raw"}],"booktrailer":"","resenas":""},"aioseo_notices":[],"_links":{"self":[{"href":"https:\/\/www.claret.cat\/es\/wp-json\/wp\/v2\/product\/1009247","targetHints":{"allow":["GET"]}}],"collection":[{"href":"https:\/\/www.claret.cat\/es\/wp-json\/wp\/v2\/product"}],"about":[{"href":"https:\/\/www.claret.cat\/es\/wp-json\/wp\/v2\/types\/product"}],"wp:featuredmedia":[{"embeddable":true,"href":"https:\/\/www.claret.cat\/es\/wp-json\/wp\/v2\/media\/1009248"}],"wp:attachment":[{"href":"https:\/\/www.claret.cat\/es\/wp-json\/wp\/v2\/media?parent=1009247"}],"wp:term":[{"taxonomy":"product_brand","embeddable":true,"href":"https:\/\/www.claret.cat\/es\/wp-json\/wp\/v2\/product_brand?post=1009247"},{"taxonomy":"product_cat","embeddable":true,"href":"https:\/\/www.claret.cat\/es\/wp-json\/wp\/v2\/product_cat?post=1009247"},{"taxonomy":"product_tag","embeddable":true,"href":"https:\/\/www.claret.cat\/es\/wp-json\/wp\/v2\/product_tag?post=1009247"}],"curies":[{"name":"wp","href":"https:\/\/api.w.org\/{rel}","templated":true}]}}

UNA ABRAÇADA DE BONA NIT

<p>Un conte per compartir i gaudir amb els infants aquell moment tan especial d&#8217;anar al llit. Amb escenes plenes de tendresa que conviden a dormir i a tenir dolços somnis. Un meravellós llibre per a gaudir en família, ideal per a llegir amb els infants abans de dormir.<br />Ajuda els infants a reforçar el vincle amb les persones que estimen i a millorar la confiança en ells mateixos.<br />Perfecte per a regalar, amb precioses il·lustracions a tot color i originals pàgines desplegables que formen boniques figures.</p>

Catalá - A Partir De 0 Anys - Contes - A

Cartoné

Editorial Bruño
