{"id":1009587,"date":"2025-03-06T10:20:02","date_gmt":"2025-03-06T09:20:02","guid":{"rendered":"https:\/\/www.claret.cat\/llibre\/super-estructura-y-estructura-9788497156097\/"},"modified":"2026-02-20T13:20:56","modified_gmt":"2026-02-20T12:20:56","slug":"super-estructura-y-estructura-9788497156097","status":"publish","type":"product","link":"https:\/\/www.claret.cat\/es\/libro\/super-estructura-y-estructura-9788497156097\/","title":{"rendered":"SUPER ESTRUCTURA Y ESTRUCTURA"},"content":{"rendered":"<p><\/p>\n<p>\u201cDurante mucho tiempo se ha considerado que la realidad social estaba determinada por la esfera de las relaciones econ\u00f3micas. La econom\u00eda, las finanzas, el mercado y el trabajo ser\u00edan las principales causas que dan forma a las organizaciones civiles, a los equilibrios pol\u00edticos y a los valores \u00e9ticos. Esta perspectiva surge de doctrinas materialistas de derechas y de izquierdas que actualmente se han difundido ampliamente en el mundo occidental, y m\u00e1s all\u00e1 tambi\u00e9n. Sin embargo, numerosos estudios hacen hincapi\u00e9 en que el papel de las instituciones pol\u00edticas no es siempre una superestructura que simplemente responde a las necesidades de la econom\u00eda. Es m\u00e1s, el an\u00e1lisis hist\u00f3rico subraya que el desarrollo integral de un sistema siempre es resultado de una din\u00e1mica en la que cambian y evolucionan conjuntamente los niveles pol\u00edticos, econ\u00f3micos, sociales, religiosos y culturales. Sobre todo hoy, la redefinici\u00f3n de un nuevo orden global nace de una comprensi\u00f3n completa del devenir hist\u00f3rico-social\u201d.&nbsp;<\/p>\n<p>&nbsp;<\/p>\n<p>Este trabajo de Rocco Pezzimenti, docente de Filosof\u00eda Pol\u00edtica, quiere demostrar el peso de las instituciones pol\u00edticas en el desarrollo econ\u00f3mico a trav\u00e9s de un perfil no solo te\u00f3rico sino tambi\u00e9n hist\u00f3rico<\/p>\n","protected":false},"excerpt":{"rendered":"<p>PEZZIMENTI, ROCCO<\/p>\n","protected":false},"featured_media":1085256,"template":"","meta":{"_acf_changed":false,"om_disable_all_campaigns":false,"rs_blank_template":"","rs_page_bg_color":"","slide_template_v7":"","inline_featured_image":false,"_monsterinsights_skip_tracking":false,"_monsterinsights_sitenote_active":false,"_monsterinsights_sitenote_note":"","_monsterinsights_sitenote_category":0},"product_brand":[],"product_cat":[162,436],"product_tag":[],"class_list":{"0":"post-1009587","1":"product","2":"type-product","3":"status-publish","4":"has-post-thumbnail","6":"product_cat-economica-i-politica","7":"product_cat-economica-y-politica","9":"first","10":"instock","11":"taxable","12":"shipping-taxable","13":"purchasable","14":"product-type-simple"},"acf":{"autor":"PEZZIMENTI, ROCCO","codart":"849715609","libros-coleccion":"Enfoques","ediciones":"1","encuadernacion":"R\u00fastica","fecha_de_publicacion":"27\/02\/2025","novedad":"1","paginas":"362","subtitulo":"ENSAYO SOBRE EL ORIGEN DEL DESARROLLO ECON\u00d3MICO","orden":"0","portada":"0","idioma":"spa","editorial":[{"ID":6157,"post_author":"3","post_date":"2022-07-28 17:46:07","post_date_gmt":"2022-07-28 15:46:07","post_content":"","post_title":"Ciudad Nueva","post_excerpt":"","post_status":"publish","comment_status":"closed","ping_status":"closed","post_password":"","post_name":"ciudad-nueva","to_ping":"","pinged":"","post_modified":"2022-07-28 17:46:07","post_modified_gmt":"2022-07-28 15:46:07","post_content_filtered":"","post_parent":0,"guid":"http:\/\/dev.claret.cat\/editorial\/ciudad-nueva\/","menu_order":0,"post_type":"editorial","post_mime_type":"","comment_count":"0","filter":"raw"}],"booktrailer":"","resenas":""},"aioseo_notices":[],"_links":{"self":[{"href":"https:\/\/www.claret.cat\/es\/wp-json\/wp\/v2\/product\/1009587","targetHints":{"allow":["GET"]}}],"collection":[{"href":"https:\/\/www.claret.cat\/es\/wp-json\/wp\/v2\/product"}],"about":[{"href":"https:\/\/www.claret.cat\/es\/wp-json\/wp\/v2\/types\/product"}],"wp:featuredmedia":[{"embeddable":true,"href":"https:\/\/www.claret.cat\/es\/wp-json\/wp\/v2\/media\/1085256"}],"wp:attachment":[{"href":"https:\/\/www.claret.cat\/es\/wp-json\/wp\/v2\/media?parent=1009587"}],"wp:term":[{"taxonomy":"product_brand","embeddable":true,"href":"https:\/\/www.claret.cat\/es\/wp-json\/wp\/v2\/product_brand?post=1009587"},{"taxonomy":"product_cat","embeddable":true,"href":"https:\/\/www.claret.cat\/es\/wp-json\/wp\/v2\/product_cat?post=1009587"},{"taxonomy":"product_tag","embeddable":true,"href":"https:\/\/www.claret.cat\/es\/wp-json\/wp\/v2\/product_tag?post=1009587"}],"curies":[{"name":"wp","href":"https:\/\/api.w.org\/{rel}","templated":true}]}}

<p></p>
<p>“Durante mucho tiempo se ha considerado que la realidad social estaba determinada por la esfera de las relaciones económicas. La economía, las finanzas, el mercado y el trabajo serían las principales causas que dan forma a las organizaciones civiles, a los equilibrios políticos y a los valores éticos. Esta perspectiva surge de doctrinas materialistas de derechas y de izquierdas que actualmente se han difundido ampliamente en el mundo occidental, y más allá también. Sin embargo, numerosos estudios hacen hincapié en que el papel de las instituciones políticas no es siempre una superestructura que simplemente responde a las necesidades de la economía. Es más, el análisis histórico subraya que el desarrollo integral de un sistema siempre es resultado de una dinámica en la que cambian y evolucionan conjuntamente los niveles políticos, económicos, sociales, religiosos y culturales. Sobre todo hoy, la redefinición de un nuevo orden global nace de una comprensión completa del devenir histórico-social”.&nbsp;</p>
<p>&nbsp;</p>
<p>Este trabajo de Rocco Pezzimenti, docente de Filosofía Política, quiere demostrar el peso de las instituciones políticas en el desarrollo económico a través de un perfil no solo teórico sino también histórico</p>

Rústica

ENSAYO SOBRE EL ORIGEN DEL DESARROLLO ECONÓMICO
