{"id":1009769,"date":"2025-03-07T10:45:02","date_gmt":"2025-03-07T09:45:02","guid":{"rendered":"https:\/\/www.claret.cat\/llibre\/la-biblia-de-la-meva-primera-comunio-9788428571777\/"},"modified":"2026-04-24T13:32:02","modified_gmt":"2026-04-24T11:32:02","slug":"la-biblia-de-la-meva-primera-comunio-9788428571777","status":"publish","type":"product","link":"https:\/\/www.claret.cat\/es\/libro\/la-biblia-de-la-meva-primera-comunio-9788428571777\/","title":{"rendered":"LA BIBLIA DE LA MEVA PRIMERA COMUNI\u00d3"},"content":{"rendered":"<p>Aquesta <strong>B\u00edblia per a la Primera Comuni\u00f3<\/strong> \u00e9s un record especial que permet als nens con\u00e8ixer <strong>m\u00e9s de 60 relats b\u00edblics<\/strong> explicats amb un <strong>llenguatge senzill<\/strong> i il\u00b7lustracions atractives. Un viatge fascinant per les hist\u00f2ries m\u00e9s emblem\u00e0tiques de la <strong>Sagrada Escriptura<\/strong>, des del <strong>G\u00e8nesi fins a l\u2019Apocalipsi<\/strong>: la <strong>creaci\u00f3 del m\u00f3n<\/strong>, l\u2019<strong>arca de No\u00e8<\/strong>, la vida de <strong>Mois\u00e8s i David<\/strong>, la hist\u00f2ria de <strong>Jon\u00e0s i la balena<\/strong>, el <strong>naixement de Jes\u00fas<\/strong>, els <strong>miracles i par\u00e0boles<\/strong>, la seva <strong>mort i resurrecci\u00f3<\/strong>, i la <strong>vinguda de l\u2019Esperit Sant<\/strong>.<\/p>\n<p>Un llibre perfecte per ajudar els m\u00e9s petits a descobrir la fe i apropar-se a la <strong>B\u00edblia d\u2019una manera amena i comprensible<\/strong>.<\/p>\n","protected":false},"excerpt":{"rendered":"<p>GODFREY, JAN; BERTOLINI GRUDINA  , PAOLA<\/p>\n","protected":false},"featured_media":1009826,"template":"","meta":{"_acf_changed":false,"om_disable_all_campaigns":false,"rs_blank_template":"","rs_page_bg_color":"","slide_template_v7":"","inline_featured_image":false,"_monsterinsights_skip_tracking":false,"_monsterinsights_sitenote_active":false,"_monsterinsights_sitenote_note":"","_monsterinsights_sitenote_category":0},"product_brand":[],"product_cat":[420,296,312],"product_tag":[],"class_list":{"0":"post-1009769","1":"product","2":"type-product","3":"status-publish","4":"has-post-thumbnail","6":"product_cat-biblias","7":"product_cat-biblies","8":"product_cat-portada","10":"first","11":"instock","12":"taxable","13":"shipping-taxable","14":"purchasable","15":"product-type-simple"},"acf":{"autor":"GODFREY, JAN; BERTOLINI GRUDINA  , PAOLA","codart":"842857177","libros-coleccion":"SAN PABLO - LA BIBLIA Y LOS NI\u00d1OS","ediciones":"1","encuadernacion":"Carton\u00e9","fecha_de_publicacion":"14\/02\/2025","novedad":"1","paginas":"144","subtitulo":"DE LA MEVA PRIMERA COMUNI\u00d3","orden":"0","portada":"0","idioma":"cat","editorial":[{"ID":6356,"post_author":"3","post_date":"2022-07-28 17:50:26","post_date_gmt":"2022-07-28 15:50:26","post_content":"","post_title":"SAN PABLO COMUNICACI\u00d3N","post_excerpt":"","post_status":"publish","comment_status":"closed","ping_status":"closed","post_password":"","post_name":"san-pablo-comunicacion","to_ping":"","pinged":"","post_modified":"2022-07-28 17:50:26","post_modified_gmt":"2022-07-28 15:50:26","post_content_filtered":"","post_parent":0,"guid":"http:\/\/dev.claret.cat\/editorial\/san-pablo-comunicacion\/","menu_order":0,"post_type":"editorial","post_mime_type":"","comment_count":"0","filter":"raw"}],"booktrailer":"","resenas":""},"aioseo_notices":[],"_links":{"self":[{"href":"https:\/\/www.claret.cat\/es\/wp-json\/wp\/v2\/product\/1009769","targetHints":{"allow":["GET"]}}],"collection":[{"href":"https:\/\/www.claret.cat\/es\/wp-json\/wp\/v2\/product"}],"about":[{"href":"https:\/\/www.claret.cat\/es\/wp-json\/wp\/v2\/types\/product"}],"wp:featuredmedia":[{"embeddable":true,"href":"https:\/\/www.claret.cat\/es\/wp-json\/wp\/v2\/media\/1009826"}],"wp:attachment":[{"href":"https:\/\/www.claret.cat\/es\/wp-json\/wp\/v2\/media?parent=1009769"}],"wp:term":[{"taxonomy":"product_brand","embeddable":true,"href":"https:\/\/www.claret.cat\/es\/wp-json\/wp\/v2\/product_brand?post=1009769"},{"taxonomy":"product_cat","embeddable":true,"href":"https:\/\/www.claret.cat\/es\/wp-json\/wp\/v2\/product_cat?post=1009769"},{"taxonomy":"product_tag","embeddable":true,"href":"https:\/\/www.claret.cat\/es\/wp-json\/wp\/v2\/product_tag?post=1009769"}],"curies":[{"name":"wp","href":"https:\/\/api.w.org\/{rel}","templated":true}]}}

LA BIBLIA DE LA MEVA PRIMERA COMUNIÓ

<p>Aquesta <strong>Bíblia per a la Primera Comunió</strong> és un record especial que permet als nens conèixer <strong>més de 60 relats bíblics</strong> explicats amb un <strong>llenguatge senzill</strong> i il·lustracions atractives. Un viatge fascinant per les històries més emblemàtiques de la <strong>Sagrada Escriptura</strong>, des del <strong>Gènesi fins a l’Apocalipsi</strong>: la <strong>creació del món</strong>, l’<strong>arca de Noè</strong>, la vida de <strong>Moisès i David</strong>, la història de <strong>Jonàs i la balena</strong>, el <strong>naixement de Jesús</strong>, els <strong>miracles i paràboles</strong>, la seva <strong>mort i resurrecció</strong>, i la <strong>vinguda de l’Esperit Sant</strong>.</p>
<p>Un llibre perfecte per ajudar els més petits a descobrir la fe i apropar-se a la <strong>Bíblia d’una manera amena i comprensible</strong>.</p>

SAN PABLO - LA BIBLIA Y LOS NIÑOS

Cartoné

DE LA MEVA PRIMERA COMUNIÓ

SAN PABLO COMUNICACIÓN
