{"id":1010092,"date":"2025-03-10T13:16:23","date_gmt":"2025-03-10T12:16:23","guid":{"rendered":"https:\/\/www.claret.cat\/llibre\/un-futuro-prometedor-los-anos-gloriosos-3-9788410340602\/"},"modified":"2025-03-10T17:46:07","modified_gmt":"2025-03-10T16:46:07","slug":"un-futuro-prometedor-los-anos-gloriosos-3-9788410340602","status":"publish","type":"product","link":"https:\/\/www.claret.cat\/es\/libro\/un-futuro-prometedor-los-anos-gloriosos-3-9788410340602\/","title":{"rendered":"UN FUTURO PROMETEDOR (LOS A\u00d1OS GLORIOSOS 3)"},"content":{"rendered":"<p>PAR\u00cdS, PRAGA, 1959 Una trama llena de acci\u00f3n, mucho suspense y giros inesperados, con la Guerra Fr\u00eda y la amenaza nuclear como tel\u00f3n de fondo Vuelve Pierre Lemaitre con su saga sobre la familia Pelletier.  Iniciado hace m\u00e1s de diez a\u00f1os con Nos vemos all\u00e1 arriba (Premio Goncourt 2013), el monumental proyecto de Pierre Lemaitre de ofrecer una historia subjetiva, incuestionable y sobre todo gozosa del siglo XX, que no ha cesado de sumar lectores y elogios de la cr\u00edtica, prosigue con Un futuro prometedor, un sabros\u00edsimo relato lleno de giros, misterio, tensi\u00f3n, esp\u00edas y amor en el contexto de la Guerra Fr\u00eda. Tras vender su f\u00e1brica de jab\u00f3n en Beirut, el matrimonio Pelletier se instala en la apacible campi\u00f1a francesa, donde recibe la visita regular de sus tres hijos y sus numerosos nietos. Corre el a\u00f1o 1959 y la vida parece sonre\u00edr a los Pelletier, pese a que el sombr\u00edo panorama pol\u00edtico nacional e internacional no invita al optimismo. Pero todo cambia cuando, en plena Guerra Fr\u00eda y con el comunismo en horas altas, uno de sus hijos debe dirigir una peligrosa misi\u00f3n en Praga, detr\u00e1s del Tel\u00f3n de Acero, de la que no sabe si va a poder salir indemne o ni siquiera vivo&#8230; Atrapado en una ciudad donde reinan la polic\u00eda, el ej\u00e9rcito, los delatores y los informadores, deber\u00e1 superar una prueba a la que se ha comprometido en nombre de un valor moral que considera superior. Esta aventura afectar\u00e1 profundamente a la familia y pondr\u00e1 a prueba el v\u00ednculo afectivo y la solidez de los lazos de todos sus miembros. Tercera entrega de la saga familiar sobre el clan Pelletier, Un futuro prometedor es un aut\u00e9ntico homenaje a la novela de acci\u00f3n con la amenaza nuclear como tel\u00f3n de fondo. En ella, Pierre Lemaitre nos ofrece, una vez m\u00e1s, un retrato exultante de una \u00e9poca tan turbulenta como fascinante.La cr\u00edtica ha dicho&#8230;<br \/>\u00abUn autor que cautiva y encandila h\u00e1bilmente al lector. [&#8230;] Arte con may\u00fasculas.\u00bb<br \/>Le Figaro Litt\u00e9raire \u00abUna gran sagafamiliar regulada como un reloj, que mezcla con inusitada habilidad la historia particular con la general.\u00bb<br \/>La Presse \u00abPierre Lemaitre regresa con su prodigiosa inventiva [&#8230;] para hincarle el diente con glotoner\u00eda a las insensateces de una \u00e9poca.\u00bb<br \/>Les \u00c9chos \u00abUn palpitante fresco proyectado con excepcional minucia.\u00bb<br \/>Le Devoir\u00abUn autor que no teme a nada y al que el p\u00fablico acompa\u00f1a con los ojos cerrados.\u00bb<br \/>L&#8221;Express \u00abUn impresionante fresco familiar.\u00bb<br \/>France Info \u00abUn regalo ahora y siempre.\u00bb<br \/>Le Parisien \u00abUna sorprendente comedia humana.\u00bb<br \/>Le Figaro Magazine\u00abEl novelista va directo al grano, con ganas de vivir y una gran riqueza de lecturas populares, desde Zola, Dumas y Flaubert hasta Roger Martin du Gard y Georges Simenon.\u00bb<br \/>T\u00e9l\u00e9rama<\/p>\n","protected":false},"excerpt":{"rendered":"<p>LEMAITRE, PIERRE<\/p>\n","protected":false},"featured_media":1010093,"template":"","meta":{"_acf_changed":false,"om_disable_all_campaigns":false,"rs_blank_template":"","rs_page_bg_color":"","slide_template_v7":"","inline_featured_image":false,"_monsterinsights_skip_tracking":false,"_monsterinsights_sitenote_active":false,"_monsterinsights_sitenote_note":"","_monsterinsights_sitenote_category":0},"product_brand":[],"product_cat":[127,357],"product_tag":[],"class_list":{"0":"post-1010092","1":"product","2":"type-product","3":"status-publish","4":"has-post-thumbnail","6":"product_cat-novella-contemporania","7":"product_cat-novela-contemporanea","9":"first","10":"instock","11":"taxable","12":"shipping-taxable","13":"purchasable","14":"product-type-simple"},"acf":{"autor":"LEMAITRE, PIERRE","codart":"841034060","libros-coleccion":"FORA DE COL.LECCI\u00d3","ediciones":"1","encuadernacion":"R\u00fastica","fecha_de_publicacion":"01\/03\/2025","novedad":"1","paginas":"560","subtitulo":"","orden":"0","portada":"0","idioma":"spa","editorial":[{"ID":6352,"post_author":"3","post_date":"2022-07-28 17:50:21","post_date_gmt":"2022-07-28 15:50:21","post_content":"","post_title":"SALAMANDRA","post_excerpt":"","post_status":"publish","comment_status":"closed","ping_status":"closed","post_password":"","post_name":"salamandra","to_ping":"","pinged":"","post_modified":"2022-07-28 17:50:21","post_modified_gmt":"2022-07-28 15:50:21","post_content_filtered":"","post_parent":0,"guid":"http:\/\/dev.claret.cat\/editorial\/salamandra\/","menu_order":0,"post_type":"editorial","post_mime_type":"","comment_count":"0","filter":"raw"}]},"aioseo_notices":[],"_links":{"self":[{"href":"https:\/\/www.claret.cat\/es\/wp-json\/wp\/v2\/product\/1010092","targetHints":{"allow":["GET"]}}],"collection":[{"href":"https:\/\/www.claret.cat\/es\/wp-json\/wp\/v2\/product"}],"about":[{"href":"https:\/\/www.claret.cat\/es\/wp-json\/wp\/v2\/types\/product"}],"wp:featuredmedia":[{"embeddable":true,"href":"https:\/\/www.claret.cat\/es\/wp-json\/wp\/v2\/media\/1010093"}],"wp:attachment":[{"href":"https:\/\/www.claret.cat\/es\/wp-json\/wp\/v2\/media?parent=1010092"}],"wp:term":[{"taxonomy":"product_brand","embeddable":true,"href":"https:\/\/www.claret.cat\/es\/wp-json\/wp\/v2\/product_brand?post=1010092"},{"taxonomy":"product_cat","embeddable":true,"href":"https:\/\/www.claret.cat\/es\/wp-json\/wp\/v2\/product_cat?post=1010092"},{"taxonomy":"product_tag","embeddable":true,"href":"https:\/\/www.claret.cat\/es\/wp-json\/wp\/v2\/product_tag?post=1010092"}],"curies":[{"name":"wp","href":"https:\/\/api.w.org\/{rel}","templated":true}]}}

UN FUTURO PROMETEDOR (LOS AÑOS GLORIOSOS 3)

<p>PARÍS, PRAGA, 1959 Una trama llena de acción, mucho suspense y giros inesperados, con la Guerra Fría y la amenaza nuclear como telón de fondo Vuelve Pierre Lemaitre con su saga sobre la familia Pelletier.  Iniciado hace más de diez años con Nos vemos allá arriba (Premio Goncourt 2013), el monumental proyecto de Pierre Lemaitre de ofrecer una historia subjetiva, incuestionable y sobre todo gozosa del siglo XX, que no ha cesado de sumar lectores y elogios de la crítica, prosigue con Un futuro prometedor, un sabrosísimo relato lleno de giros, misterio, tensión, espías y amor en el contexto de la Guerra Fría. Tras vender su fábrica de jabón en Beirut, el matrimonio Pelletier se instala en la apacible campiña francesa, donde recibe la visita regular de sus tres hijos y sus numerosos nietos. Corre el año 1959 y la vida parece sonreír a los Pelletier, pese a que el sombrío panorama político nacional e internacional no invita al optimismo. Pero todo cambia cuando, en plena Guerra Fría y con el comunismo en horas altas, uno de sus hijos debe dirigir una peligrosa misión en Praga, detrás del Telón de Acero, de la que no sabe si va a poder salir indemne o ni siquiera vivo&#8230; Atrapado en una ciudad donde reinan la policía, el ejército, los delatores y los informadores, deberá superar una prueba a la que se ha comprometido en nombre de un valor moral que considera superior. Esta aventura afectará profundamente a la familia y pondrá a prueba el vínculo afectivo y la solidez de los lazos de todos sus miembros. Tercera entrega de la saga familiar sobre el clan Pelletier, Un futuro prometedor es un auténtico homenaje a la novela de acción con la amenaza nuclear como telón de fondo. En ella, Pierre Lemaitre nos ofrece, una vez más, un retrato exultante de una época tan turbulenta como fascinante.La crítica ha dicho&#8230;<br />«Un autor que cautiva y encandila hábilmente al lector. [&#8230;] Arte con mayúsculas.»<br />Le Figaro Littéraire «Una gran sagafamiliar regulada como un reloj, que mezcla con inusitada habilidad la historia particular con la general.»<br />La Presse «Pierre Lemaitre regresa con su prodigiosa inventiva [&#8230;] para hincarle el diente con glotonería a las insensateces de una época.»<br />Les Échos «Un palpitante fresco proyectado con excepcional minucia.»<br />Le Devoir«Un autor que no teme a nada y al que el público acompaña con los ojos cerrados.»<br />L&#8221;Express «Un impresionante fresco familiar.»<br />France Info «Un regalo ahora y siempre.»<br />Le Parisien «Una sorprendente comedia humana.»<br />Le Figaro Magazine«El novelista va directo al grano, con ganas de vivir y una gran riqueza de lecturas populares, desde Zola, Dumas y Flaubert hasta Roger Martin du Gard y Georges Simenon.»<br />Télérama</p>

FORA DE COL.LECCIÓ

Rústica
