{"id":1010544,"date":"2025-03-11T14:10:27","date_gmt":"2025-03-11T13:10:27","guid":{"rendered":"https:\/\/www.claret.cat\/llibre\/la-passada-a-lespai-9788419734198\/"},"modified":"2025-06-26T12:15:27","modified_gmt":"2025-06-26T10:15:27","slug":"la-passada-a-lespai-9788419734198","status":"publish","type":"product","link":"https:\/\/www.claret.cat\/es\/libro\/la-passada-a-lespai-9788419734198\/","title":{"rendered":"LA PASSADA A L&#8217;ESPAI"},"content":{"rendered":"<p><em>La passada a l\u2019espai<\/em><strong>: futbol, experi\u00e8ncies i reflexions amb ironia i passi\u00f3.<\/strong><\/p>\n<p><strong>Futbol, cultura i introspecci\u00f3 personal<\/strong> es combinen en aquest llibre d\u2019una de les <strong>figures m\u00e9s destacades i irreverents del panorama comunicatiu catal\u00e0<\/strong>.<\/p>\n<p>A trav\u00e9s de p\u00e0gines plenes de <strong>passi\u00f3 futbol\u00edstica<\/strong>, l\u2019autor ens convida a un viatge per les seves <strong>experi\u00e8ncies i reflexions<\/strong> sobre:<\/p>\n<p><strong>Futbolistes ic\u00f2nics<\/strong> i els moments que han marcat la seva traject\u00f2ria.<\/p>\n<p><strong>Partits memorables<\/strong> que han fet hist\u00f2ria.<\/p>\n<p>La seva pr\u00f2pia relaci\u00f3 amb el futbol, des dels <strong>inicis en equips locals fins a Alemanya<\/strong>.<\/p>\n<p><strong>Les connexions humanes i lli\u00e7ons de vida<\/strong> que ens deixa aquest esport.<\/p>\n<p>Amb un estil <strong>ir\u00f2nic i carregat d\u2019humor<\/strong>, <em>La passada a l\u2019espai<\/em> no \u00e9s nom\u00e9s un homenatge al futbol, sin\u00f3 una <strong>mirada brillant i l\u00facida<\/strong> sobre com aquest esport ens transforma i uneix de maneres inesperades.<\/p>\n<p><strong>Per als amants del futbol i de les hist\u00f2ries que van m\u00e9s enll\u00e0 de la pilota!<\/strong><\/p>\n","protected":false},"excerpt":{"rendered":"<p>VIDAL BOIX, MANEL<\/p>\n","protected":false},"featured_media":1010652,"template":"","meta":{"_acf_changed":false,"om_disable_all_campaigns":false,"rs_blank_template":"","rs_page_bg_color":"","slide_template_v7":"","inline_featured_image":false,"_monsterinsights_skip_tracking":false,"_monsterinsights_sitenote_active":false,"_monsterinsights_sitenote_note":"","_monsterinsights_sitenote_category":0},"product_brand":[],"product_cat":[549,99],"product_tag":[],"class_list":{"0":"post-1010544","1":"product","2":"type-product","3":"status-publish","4":"has-post-thumbnail","6":"product_cat-biografias","7":"product_cat-biografies","9":"first","10":"instock","11":"taxable","12":"shipping-taxable","13":"purchasable","14":"product-type-simple"},"acf":{"autor":"VIDAL BOIX, MANEL","codart":"841973419","libros-coleccion":"L'\u00c0ncora","ediciones":"1","encuadernacion":"Carton\u00e9","fecha_de_publicacion":"01\/03\/2025","novedad":"1","paginas":"203","subtitulo":"MEM\u00d2RIES PARCIALS","orden":"0","portada":"0","idioma":"cat","editorial":[{"ID":6181,"post_author":"3","post_date":"2022-07-28 17:46:38","post_date_gmt":"2022-07-28 15:46:38","post_content":"","post_title":"Destino CAT","post_excerpt":"","post_status":"publish","comment_status":"closed","ping_status":"closed","post_password":"","post_name":"destino-cat","to_ping":"","pinged":"","post_modified":"2022-07-28 17:46:38","post_modified_gmt":"2022-07-28 15:46:38","post_content_filtered":"","post_parent":0,"guid":"http:\/\/dev.claret.cat\/editorial\/destino-cat\/","menu_order":0,"post_type":"editorial","post_mime_type":"","comment_count":"0","filter":"raw"}],"booktrailer":"","resenas":""},"aioseo_notices":[],"_links":{"self":[{"href":"https:\/\/www.claret.cat\/es\/wp-json\/wp\/v2\/product\/1010544","targetHints":{"allow":["GET"]}}],"collection":[{"href":"https:\/\/www.claret.cat\/es\/wp-json\/wp\/v2\/product"}],"about":[{"href":"https:\/\/www.claret.cat\/es\/wp-json\/wp\/v2\/types\/product"}],"wp:featuredmedia":[{"embeddable":true,"href":"https:\/\/www.claret.cat\/es\/wp-json\/wp\/v2\/media\/1010652"}],"wp:attachment":[{"href":"https:\/\/www.claret.cat\/es\/wp-json\/wp\/v2\/media?parent=1010544"}],"wp:term":[{"taxonomy":"product_brand","embeddable":true,"href":"https:\/\/www.claret.cat\/es\/wp-json\/wp\/v2\/product_brand?post=1010544"},{"taxonomy":"product_cat","embeddable":true,"href":"https:\/\/www.claret.cat\/es\/wp-json\/wp\/v2\/product_cat?post=1010544"},{"taxonomy":"product_tag","embeddable":true,"href":"https:\/\/www.claret.cat\/es\/wp-json\/wp\/v2\/product_tag?post=1010544"}],"curies":[{"name":"wp","href":"https:\/\/api.w.org\/{rel}","templated":true}]}}

<p><em>La passada a l’espai</em><strong>: futbol, experiències i reflexions amb ironia i passió.</strong></p>
<p><strong>Futbol, cultura i introspecció personal</strong> es combinen en aquest llibre d’una de les <strong>figures més destacades i irreverents del panorama comunicatiu català</strong>.</p>
<p>A través de pàgines plenes de <strong>passió futbolística</strong>, l’autor ens convida a un viatge per les seves <strong>experiències i reflexions</strong> sobre:</p>
<p><strong>Futbolistes icònics</strong> i els moments que han marcat la seva trajectòria.</p>
<p><strong>Partits memorables</strong> que han fet història.</p>
<p>La seva pròpia relació amb el futbol, des dels <strong>inicis en equips locals fins a Alemanya</strong>.</p>
<p><strong>Les connexions humanes i lliçons de vida</strong> que ens deixa aquest esport.</p>
<p>Amb un estil <strong>irònic i carregat d’humor</strong>, <em>La passada a l’espai</em> no és només un homenatge al futbol, sinó una <strong>mirada brillant i lúcida</strong> sobre com aquest esport ens transforma i uneix de maneres inesperades.</p>
<p><strong>Per als amants del futbol i de les històries que van més enllà de la pilota!</strong></p>

L'Àncora

Cartoné

MEMÒRIES PARCIALS
