{"id":1010598,"date":"2025-03-11T14:35:30","date_gmt":"2025-03-11T13:35:30","guid":{"rendered":"https:\/\/www.claret.cat\/llibre\/365-momentos-estelares-de-la-musica-9788410378520\/"},"modified":"2025-04-23T13:21:26","modified_gmt":"2025-04-23T11:21:26","slug":"365-momentos-estelares-de-la-musica-9788410378520","status":"publish","type":"product","link":"https:\/\/www.claret.cat\/es\/libro\/365-momentos-estelares-de-la-musica-9788410378520\/","title":{"rendered":"365 MOMENTOS ESTELARES DE LA M\u00daSICA"},"content":{"rendered":"<p>Un libro imprescindible para entender qui\u00e9n es qui\u00e9n y cu\u00e1les son los hechos m\u00e1s relevantes de la historia de la m\u00fasica.<br \/> \u201cSin m\u00fasica, la vida ser\u00eda un error\u201d (Friedrich Nietzsche)<br \/> 365 momentos estelares de la m\u00fasica es una fascinante traves\u00eda a lo largo de los d\u00edas del a\u00f1o, donde cada fecha est\u00e1 marcada por un momento inolvidable en la historia de la m\u00fasica: lanzamientos, listas de \u00e9xitos, portadas, videoclips, grabaciones, muertes inesperadas o conciertos m\u00edticos.<br \/> Concebida como un almanaque, el libro combina historia, arte y sociedad en un extraordinario recorrido que desvela las an\u00e9cdotas m\u00e1s curiosas que marcaron la evoluci\u00f3n de los g\u00e9neros musicales. El libro recorre todos los estilos (de Elvis Presley a Bj\u00f6rk, de Caetano Veloso a Rosal\u00eda, de Billie Holiday a Kraftwerk o de Miles Davis a Jane Birkin) y captura la esencia de la m\u00fasica en todas sus formas.<br \/> Lleno de an\u00e9cdotas sorprendentes, eventos hist\u00f3ricos y con un enfoque que conecta la m\u00fasica con su contexto cultural y social, esta obra es tanto un homenaje como una gu\u00eda a los g\u00e9neros, artistas y canciones que dieron voz e inspiraron a varias generaciones.<br \/> Es el regalo ideal para para mel\u00f3manos, curiosos y amantes de las historias detr\u00e1s de las canciones. Un libro para explorar c\u00f3mo la m\u00fasica transforma, inspira y acompa\u00f1a nuestras vidas.<\/p>\n","protected":false},"excerpt":{"rendered":"<p>M\u00c1RQUEZ, TULI<\/p>\n","protected":false},"featured_media":1010706,"template":"","meta":{"_acf_changed":false,"om_disable_all_campaigns":false,"rs_blank_template":"","rs_page_bg_color":"","slide_template_v7":"","inline_featured_image":false,"_monsterinsights_skip_tracking":false,"_monsterinsights_sitenote_active":false,"_monsterinsights_sitenote_note":"","_monsterinsights_sitenote_category":0},"product_brand":[],"product_cat":[111,332],"product_tag":[],"class_list":{"0":"post-1010598","1":"product","2":"type-product","3":"status-publish","4":"has-post-thumbnail","6":"product_cat-musica","7":"product_cat-musica-4_escolar-spa","9":"first","10":"instock","11":"taxable","12":"shipping-taxable","13":"purchasable","14":"product-type-simple"},"acf":{"autor":"M\u00c1RQUEZ, TULI","codart":"841037852","libros-coleccion":"MUSICA","ediciones":"1","encuadernacion":"R\u00fastica","fecha_de_publicacion":"01\/03\/2025","novedad":"1","paginas":"238","subtitulo":"","orden":"0","portada":"0","idioma":"spa","editorial":[{"ID":148476,"post_author":"3","post_date":"2022-10-14 11:58:32","post_date_gmt":"2022-10-14 09:58:32","post_content":"","post_title":"Lunwerg Editores","post_excerpt":"","post_status":"publish","comment_status":"closed","ping_status":"closed","post_password":"","post_name":"lunwerg-editores","to_ping":"","pinged":"","post_modified":"2022-10-14 11:58:32","post_modified_gmt":"2022-10-14 09:58:32","post_content_filtered":"","post_parent":0,"guid":"http:\/\/dev.claret.cat\/editorial\/lunwerg-editores\/","menu_order":0,"post_type":"editorial","post_mime_type":"","comment_count":"0","filter":"raw"}],"booktrailer":"","resenas":""},"aioseo_notices":[],"_links":{"self":[{"href":"https:\/\/www.claret.cat\/es\/wp-json\/wp\/v2\/product\/1010598","targetHints":{"allow":["GET"]}}],"collection":[{"href":"https:\/\/www.claret.cat\/es\/wp-json\/wp\/v2\/product"}],"about":[{"href":"https:\/\/www.claret.cat\/es\/wp-json\/wp\/v2\/types\/product"}],"wp:featuredmedia":[{"embeddable":true,"href":"https:\/\/www.claret.cat\/es\/wp-json\/wp\/v2\/media\/1010706"}],"wp:attachment":[{"href":"https:\/\/www.claret.cat\/es\/wp-json\/wp\/v2\/media?parent=1010598"}],"wp:term":[{"taxonomy":"product_brand","embeddable":true,"href":"https:\/\/www.claret.cat\/es\/wp-json\/wp\/v2\/product_brand?post=1010598"},{"taxonomy":"product_cat","embeddable":true,"href":"https:\/\/www.claret.cat\/es\/wp-json\/wp\/v2\/product_cat?post=1010598"},{"taxonomy":"product_tag","embeddable":true,"href":"https:\/\/www.claret.cat\/es\/wp-json\/wp\/v2\/product_tag?post=1010598"}],"curies":[{"name":"wp","href":"https:\/\/api.w.org\/{rel}","templated":true}]}}

365 MOMENTOS ESTELARES DE LA MÚSICA

<p>Un libro imprescindible para entender quién es quién y cuáles son los hechos más relevantes de la historia de la música.<br /> “Sin música, la vida sería un error” (Friedrich Nietzsche)<br /> 365 momentos estelares de la música es una fascinante travesía a lo largo de los días del año, donde cada fecha está marcada por un momento inolvidable en la historia de la música: lanzamientos, listas de éxitos, portadas, videoclips, grabaciones, muertes inesperadas o conciertos míticos.<br /> Concebida como un almanaque, el libro combina historia, arte y sociedad en un extraordinario recorrido que desvela las anécdotas más curiosas que marcaron la evolución de los géneros musicales. El libro recorre todos los estilos (de Elvis Presley a Björk, de Caetano Veloso a Rosalía, de Billie Holiday a Kraftwerk o de Miles Davis a Jane Birkin) y captura la esencia de la música en todas sus formas.<br /> Lleno de anécdotas sorprendentes, eventos históricos y con un enfoque que conecta la música con su contexto cultural y social, esta obra es tanto un homenaje como una guía a los géneros, artistas y canciones que dieron voz e inspiraron a varias generaciones.<br /> Es el regalo ideal para para melómanos, curiosos y amantes de las historias detrás de las canciones. Un libro para explorar cómo la música transforma, inspira y acompaña nuestras vidas.</p>

<p>MÁRQUEZ, TULI</p>

MÁRQUEZ, TULI

Rústica
