{"id":1011474,"date":"2025-03-13T13:42:23","date_gmt":"2025-03-13T12:42:23","guid":{"rendered":"https:\/\/www.claret.cat\/llibre\/vestigis-de-la-guerra-civil-9788419474742\/"},"modified":"2025-04-24T12:21:17","modified_gmt":"2025-04-24T10:21:17","slug":"vestigis-de-la-guerra-civil-9788419474742","status":"publish","type":"product","link":"https:\/\/www.claret.cat\/es\/libro\/vestigis-de-la-guerra-civil-9788419474742\/","title":{"rendered":"VESTIGIS DE LA GUERRA CIVIL"},"content":{"rendered":"<p>El 18 de juliol del 1936 va tenir lloc un cop d\u2019estat militar que va marcar el dest\u00ed de Catalunya i de la resta de l\u2019Estat. Van comen\u00e7ar llavors tres anys de cruenta guerra civil que van precedir un llarg hivern de quaranta anys de postguerra i dictadura. <br \/> La voluntat d\u2019aquest llibre \u00e9s contribuir a difondre el fet hist\u00f2ric m\u00e9s important i dram\u00e0tic de la nostra hist\u00f2ria contempor\u00e0nia amb una proposta que permet rec\u00f3rrer indrets del pa\u00eds on s\u00f3n visibles els efectes de la guerra, llocs que ens permeten posar en context qu\u00e8 va suposar aquell per\u00edode de viol\u00e8ncia, dolor i tristesa.<br \/> Al llarg de 35 cap\u00edtols del llibre, hi trobareu espais vinculats a les zones de rereguarda, llocs de combat, com ara b\u00fanquers i trinxeres, ciutats que van patir bombardejos cruents, refugis vinculats a la defensa passiva, llocs en qu\u00e8 s\u2019evoca la participaci\u00f3 de brigadistes internacionals o localitats que van ser clau en l\u2019evacuaci\u00f3 de Catalunya i en l\u2019exili.<\/p>\n","protected":false},"excerpt":{"rendered":"<p>FARRAN LLORCA, AURE<\/p>\n","protected":false},"featured_media":1011497,"template":"","meta":{"_acf_changed":false,"om_disable_all_campaigns":false,"rs_blank_template":"","rs_page_bg_color":"","slide_template_v7":"","inline_featured_image":false,"_monsterinsights_skip_tracking":false,"_monsterinsights_sitenote_active":false,"_monsterinsights_sitenote_note":"","_monsterinsights_sitenote_category":0},"product_brand":[],"product_cat":[430,153,105,555],"product_tag":[],"class_list":{"0":"post-1011474","1":"product","2":"type-product","3":"status-publish","4":"has-post-thumbnail","6":"product_cat-cataluna","7":"product_cat-catalunya","8":"product_cat-regal","9":"product_cat-regalo","11":"first","12":"instock","13":"taxable","14":"shipping-taxable","15":"purchasable","16":"product-type-simple"},"acf":{"autor":"FARRAN LLORCA, AURE","codart":"841947474","libros-coleccion":"FORA DE COL\u00b7LECCIO","ediciones":"1","encuadernacion":"R\u00fastica","fecha_de_publicacion":"01\/03\/2025","novedad":"1","paginas":"240","subtitulo":"MEM\u00d2RIA D\u2019UNA GUERRA","orden":"0","portada":"0","idioma":"cat","editorial":[{"ID":6392,"post_author":"3","post_date":"2022-07-28 17:51:10","post_date_gmt":"2022-07-28 15:51:10","post_content":"","post_title":"Viena","post_excerpt":"","post_status":"publish","comment_status":"closed","ping_status":"closed","post_password":"","post_name":"viena","to_ping":"","pinged":"","post_modified":"2022-07-28 17:51:10","post_modified_gmt":"2022-07-28 15:51:10","post_content_filtered":"","post_parent":0,"guid":"http:\/\/dev.claret.cat\/editorial\/viena\/","menu_order":0,"post_type":"editorial","post_mime_type":"","comment_count":"0","filter":"raw"}],"booktrailer":"","resenas":""},"aioseo_notices":[],"_links":{"self":[{"href":"https:\/\/www.claret.cat\/es\/wp-json\/wp\/v2\/product\/1011474","targetHints":{"allow":["GET"]}}],"collection":[{"href":"https:\/\/www.claret.cat\/es\/wp-json\/wp\/v2\/product"}],"about":[{"href":"https:\/\/www.claret.cat\/es\/wp-json\/wp\/v2\/types\/product"}],"wp:featuredmedia":[{"embeddable":true,"href":"https:\/\/www.claret.cat\/es\/wp-json\/wp\/v2\/media\/1011497"}],"wp:attachment":[{"href":"https:\/\/www.claret.cat\/es\/wp-json\/wp\/v2\/media?parent=1011474"}],"wp:term":[{"taxonomy":"product_brand","embeddable":true,"href":"https:\/\/www.claret.cat\/es\/wp-json\/wp\/v2\/product_brand?post=1011474"},{"taxonomy":"product_cat","embeddable":true,"href":"https:\/\/www.claret.cat\/es\/wp-json\/wp\/v2\/product_cat?post=1011474"},{"taxonomy":"product_tag","embeddable":true,"href":"https:\/\/www.claret.cat\/es\/wp-json\/wp\/v2\/product_tag?post=1011474"}],"curies":[{"name":"wp","href":"https:\/\/api.w.org\/{rel}","templated":true}]}}

<p>El 18 de juliol del 1936 va tenir lloc un cop d’estat militar que va marcar el destí de Catalunya i de la resta de l’Estat. Van començar llavors tres anys de cruenta guerra civil que van precedir un llarg hivern de quaranta anys de postguerra i dictadura. <br /> La voluntat d’aquest llibre és contribuir a difondre el fet històric més important i dramàtic de la nostra història contemporània amb una proposta que permet recórrer indrets del país on són visibles els efectes de la guerra, llocs que ens permeten posar en context què va suposar aquell període de violència, dolor i tristesa.<br /> Al llarg de 35 capítols del llibre, hi trobareu espais vinculats a les zones de rereguarda, llocs de combat, com ara búnquers i trinxeres, ciutats que van patir bombardejos cruents, refugis vinculats a la defensa passiva, llocs en què s’evoca la participació de brigadistes internacionals o localitats que van ser clau en l’evacuació de Catalunya i en l’exili.</p>

Rústica

MEMÒRIA D’UNA GUERRA
