{"id":1011491,"date":"2025-03-13T13:45:55","date_gmt":"2025-03-13T12:45:55","guid":{"rendered":"https:\/\/www.claret.cat\/llibre\/lextraordinaria-vida-dun-gos-a-les-ultimes-9788424675479\/"},"modified":"2026-04-21T18:25:17","modified_gmt":"2026-04-21T16:25:17","slug":"lextraordinaria-vida-dun-gos-a-les-ultimes-9788424675479","status":"publish","type":"product","link":"https:\/\/www.claret.cat\/es\/libro\/lextraordinaria-vida-dun-gos-a-les-ultimes-9788424675479\/","title":{"rendered":"L&#8217;EXTRAORDIN\u00c0RIA VIDA D&#8217;UN GOS A LES \u00daLTIMES"},"content":{"rendered":"<p>En Parrac \u00e9s un gos mest\u00eds que no t\u00e9 pedigr\u00ed, per\u00f2 s\u00ed un munt de coses interessants per explicar. Tot i que ja \u00e9s gran, recorda amb afecte la seva vida al costat de l\u2019Anna i en Pol, la seva fam\u00edlia humana. Des del dia que el van adoptar fins a les petites i grans aventures que van viure junts, en Parrac ens porta de la pota per una hist\u00f2ria plena de moments divertits, reflexius i entranyables. A trav\u00e9s dels seus ulls, descobrim com de meravellosa pot ser la vida, fins i tot quan \u00e9s d\u2019all\u00f2 m\u00e9s normal.<\/p>\n","protected":false},"excerpt":{"rendered":"<p>BERLANGA SARRASECA, JOAN<\/p>\n","protected":false},"featured_media":1011581,"template":"","meta":{"_acf_changed":false,"om_disable_all_campaigns":false,"rs_blank_template":"","rs_page_bg_color":"","slide_template_v7":"","inline_featured_image":false,"_monsterinsights_skip_tracking":false,"_monsterinsights_sitenote_active":false,"_monsterinsights_sitenote_note":"","_monsterinsights_sitenote_category":0},"product_brand":[],"product_cat":[132,362],"product_tag":[],"class_list":{"0":"post-1011491","1":"product","2":"type-product","3":"status-publish","4":"has-post-thumbnail","6":"product_cat-lectures-per-preadolescents-6-12-anys","7":"product_cat-libros-preadolescentes-6-12-anos","9":"first","10":"instock","11":"taxable","12":"shipping-taxable","13":"purchasable","14":"product-type-simple"},"acf":{"autor":"BERLANGA SARRASECA, JOAN","codart":"842467547","libros-coleccion":"","ediciones":"1","encuadernacion":"Carton\u00e9","fecha_de_publicacion":"01\/02\/2025","novedad":"1","paginas":"171","subtitulo":"PREMI FOLCH I TORRES 2024","orden":"0","portada":"0","idioma":"cat","editorial":[{"ID":148189,"post_author":"3","post_date":"2022-10-14 11:56:19","post_date_gmt":"2022-10-14 09:56:19","post_content":"","post_title":"GALERA, EDITORIAL","post_excerpt":"","post_status":"publish","comment_status":"closed","ping_status":"closed","post_password":"","post_name":"galera-editorial","to_ping":"","pinged":"","post_modified":"2022-10-14 11:56:19","post_modified_gmt":"2022-10-14 09:56:19","post_content_filtered":"","post_parent":0,"guid":"http:\/\/dev.claret.cat\/editorial\/galera-editorial\/","menu_order":0,"post_type":"editorial","post_mime_type":"","comment_count":"0","filter":"raw"}],"booktrailer":"","resenas":""},"aioseo_notices":[],"_links":{"self":[{"href":"https:\/\/www.claret.cat\/es\/wp-json\/wp\/v2\/product\/1011491","targetHints":{"allow":["GET"]}}],"collection":[{"href":"https:\/\/www.claret.cat\/es\/wp-json\/wp\/v2\/product"}],"about":[{"href":"https:\/\/www.claret.cat\/es\/wp-json\/wp\/v2\/types\/product"}],"wp:featuredmedia":[{"embeddable":true,"href":"https:\/\/www.claret.cat\/es\/wp-json\/wp\/v2\/media\/1011581"}],"wp:attachment":[{"href":"https:\/\/www.claret.cat\/es\/wp-json\/wp\/v2\/media?parent=1011491"}],"wp:term":[{"taxonomy":"product_brand","embeddable":true,"href":"https:\/\/www.claret.cat\/es\/wp-json\/wp\/v2\/product_brand?post=1011491"},{"taxonomy":"product_cat","embeddable":true,"href":"https:\/\/www.claret.cat\/es\/wp-json\/wp\/v2\/product_cat?post=1011491"},{"taxonomy":"product_tag","embeddable":true,"href":"https:\/\/www.claret.cat\/es\/wp-json\/wp\/v2\/product_tag?post=1011491"}],"curies":[{"name":"wp","href":"https:\/\/api.w.org\/{rel}","templated":true}]}}

L&#8217;EXTRAORDINÀRIA VIDA D&#8217;UN GOS A LES ÚLTIMES

<p>En Parrac és un gos mestís que no té pedigrí, però sí un munt de coses interessants per explicar. Tot i que ja és gran, recorda amb afecte la seva vida al costat de l’Anna i en Pol, la seva família humana. Des del dia que el van adoptar fins a les petites i grans aventures que van viure junts, en Parrac ens porta de la pota per una història plena de moments divertits, reflexius i entranyables. A través dels seus ulls, descobrim com de meravellosa pot ser la vida, fins i tot quan és d’allò més normal.</p>

Cartoné
