{"id":1013024,"date":"2025-03-19T17:20:15","date_gmt":"2025-03-19T16:20:15","guid":{"rendered":"https:\/\/www.claret.cat\/llibre\/fontes-nicaenae-synodi-9788430122509\/"},"modified":"2025-07-25T10:33:30","modified_gmt":"2025-07-25T08:33:30","slug":"fontes-nicaenae-synodi-9788430122509","status":"publish","type":"product","link":"https:\/\/www.claret.cat\/es\/libro\/fontes-nicaenae-synodi-9788430122509\/","title":{"rendered":"FONTES NICAENAE SYNODI"},"content":{"rendered":"<p>En el a\u00f1o 325, con el respaldo del <strong>emperador Constantino<\/strong>, se celebr\u00f3 el <strong>Concilio de Nicea<\/strong>, un evento clave en la historia del <strong>cristianismo primitivo<\/strong>. Cerca de trescientos obispos debatieron sobre las divisiones dentro de la fe cristiana, y figuras como <strong>Osio de C\u00f3rdoba<\/strong> jugaron un papel crucial. Este concilio estableci\u00f3 el <strong>Credo de Nicea<\/strong>, veinte <strong>c\u00e1nones disciplinares<\/strong> y la regulaci\u00f3n de la <strong>fecha de la Pascua<\/strong>, sentando las bases del cristianismo y la sociedad occidental.<\/p>\n<p><em>Fontes Nicaenae Synodi<\/em> es una obra esencial para el estudio del <strong>Concilio de Nicea<\/strong> y sus implicaciones en la <strong>historia de la Iglesia<\/strong>. Recopila textos escritos entre el inicio de la <strong>crisis meliciana<\/strong> (ca. 304) y la muerte de Constantino (337), incluyendo <strong>cartas, c\u00e1nones, escritos doctrinales, credos y documentos imperiales<\/strong> sobre las cuestiones teol\u00f3gicas e institucionales debatidas en Nicea.<\/p>\n<p class='ql-align-justify'>Esta edici\u00f3n <strong>biling\u00fce y cr\u00edtica<\/strong> presenta los textos originales en <strong>griego, lat\u00edn y sir\u00edaco<\/strong>, junto con su <strong>traducci\u00f3n al castellano<\/strong>, notas explicativas y un <strong>estudio introductorio<\/strong> detallado. Por primera vez, los investigadores y lectores en espa\u00f1ol tienen acceso a una recopilaci\u00f3n rigurosa para profundizar en el <strong>Concilio de Nicea<\/strong>, la <strong>historia del cristianismo<\/strong> y su impacto en la <strong>teolog\u00eda, la filosof\u00eda y la cultura occidental<\/strong>.<\/p>\n","protected":false},"excerpt":{"rendered":"<p>FERN\u00c1NDEZ , SAMUEL<\/p>\n","protected":false},"featured_media":1013105,"template":"","meta":{"_acf_changed":false,"om_disable_all_campaigns":false,"rs_blank_template":"","rs_page_bg_color":"","slide_template_v7":"","inline_featured_image":false,"_monsterinsights_skip_tracking":false,"_monsterinsights_sitenote_active":false,"_monsterinsights_sitenote_note":"","_monsterinsights_sitenote_category":0},"product_brand":[],"product_cat":[93,543],"product_tag":[],"class_list":{"0":"post-1013024","1":"product","2":"type-product","3":"status-publish","4":"has-post-thumbnail","6":"product_cat-eclesiologia","7":"product_cat-eclesiologia-es","9":"first","10":"instock","11":"taxable","12":"shipping-taxable","13":"purchasable","14":"product-type-simple"},"acf":{"autor":"FERN\u00c1NDEZ , SAMUEL","codart":"843012250","libros-coleccion":"Verdad e Imagen","ediciones":"1","encuadernacion":"Carton\u00e9","fecha_de_publicacion":"19\/03\/2025","novedad":"1","paginas":"400","subtitulo":"LAS FUENTES CONTEMPOR\u00c1NEAS PARA EL ESTUDIO DEL CONCILIO DE NICEA","orden":"0","portada":"1","idioma":"spa","editorial":[{"ID":6364,"post_author":"3","post_date":"2022-07-28 17:50:36","post_date_gmt":"2022-07-28 15:50:36","post_content":"","post_title":"S\u00edgueme","post_excerpt":"","post_status":"publish","comment_status":"closed","ping_status":"closed","post_password":"","post_name":"sigueme","to_ping":"","pinged":"","post_modified":"2022-07-28 17:50:36","post_modified_gmt":"2022-07-28 15:50:36","post_content_filtered":"","post_parent":0,"guid":"http:\/\/dev.claret.cat\/editorial\/sigueme\/","menu_order":0,"post_type":"editorial","post_mime_type":"","comment_count":"0","filter":"raw"}],"booktrailer":"","resenas":""},"aioseo_notices":[],"_links":{"self":[{"href":"https:\/\/www.claret.cat\/es\/wp-json\/wp\/v2\/product\/1013024","targetHints":{"allow":["GET"]}}],"collection":[{"href":"https:\/\/www.claret.cat\/es\/wp-json\/wp\/v2\/product"}],"about":[{"href":"https:\/\/www.claret.cat\/es\/wp-json\/wp\/v2\/types\/product"}],"wp:featuredmedia":[{"embeddable":true,"href":"https:\/\/www.claret.cat\/es\/wp-json\/wp\/v2\/media\/1013105"}],"wp:attachment":[{"href":"https:\/\/www.claret.cat\/es\/wp-json\/wp\/v2\/media?parent=1013024"}],"wp:term":[{"taxonomy":"product_brand","embeddable":true,"href":"https:\/\/www.claret.cat\/es\/wp-json\/wp\/v2\/product_brand?post=1013024"},{"taxonomy":"product_cat","embeddable":true,"href":"https:\/\/www.claret.cat\/es\/wp-json\/wp\/v2\/product_cat?post=1013024"},{"taxonomy":"product_tag","embeddable":true,"href":"https:\/\/www.claret.cat\/es\/wp-json\/wp\/v2\/product_tag?post=1013024"}],"curies":[{"name":"wp","href":"https:\/\/api.w.org\/{rel}","templated":true}]}}

<p>En el año 325, con el respaldo del <strong>emperador Constantino</strong>, se celebró el <strong>Concilio de Nicea</strong>, un evento clave en la historia del <strong>cristianismo primitivo</strong>. Cerca de trescientos obispos debatieron sobre las divisiones dentro de la fe cristiana, y figuras como <strong>Osio de Córdoba</strong> jugaron un papel crucial. Este concilio estableció el <strong>Credo de Nicea</strong>, veinte <strong>cánones disciplinares</strong> y la regulación de la <strong>fecha de la Pascua</strong>, sentando las bases del cristianismo y la sociedad occidental.</p>
<p><em>Fontes Nicaenae Synodi</em> es una obra esencial para el estudio del <strong>Concilio de Nicea</strong> y sus implicaciones en la <strong>historia de la Iglesia</strong>. Recopila textos escritos entre el inicio de la <strong>crisis meliciana</strong> (ca. 304) y la muerte de Constantino (337), incluyendo <strong>cartas, cánones, escritos doctrinales, credos y documentos imperiales</strong> sobre las cuestiones teológicas e institucionales debatidas en Nicea.</p>
<p class='ql-align-justify'>Esta edición <strong>bilingüe y crítica</strong> presenta los textos originales en <strong>griego, latín y siríaco</strong>, junto con su <strong>traducción al castellano</strong>, notas explicativas y un <strong>estudio introductorio</strong> detallado. Por primera vez, los investigadores y lectores en español tienen acceso a una recopilación rigurosa para profundizar en el <strong>Concilio de Nicea</strong>, la <strong>historia del cristianismo</strong> y su impacto en la <strong>teología, la filosofía y la cultura occidental</strong>.</p>

<p>FERNÁNDEZ , SAMUEL</p>

FERNÁNDEZ , SAMUEL

Cartoné

LAS FUENTES CONTEMPORÁNEAS PARA EL ESTUDIO DEL CONCILIO DE NICEA

Sígueme
