{"id":1013208,"date":"2025-03-21T12:55:50","date_gmt":"2025-03-21T11:55:50","guid":{"rendered":"https:\/\/www.claret.cat\/llibre\/dejad-que-crezcan-juntos-9788428573078\/"},"modified":"2026-01-23T18:47:12","modified_gmt":"2026-01-23T17:47:12","slug":"dejad-que-crezcan-juntos-9788428573078","status":"publish","type":"product","link":"https:\/\/www.claret.cat\/es\/libro\/dejad-que-crezcan-juntos-9788428573078\/","title":{"rendered":"DEJAD QUE CREZCAN JUNTOS"},"content":{"rendered":"<p>La <strong>par\u00e1bola del trigo y la ciza\u00f1a<\/strong> aborda un drama universal que ha sacudido a la humanidad a lo largo de los siglos: el <strong>porqu\u00e9 del mal<\/strong> en el mundo. En esta obra, la autora explora profundamente el significado de esta par\u00e1bola, invit\u00e1ndonos a sumergirnos no solo en el texto, sino tambi\u00e9n en las <strong>im\u00e1genes<\/strong> y en el espacio entre l\u00edneas que sugiere mucho m\u00e1s de lo que dice.<\/p>\n<p>Despu\u00e9s de estudiar el <strong>contexto<\/strong> de la par\u00e1bola, se enfrenta a la cuesti\u00f3n del mal, analizando c\u00f3mo esta par\u00e1bola se interpreta en el <strong>mundo<\/strong>, en la <strong>comunidad<\/strong> y en la <strong>vida personal<\/strong>. La par\u00e1bola del trigo y la ciza\u00f1a es, en esencia, una reflexi\u00f3n sobre la <strong>libertad humana<\/strong>, el <strong>misterio del mal<\/strong> y el profundo <strong>respeto de Dios<\/strong> por su creaci\u00f3n. Adem\u00e1s, es una poderosa declaraci\u00f3n de <strong>amor<\/strong>, <strong>confianza<\/strong> y <strong>esperanza<\/strong>, pues ofrece la posibilidad de cambio y redenci\u00f3n hasta el \u00faltimo momento.<\/p>\n<p>Esta obra invita a los lectores a <strong>reflexionar sobre su propia vida<\/strong> y c\u00f3mo, incluso en medio del mal, siempre existe la oportunidad de <strong>volver a ser buen trigo<\/strong>, cultivando una nueva direcci\u00f3n en nuestra existencia.<\/p>\n","protected":false},"excerpt":{"rendered":"<p>DE PAZ, MONTSE<\/p>\n","protected":false},"featured_media":1077345,"template":"","meta":{"_acf_changed":false,"om_disable_all_campaigns":false,"rs_blank_template":"","rs_page_bg_color":"","slide_template_v7":"","inline_featured_image":false,"_monsterinsights_skip_tracking":false,"_monsterinsights_sitenote_active":false,"_monsterinsights_sitenote_note":"","_monsterinsights_sitenote_category":0},"product_brand":[],"product_cat":[202,463,200,384],"product_tag":[],"class_list":{"0":"post-1013208","1":"product","2":"type-product","3":"status-publish","4":"has-post-thumbnail","6":"product_cat-introduccio-n-t","7":"product_cat-introduccion-n-t","8":"product_cat-literatura-sapiencial","9":"product_cat-literatura-sapiencial-biblia-1_espiritualidad","11":"first","12":"instock","13":"taxable","14":"shipping-taxable","15":"purchasable","16":"product-type-simple"},"acf":{"autor":"DE PAZ, MONTSE","codart":"842857307","libros-coleccion":"","ediciones":"1","encuadernacion":"R\u00fastica","fecha_de_publicacion":"14\/03\/2025","novedad":"1","paginas":"268","subtitulo":"EL MISTERIO DEL MAL A LA LUZ DE LA PAR\u00c1BOLA DEL TRIGO Y LA CIZA\u00d1A","orden":"0","portada":"0","idioma":"spa","editorial":[{"ID":6356,"post_author":"3","post_date":"2022-07-28 17:50:26","post_date_gmt":"2022-07-28 15:50:26","post_content":"","post_title":"SAN PABLO COMUNICACI\u00d3N","post_excerpt":"","post_status":"publish","comment_status":"closed","ping_status":"closed","post_password":"","post_name":"san-pablo-comunicacion","to_ping":"","pinged":"","post_modified":"2022-07-28 17:50:26","post_modified_gmt":"2022-07-28 15:50:26","post_content_filtered":"","post_parent":0,"guid":"http:\/\/dev.claret.cat\/editorial\/san-pablo-comunicacion\/","menu_order":0,"post_type":"editorial","post_mime_type":"","comment_count":"0","filter":"raw"}],"booktrailer":"","resenas":""},"aioseo_notices":[],"_links":{"self":[{"href":"https:\/\/www.claret.cat\/es\/wp-json\/wp\/v2\/product\/1013208","targetHints":{"allow":["GET"]}}],"collection":[{"href":"https:\/\/www.claret.cat\/es\/wp-json\/wp\/v2\/product"}],"about":[{"href":"https:\/\/www.claret.cat\/es\/wp-json\/wp\/v2\/types\/product"}],"wp:featuredmedia":[{"embeddable":true,"href":"https:\/\/www.claret.cat\/es\/wp-json\/wp\/v2\/media\/1077345"}],"wp:attachment":[{"href":"https:\/\/www.claret.cat\/es\/wp-json\/wp\/v2\/media?parent=1013208"}],"wp:term":[{"taxonomy":"product_brand","embeddable":true,"href":"https:\/\/www.claret.cat\/es\/wp-json\/wp\/v2\/product_brand?post=1013208"},{"taxonomy":"product_cat","embeddable":true,"href":"https:\/\/www.claret.cat\/es\/wp-json\/wp\/v2\/product_cat?post=1013208"},{"taxonomy":"product_tag","embeddable":true,"href":"https:\/\/www.claret.cat\/es\/wp-json\/wp\/v2\/product_tag?post=1013208"}],"curies":[{"name":"wp","href":"https:\/\/api.w.org\/{rel}","templated":true}]}}

<p>La <strong>parábola del trigo y la cizaña</strong> aborda un drama universal que ha sacudido a la humanidad a lo largo de los siglos: el <strong>porqué del mal</strong> en el mundo. En esta obra, la autora explora profundamente el significado de esta parábola, invitándonos a sumergirnos no solo en el texto, sino también en las <strong>imágenes</strong> y en el espacio entre líneas que sugiere mucho más de lo que dice.</p>
<p>Después de estudiar el <strong>contexto</strong> de la parábola, se enfrenta a la cuestión del mal, analizando cómo esta parábola se interpreta en el <strong>mundo</strong>, en la <strong>comunidad</strong> y en la <strong>vida personal</strong>. La parábola del trigo y la cizaña es, en esencia, una reflexión sobre la <strong>libertad humana</strong>, el <strong>misterio del mal</strong> y el profundo <strong>respeto de Dios</strong> por su creación. Además, es una poderosa declaración de <strong>amor</strong>, <strong>confianza</strong> y <strong>esperanza</strong>, pues ofrece la posibilidad de cambio y redención hasta el último momento.</p>
<p>Esta obra invita a los lectores a <strong>reflexionar sobre su propia vida</strong> y cómo, incluso en medio del mal, siempre existe la oportunidad de <strong>volver a ser buen trigo</strong>, cultivando una nueva dirección en nuestra existencia.</p>

Rústica

EL MISTERIO DEL MAL A LA LUZ DE LA PARÁBOLA DEL TRIGO Y LA CIZAÑA

SAN PABLO COMUNICACIÓN
