{"id":1013730,"date":"2025-03-25T14:30:02","date_gmt":"2025-03-25T13:30:02","guid":{"rendered":"https:\/\/www.claret.cat\/llibre\/notes-de-ledat-ardent-9788412761696\/"},"modified":"2025-03-28T18:02:14","modified_gmt":"2025-03-28T17:02:14","slug":"notes-de-ledat-ardent-9788412761696","status":"publish","type":"product","link":"https:\/\/www.claret.cat\/es\/libro\/notes-de-ledat-ardent-9788412761696\/","title":{"rendered":"NOTES DE L&#8217;EDAT ARDENT"},"content":{"rendered":"<p>El m\u00f3n tal com el coneixem va desapar\u00e8ixer sota la pluja de foc dels kakuy i les seves rel\u00edquies tecnol\u00f2giques han esdevingut heretgies enterrades en l\u2019oblit. En Ven i la Yue, units per un tr\u00e0gic succ\u00e9s del passat, es retroben anys m\u00e9s tard en un m\u00f3n convuls en peu de guerra. El conflicte global amena\u00e7a el rep\u00f2s dels kakuy del cel i la terra. Pot l\u2019alteraci\u00f3 d\u2019aquest fr\u00e0gil equilibri canviar el rumb de la humanitat?<\/p>\n","protected":false},"excerpt":{"rendered":"<p>NORTH, CLAIRE<\/p>\n","protected":false},"featured_media":1015125,"template":"","meta":{"_acf_changed":false,"om_disable_all_campaigns":false,"rs_blank_template":"","rs_page_bg_color":"","slide_template_v7":"","inline_featured_image":false,"_monsterinsights_skip_tracking":false,"_monsterinsights_sitenote_active":false,"_monsterinsights_sitenote_note":"","_monsterinsights_sitenote_category":0},"product_brand":[],"product_cat":[127,357],"product_tag":[],"class_list":{"0":"post-1013730","1":"product","2":"type-product","3":"status-publish","4":"has-post-thumbnail","6":"product_cat-novella-contemporania","7":"product_cat-novela-contemporanea","9":"first","10":"instock","11":"taxable","12":"shipping-taxable","13":"purchasable","14":"product-type-simple"},"acf":{"autor":"NORTH, CLAIRE","codart":"841276169","libros-coleccion":"FORA DE COL.LECCI\u00d3","ediciones":"1","encuadernacion":"Carpeta","fecha_de_publicacion":"01\/02\/2025","novedad":"1","paginas":"545","subtitulo":"","orden":"0","portada":"0","idioma":"cat","editorial":[{"ID":943628,"post_author":"3","post_date":"2023-11-29 13:45:21","post_date_gmt":"2023-11-29 12:45:21","post_content":"","post_title":"ASSOCIACIO CHRONOS","post_excerpt":"","post_status":"publish","comment_status":"closed","ping_status":"closed","post_password":"","post_name":"associacio-chronos","to_ping":"","pinged":"","post_modified":"2023-11-29 13:45:21","post_modified_gmt":"2023-11-29 12:45:21","post_content_filtered":"","post_parent":0,"guid":"https:\/\/www.claret.cat\/editorial\/associacio-chronos\/","menu_order":0,"post_type":"editorial","post_mime_type":"","comment_count":"0","filter":"raw"}]},"aioseo_notices":[],"_links":{"self":[{"href":"https:\/\/www.claret.cat\/es\/wp-json\/wp\/v2\/product\/1013730","targetHints":{"allow":["GET"]}}],"collection":[{"href":"https:\/\/www.claret.cat\/es\/wp-json\/wp\/v2\/product"}],"about":[{"href":"https:\/\/www.claret.cat\/es\/wp-json\/wp\/v2\/types\/product"}],"wp:featuredmedia":[{"embeddable":true,"href":"https:\/\/www.claret.cat\/es\/wp-json\/wp\/v2\/media\/1015125"}],"wp:attachment":[{"href":"https:\/\/www.claret.cat\/es\/wp-json\/wp\/v2\/media?parent=1013730"}],"wp:term":[{"taxonomy":"product_brand","embeddable":true,"href":"https:\/\/www.claret.cat\/es\/wp-json\/wp\/v2\/product_brand?post=1013730"},{"taxonomy":"product_cat","embeddable":true,"href":"https:\/\/www.claret.cat\/es\/wp-json\/wp\/v2\/product_cat?post=1013730"},{"taxonomy":"product_tag","embeddable":true,"href":"https:\/\/www.claret.cat\/es\/wp-json\/wp\/v2\/product_tag?post=1013730"}],"curies":[{"name":"wp","href":"https:\/\/api.w.org\/{rel}","templated":true}]}}

<p>El món tal com el coneixem va desaparèixer sota la pluja de foc dels kakuy i les seves relíquies tecnològiques han esdevingut heretgies enterrades en l’oblit. En Ven i la Yue, units per un tràgic succés del passat, es retroben anys més tard en un món convuls en peu de guerra. El conflicte global amenaça el repòs dels kakuy del cel i la terra. Pot l’alteració d’aquest fràgil equilibri canviar el rumb de la humanitat?</p>

FORA DE COL.LECCIÓ
