{"id":101397,"date":"2022-10-12T08:06:35","date_gmt":"2022-10-12T06:06:35","guid":{"rendered":"http:\/\/dev.claret.cat\/producte\/calendario-de-adviento-ciclo-b-poster-58\/"},"modified":"2024-05-23T07:07:16","modified_gmt":"2024-05-23T05:07:16","slug":"calendario-de-adviento-ciclo-b-poster-58-9788490231494","status":"publish","type":"product","link":"https:\/\/www.claret.cat\/es\/libro\/calendario-de-adviento-ciclo-b-poster-58-9788490231494\/","title":{"rendered":"CALENDARIO DE ADVIENTO &#8211; CICLO B &#8211; POSTER &#8211; 58"},"content":{"rendered":"<p>La Iglesia lo llama Adviento. Es el tiempo que nos dan para prepararnos para la Navidad. En estos d\u00edas Dios quiere acercarse a nosotros. Pero, como dice la Biblia, se para en la puerta y llama (Ap 3,20): \u00a1depende de nosotros decidir si abrirlo o no!<\/p>\n<p> Este calendario de Adviento nos acompa\u00f1a para descubrir sus palabras. Abrir las puertas nos dar\u00e1 un mensaje de alegr\u00eda y vida. De hecho, no quiere nada m\u00e1s que nuestro bien.<\/p>\n<p> En las p\u00e1ginas interiores encontrar\u00e1s los mensajes de las liturgias dominicales y una serie de sugerencias concretas para prepararse para el encuentro con Jes\u00fas.<\/p>\n","protected":false},"excerpt":{"rendered":"<p>RAIMONDO, PIERFORTUNATO; VITALI, FRANCA<\/p>\n","protected":false},"featured_media":358959,"template":"","meta":{"_acf_changed":false,"om_disable_all_campaigns":false,"rs_blank_template":"","rs_page_bg_color":"","slide_template_v7":"","inline_featured_image":false,"_monsterinsights_skip_tracking":false,"_monsterinsights_sitenote_active":false,"_monsterinsights_sitenote_note":"","_monsterinsights_sitenote_category":0},"product_brand":[],"product_cat":[90,540],"product_tag":[],"class_list":{"0":"post-101397","1":"product","2":"type-product","3":"status-publish","4":"has-post-thumbnail","6":"product_cat-altres","7":"product_cat-otros","9":"first","10":"instock","11":"taxable","12":"shipping-taxable","13":"purchasable","14":"product-type-simple"},"acf":{"editorial":[{"ID":6155,"post_author":"3","post_date":"2022-07-28 17:46:04","post_date_gmt":"2022-07-28 15:46:04","post_content":"","post_title":"Central Catequ\u00edstica Salesiana","post_excerpt":"","post_status":"publish","comment_status":"closed","ping_status":"closed","post_password":"","post_name":"central-catequistica-salesiana","to_ping":"","pinged":"","post_modified":"2022-07-28 17:46:04","post_modified_gmt":"2022-07-28 15:46:04","post_content_filtered":"","post_parent":0,"guid":"http:\/\/dev.claret.cat\/editorial\/central-catequistica-salesiana\/","menu_order":0,"post_type":"editorial","post_mime_type":"","comment_count":"0","filter":"raw"}],"autor":"RAIMONDO, PIERFORTUNATO; VITALI, FRANCA","codart":"849023149","libros-coleccion":"P\u00f3sters Catequistas","ediciones":"1","encuadernacion":"R\u00fastica","fecha_de_publicacion":"18\/11\/2020","novedad":"1","paginas":"1","subtitulo":"POSTER 58","orden":"0","portada":"0","idioma":"spa","autores-libros":[{"ID":167232,"post_author":"3","post_date":"2022-10-14 18:09:34","post_date_gmt":"2022-10-14 16:09:34","post_content":"","post_title":"PIERFORTUNATO RAIMONDO","post_excerpt":"","post_status":"publish","comment_status":"closed","ping_status":"closed","post_password":"","post_name":"pierfortunato-raimondo","to_ping":"","pinged":"","post_modified":"2022-10-14 18:09:34","post_modified_gmt":"2022-10-14 16:09:34","post_content_filtered":"","post_parent":0,"guid":"http:\/\/dev.claret.cat\/autor\/pierfortunato-raimondo\/","menu_order":0,"post_type":"autor","post_mime_type":"","comment_count":"0","filter":"raw"},{"ID":156055,"post_author":"3","post_date":"2022-10-14 15:17:45","post_date_gmt":"2022-10-14 13:17:45","post_content":"","post_title":"FRANCA VITALI","post_excerpt":"","post_status":"publish","comment_status":"closed","ping_status":"closed","post_password":"","post_name":"franca-vitali","to_ping":"","pinged":"","post_modified":"2022-10-14 15:17:45","post_modified_gmt":"2022-10-14 13:17:45","post_content_filtered":"","post_parent":0,"guid":"http:\/\/dev.claret.cat\/autor\/franca-vitali\/","menu_order":0,"post_type":"autor","post_mime_type":"","comment_count":"0","filter":"raw"}]},"aioseo_notices":[],"_links":{"self":[{"href":"https:\/\/www.claret.cat\/es\/wp-json\/wp\/v2\/product\/101397","targetHints":{"allow":["GET"]}}],"collection":[{"href":"https:\/\/www.claret.cat\/es\/wp-json\/wp\/v2\/product"}],"about":[{"href":"https:\/\/www.claret.cat\/es\/wp-json\/wp\/v2\/types\/product"}],"wp:featuredmedia":[{"embeddable":true,"href":"https:\/\/www.claret.cat\/es\/wp-json\/wp\/v2\/media\/358959"}],"wp:attachment":[{"href":"https:\/\/www.claret.cat\/es\/wp-json\/wp\/v2\/media?parent=101397"}],"wp:term":[{"taxonomy":"product_brand","embeddable":true,"href":"https:\/\/www.claret.cat\/es\/wp-json\/wp\/v2\/product_brand?post=101397"},{"taxonomy":"product_cat","embeddable":true,"href":"https:\/\/www.claret.cat\/es\/wp-json\/wp\/v2\/product_cat?post=101397"},{"taxonomy":"product_tag","embeddable":true,"href":"https:\/\/www.claret.cat\/es\/wp-json\/wp\/v2\/product_tag?post=101397"}],"curies":[{"name":"wp","href":"https:\/\/api.w.org\/{rel}","templated":true}]}}

<p>La Iglesia lo llama Adviento. Es el tiempo que nos dan para prepararnos para la Navidad. En estos días Dios quiere acercarse a nosotros. Pero, como dice la Biblia, se para en la puerta y llama (Ap 3,20): ¡depende de nosotros decidir si abrirlo o no!</p>
<p> Este calendario de Adviento nos acompaña para descubrir sus palabras. Abrir las puertas nos dará un mensaje de alegría y vida. De hecho, no quiere nada más que nuestro bien.</p>
<p> En las páginas interiores encontrarás los mensajes de las liturgias dominicales y una serie de sugerencias concretas para prepararse para el encuentro con Jesús.</p>

Central Catequística Salesiana

Pósters Catequistas

Rústica
