{"id":1014360,"date":"2025-03-26T18:40:02","date_gmt":"2025-03-26T17:40:02","guid":{"rendered":"https:\/\/www.claret.cat\/llibre\/la-mare-es-una-manaire-cat-la-famille-alenvers-9788410517219\/"},"modified":"2025-03-28T11:32:32","modified_gmt":"2025-03-28T10:32:32","slug":"la-mare-es-una-manaire-cat-la-famille-alenvers-9788410517219","status":"publish","type":"product","link":"https:\/\/www.claret.cat\/es\/libro\/la-mare-es-una-manaire-cat-la-famille-alenvers-9788410517219\/","title":{"rendered":"LA MARE \u00c9S UNA MANAIRE! (CAT) LA FAMILLE ALENVERS"},"content":{"rendered":"<p>I si capgirem els papers? A la col\u00b7lecci\u00f3 de contes de la fam\u00edlia Gapgir\u00f3, els pares es comporten com nens i els nens, com pares. Aix\u00f2 ens fa riure, per\u00f2 tamb\u00e9 reflexionar&#8230; \u00c9s una bona manera de veure les situacions amb dist\u00e0ncia i d\u2019aprendre a gestionar millor les emocions&#8230; d\u2019una manera divertida!<\/p>\n<p>En aquest t\u00edtol&#8230; El Gus i la Lola han convidat els seus amics a casa, per\u00f2 tot es tor\u00e7a quan la mare proposa fer de professora. En un tres i no res, es torna<br \/>massa autorit\u00e0ria i els nens decideixen deixar de jugar. Llavors ella s\u2019empipa i sembla impossible raonar amb ella\u2026<\/p>\n","protected":false},"excerpt":{"rendered":"<p>EMMANUELLE LEPETIT; XIANA TEIMOY<\/p>\n","protected":false},"featured_media":1014361,"template":"","meta":{"_acf_changed":false,"om_disable_all_campaigns":false,"rs_blank_template":"","rs_page_bg_color":"","slide_template_v7":"","inline_featured_image":false,"_monsterinsights_skip_tracking":false,"_monsterinsights_sitenote_active":false,"_monsterinsights_sitenote_note":"","_monsterinsights_sitenote_category":0},"product_brand":[],"product_cat":[132,362],"product_tag":[],"class_list":{"0":"post-1014360","1":"product","2":"type-product","3":"status-publish","4":"has-post-thumbnail","6":"product_cat-lectures-per-preadolescents-6-12-anys","7":"product_cat-libros-preadolescentes-6-12-anos","9":"first","10":"instock","11":"taxable","12":"shipping-taxable","13":"purchasable","14":"product-type-simple"},"acf":{"autor":"EMMANUELLE LEPETIT; XIANA TEIMOY","codart":"841051721","libros-coleccion":"","ediciones":"1","encuadernacion":"Carpeta","fecha_de_publicacion":"26\/03\/2025","novedad":"0","paginas":"24","subtitulo":"","orden":"0","portada":"0","idioma":"cat","editorial":[{"ID":148636,"post_author":"3","post_date":"2022-10-14 11:59:48","post_date_gmt":"2022-10-14 09:59:48","post_content":"","post_title":"PANINI ESPA\u00d1A","post_excerpt":"","post_status":"publish","comment_status":"closed","ping_status":"closed","post_password":"","post_name":"panini-espana","to_ping":"","pinged":"","post_modified":"2022-10-14 11:59:48","post_modified_gmt":"2022-10-14 09:59:48","post_content_filtered":"","post_parent":0,"guid":"http:\/\/dev.claret.cat\/editorial\/panini-espana\/","menu_order":0,"post_type":"editorial","post_mime_type":"","comment_count":"0","filter":"raw"}]},"aioseo_notices":[],"_links":{"self":[{"href":"https:\/\/www.claret.cat\/es\/wp-json\/wp\/v2\/product\/1014360","targetHints":{"allow":["GET"]}}],"collection":[{"href":"https:\/\/www.claret.cat\/es\/wp-json\/wp\/v2\/product"}],"about":[{"href":"https:\/\/www.claret.cat\/es\/wp-json\/wp\/v2\/types\/product"}],"wp:featuredmedia":[{"embeddable":true,"href":"https:\/\/www.claret.cat\/es\/wp-json\/wp\/v2\/media\/1014361"}],"wp:attachment":[{"href":"https:\/\/www.claret.cat\/es\/wp-json\/wp\/v2\/media?parent=1014360"}],"wp:term":[{"taxonomy":"product_brand","embeddable":true,"href":"https:\/\/www.claret.cat\/es\/wp-json\/wp\/v2\/product_brand?post=1014360"},{"taxonomy":"product_cat","embeddable":true,"href":"https:\/\/www.claret.cat\/es\/wp-json\/wp\/v2\/product_cat?post=1014360"},{"taxonomy":"product_tag","embeddable":true,"href":"https:\/\/www.claret.cat\/es\/wp-json\/wp\/v2\/product_tag?post=1014360"}],"curies":[{"name":"wp","href":"https:\/\/api.w.org\/{rel}","templated":true}]}}

LA MARE ÉS UNA MANAIRE! (CAT) LA FAMILLE ALENVERS

<p>I si capgirem els papers? A la col·lecció de contes de la família Gapgiró, els pares es comporten com nens i els nens, com pares. Això ens fa riure, però també reflexionar&#8230; És una bona manera de veure les situacions amb distància i d’aprendre a gestionar millor les emocions&#8230; d’una manera divertida!</p>
<p>En aquest títol&#8230; El Gus i la Lola han convidat els seus amics a casa, però tot es torça quan la mare proposa fer de professora. En un tres i no res, es torna<br />massa autoritària i els nens decideixen deixar de jugar. Llavors ella s’empipa i sembla impossible raonar amb ella…</p>

PANINI ESPAÑA
