{"id":1014363,"date":"2025-03-26T18:45:02","date_gmt":"2025-03-26T17:45:02","guid":{"rendered":"https:\/\/www.claret.cat\/llibre\/la-mare-no-vol-anar-a-dormir-cat-la-famille-ale-9788410517233\/"},"modified":"2025-04-11T13:15:18","modified_gmt":"2025-04-11T11:15:18","slug":"la-mare-no-vol-anar-a-dormir-cat-la-famille-ale-9788410517233","status":"publish","type":"product","link":"https:\/\/www.claret.cat\/es\/libro\/la-mare-no-vol-anar-a-dormir-cat-la-famille-ale-9788410517233\/","title":{"rendered":"LA MARE NO VOL ANAR A DORMIR! (CAT) LA FAMILLE ALE"},"content":{"rendered":"<p>I si capgirem els papers? A la col\u00b7lecci\u00f3 de contes de la fam\u00edlia Gapgir\u00f3, els pares es comporten com nens i els nens, com pares. Aix\u00f2 ens fa riure, per\u00f2 tamb\u00e9 reflexionar&#8230; \u00c9s una bona manera de veure les situacions amb dist\u00e0ncia i d\u2019aprendre a gestionar millor les emocions&#8230; d\u2019una manera divertida!<\/p>\n<p>En aquest t\u00edtol&#8230; El Gus i la Lola odien el moment en qu\u00e8 els seus<br \/>pares els manen anar al llit. Aquella nit, per\u00f2, ning\u00fa no els diu res quan comen\u00e7a a fer-se tard, i a sobre la mare est\u00e0 molt esverada i intenta<br \/>estirar l\u2019hora d\u2019anar a dormir sigui com sigui! Els dos nens entendran ben aviat que dormir no t\u00e9 res de dolent\u2026<\/p>\n","protected":false},"excerpt":{"rendered":"<p>EMMANUELLE LEPETIT; XIANA TEIMOY<\/p>\n","protected":false},"featured_media":1014364,"template":"","meta":{"_acf_changed":false,"om_disable_all_campaigns":false,"rs_blank_template":"","rs_page_bg_color":"","slide_template_v7":"","inline_featured_image":false,"_monsterinsights_skip_tracking":false,"_monsterinsights_sitenote_active":false,"_monsterinsights_sitenote_note":"","_monsterinsights_sitenote_category":0},"product_brand":[],"product_cat":[131,361],"product_tag":[],"class_list":{"0":"post-1014363","1":"product","2":"type-product","3":"status-publish","4":"has-post-thumbnail","6":"product_cat-contes-per-infants-0-6-anys","7":"product_cat-cuentos-para-ninos-0-6-anos","9":"first","10":"instock","11":"taxable","12":"shipping-taxable","13":"purchasable","14":"product-type-simple"},"acf":{"autor":"EMMANUELLE LEPETIT; XIANA TEIMOY","codart":"841051723","libros-coleccion":"","ediciones":"1","encuadernacion":"Carpeta","fecha_de_publicacion":"26\/03\/2025","novedad":"1","paginas":"24","subtitulo":"","orden":"0","portada":"0","idioma":"cat","editorial":[{"ID":148636,"post_author":"3","post_date":"2022-10-14 11:59:48","post_date_gmt":"2022-10-14 09:59:48","post_content":"","post_title":"PANINI ESPA\u00d1A","post_excerpt":"","post_status":"publish","comment_status":"closed","ping_status":"closed","post_password":"","post_name":"panini-espana","to_ping":"","pinged":"","post_modified":"2022-10-14 11:59:48","post_modified_gmt":"2022-10-14 09:59:48","post_content_filtered":"","post_parent":0,"guid":"http:\/\/dev.claret.cat\/editorial\/panini-espana\/","menu_order":0,"post_type":"editorial","post_mime_type":"","comment_count":"0","filter":"raw"}],"booktrailer":"","resenas":""},"aioseo_notices":[],"_links":{"self":[{"href":"https:\/\/www.claret.cat\/es\/wp-json\/wp\/v2\/product\/1014363","targetHints":{"allow":["GET"]}}],"collection":[{"href":"https:\/\/www.claret.cat\/es\/wp-json\/wp\/v2\/product"}],"about":[{"href":"https:\/\/www.claret.cat\/es\/wp-json\/wp\/v2\/types\/product"}],"wp:featuredmedia":[{"embeddable":true,"href":"https:\/\/www.claret.cat\/es\/wp-json\/wp\/v2\/media\/1014364"}],"wp:attachment":[{"href":"https:\/\/www.claret.cat\/es\/wp-json\/wp\/v2\/media?parent=1014363"}],"wp:term":[{"taxonomy":"product_brand","embeddable":true,"href":"https:\/\/www.claret.cat\/es\/wp-json\/wp\/v2\/product_brand?post=1014363"},{"taxonomy":"product_cat","embeddable":true,"href":"https:\/\/www.claret.cat\/es\/wp-json\/wp\/v2\/product_cat?post=1014363"},{"taxonomy":"product_tag","embeddable":true,"href":"https:\/\/www.claret.cat\/es\/wp-json\/wp\/v2\/product_tag?post=1014363"}],"curies":[{"name":"wp","href":"https:\/\/api.w.org\/{rel}","templated":true}]}}

<p>I si capgirem els papers? A la col·lecció de contes de la família Gapgiró, els pares es comporten com nens i els nens, com pares. Això ens fa riure, però també reflexionar&#8230; És una bona manera de veure les situacions amb distància i d’aprendre a gestionar millor les emocions&#8230; d’una manera divertida!</p>
<p>En aquest títol&#8230; El Gus i la Lola odien el moment en què els seus<br />pares els manen anar al llit. Aquella nit, però, ningú no els diu res quan comença a fer-se tard, i a sobre la mare està molt esverada i intenta<br />estirar l’hora d’anar a dormir sigui com sigui! Els dos nens entendran ben aviat que dormir no té res de dolent…</p>

PANINI ESPAÑA
