{"id":1014554,"date":"2025-03-27T11:05:46","date_gmt":"2025-03-27T10:05:46","guid":{"rendered":"https:\/\/www.claret.cat\/llibre\/el-volumen-del-tiempo-ii-9788433929655\/"},"modified":"2026-04-07T13:26:38","modified_gmt":"2026-04-07T11:26:38","slug":"el-volumen-del-tiempo-ii-9788433929655","status":"publish","type":"product","link":"https:\/\/www.claret.cat\/es\/libro\/el-volumen-del-tiempo-ii-9788433929655\/","title":{"rendered":"EL VOLUMEN DEL TIEMPO II"},"content":{"rendered":"<p>Un proyecto narrativo deslumbrante: la ciencia ficci\u00f3n al servicio de la meditaci\u00f3n existencial. \u00abMe llamo Tara Selter. Me encuentro en el dieciocho de noviembre y hay eco a mi alrededor. Soy una criatura extraordinaria, que no deber\u00eda circular entre personas que siguen una direcci\u00f3n determinada. [&#x2026;] Puedo contar mis d\u00edas, y lo hago. Puedo escribir acerca de ellos, y lo hago. [&#x2026;] Puedo escribir lo que quiera y viajar adonde quiera, no me falta de nada. Camino por el borde de un abismo, cuento d\u00edas y lo anoto todo. Lo hago para recordar. O para evitar que los d\u00edas se me escapen. O tal vez sea porque el papel recuerda lo que digo. Como si yo existiera. Como si hubiera alguien escuch\u00e1ndome.\u00bbTara Selter, la librera anticuaria atrapada en el bucle temporal de un dieciocho de noviembre del que no encuentra modo de escapar, continua en este segundo volumen anotando sus reflexiones sobre la ins\u00f3lita situaci\u00f3n que est\u00e1 viviendo. Regresa a la habitaci\u00f3n de hotel en la que todo comenz\u00f3, hace una peculiar visita a su familia, emprende un viaje por todas las latitudes de Europa en un intento de recrear el paso de las estaciones y sigue haci\u00e9ndose preguntas sobre qui\u00e9n es, qui\u00e9nes somos, cu\u00e1l es nuestra relaci\u00f3n con el tiempo y c\u00f3mo este nos configura.Solvej Balle retoma en estas p\u00e1ginas su fascinante exploraci\u00f3n novel\u00edstica sobre la condici\u00f3n humana, en el que es, con sus siete vol\u00famenes, uno de los proyectos narrativos m\u00e1s ambiciosos de la literatura europea actual.<\/p>\n","protected":false},"excerpt":{"rendered":"<p>BALLE, SOLVEJ<\/p>\n","protected":false},"featured_media":1095022,"template":"","meta":{"_acf_changed":false,"om_disable_all_campaigns":false,"rs_blank_template":"","rs_page_bg_color":"","slide_template_v7":"","inline_featured_image":false,"_monsterinsights_skip_tracking":false,"_monsterinsights_sitenote_active":false,"_monsterinsights_sitenote_note":"","_monsterinsights_sitenote_category":0},"product_brand":[],"product_cat":[127,357],"product_tag":[],"class_list":{"0":"post-1014554","1":"product","2":"type-product","3":"status-publish","4":"has-post-thumbnail","6":"product_cat-novella-contemporania","7":"product_cat-novela-contemporanea","9":"first","10":"instock","11":"taxable","12":"shipping-taxable","13":"purchasable","14":"product-type-simple"},"acf":{"autor":"BALLE, SOLVEJ","codart":"843392965","libros-coleccion":"Panorama de narrativas","ediciones":"1","encuadernacion":"R\u00fastica","fecha_de_publicacion":"01\/03\/2025","novedad":"1","paginas":"216","subtitulo":"","orden":"0","portada":"1","idioma":"spa","editorial":[{"ID":147428,"post_author":"3","post_date":"2022-10-14 11:50:30","post_date_gmt":"2022-10-14 09:50:30","post_content":"","post_title":"ANAGRAMA","post_excerpt":"","post_status":"publish","comment_status":"closed","ping_status":"closed","post_password":"","post_name":"anagrama","to_ping":"","pinged":"","post_modified":"2022-10-14 11:50:30","post_modified_gmt":"2022-10-14 09:50:30","post_content_filtered":"","post_parent":0,"guid":"http:\/\/dev.claret.cat\/editorial\/anagrama\/","menu_order":0,"post_type":"editorial","post_mime_type":"","comment_count":"0","filter":"raw"}],"booktrailer":"","resenas":""},"aioseo_notices":[],"_links":{"self":[{"href":"https:\/\/www.claret.cat\/es\/wp-json\/wp\/v2\/product\/1014554","targetHints":{"allow":["GET"]}}],"collection":[{"href":"https:\/\/www.claret.cat\/es\/wp-json\/wp\/v2\/product"}],"about":[{"href":"https:\/\/www.claret.cat\/es\/wp-json\/wp\/v2\/types\/product"}],"wp:featuredmedia":[{"embeddable":true,"href":"https:\/\/www.claret.cat\/es\/wp-json\/wp\/v2\/media\/1095022"}],"wp:attachment":[{"href":"https:\/\/www.claret.cat\/es\/wp-json\/wp\/v2\/media?parent=1014554"}],"wp:term":[{"taxonomy":"product_brand","embeddable":true,"href":"https:\/\/www.claret.cat\/es\/wp-json\/wp\/v2\/product_brand?post=1014554"},{"taxonomy":"product_cat","embeddable":true,"href":"https:\/\/www.claret.cat\/es\/wp-json\/wp\/v2\/product_cat?post=1014554"},{"taxonomy":"product_tag","embeddable":true,"href":"https:\/\/www.claret.cat\/es\/wp-json\/wp\/v2\/product_tag?post=1014554"}],"curies":[{"name":"wp","href":"https:\/\/api.w.org\/{rel}","templated":true}]}}

<p>Un proyecto narrativo deslumbrante: la ciencia ficción al servicio de la meditación existencial. «Me llamo Tara Selter. Me encuentro en el dieciocho de noviembre y hay eco a mi alrededor. Soy una criatura extraordinaria, que no debería circular entre personas que siguen una dirección determinada. [&#x2026;] Puedo contar mis días, y lo hago. Puedo escribir acerca de ellos, y lo hago. [&#x2026;] Puedo escribir lo que quiera y viajar adonde quiera, no me falta de nada. Camino por el borde de un abismo, cuento días y lo anoto todo. Lo hago para recordar. O para evitar que los días se me escapen. O tal vez sea porque el papel recuerda lo que digo. Como si yo existiera. Como si hubiera alguien escuchándome.»Tara Selter, la librera anticuaria atrapada en el bucle temporal de un dieciocho de noviembre del que no encuentra modo de escapar, continua en este segundo volumen anotando sus reflexiones sobre la insólita situación que está viviendo. Regresa a la habitación de hotel en la que todo comenzó, hace una peculiar visita a su familia, emprende un viaje por todas las latitudes de Europa en un intento de recrear el paso de las estaciones y sigue haciéndose preguntas sobre quién es, quiénes somos, cuál es nuestra relación con el tiempo y cómo este nos configura.Solvej Balle retoma en estas páginas su fascinante exploración novelística sobre la condición humana, en el que es, con sus siete volúmenes, uno de los proyectos narrativos más ambiciosos de la literatura europea actual.</p>

Rústica
