{"id":101606,"date":"2022-10-12T08:09:28","date_gmt":"2022-10-12T06:09:28","guid":{"rendered":"http:\/\/dev.claret.cat\/producte\/teologia-en-las-periferias\/"},"modified":"2024-05-02T08:05:33","modified_gmt":"2024-05-02T06:05:33","slug":"teologia-en-las-periferias-9788428559362","status":"publish","type":"product","link":"https:\/\/www.claret.cat\/es\/libro\/teologia-en-las-periferias-9788428559362\/","title":{"rendered":"TEOLOG\u00cdA EN LAS PERIFERIAS"},"content":{"rendered":"<p>\u201cSi bien es cierto que vivimos tiempos de incertidumbre e impotencias, tambi\u00e9n lo son de inmensas generosidades y dinamismos creativos empe\u00f1ados en poner en el centro el sost\u00e9n mutuo, la vida y la alegr\u00eda m\u00e1s all\u00e1 de toda frontera\u201d.<br \/> El barrio de Lavapi\u00e9s, territorio sagrado para la te\u00f3loga Pepa Torres, es el escenario en que se le ha revelado el rostro de Dios. Desde esa profunda experiencia de misterio, la autora ha tejido una teolog\u00eda de las periferias que, m\u00e1s que especular, narra a un Dios que no es milagrero, ni castigador, sino que es aliento de vida, manantial de resiliencia, que sostiene, inspira, moviliza a la solidaridad y la creatividad. Un Dios, reciclador, dynamis, que nos empuja a rebuscar hasta encontrar, entre las cenizas del sufrimiento, la esperanza, y nos hace experimentar que solo en la projimidad y en el asombroso poder de los encuentros y los abrazos podemos ser plenamente humanos y humanas.<\/p>\n","protected":false},"excerpt":{"rendered":"<p>TORRES, PEPA<\/p>\n","protected":false},"featured_media":336407,"template":"","meta":{"_acf_changed":false,"om_disable_all_campaigns":false,"rs_blank_template":"","rs_page_bg_color":"","slide_template_v7":"","inline_featured_image":false,"_monsterinsights_skip_tracking":false,"_monsterinsights_sitenote_active":false,"_monsterinsights_sitenote_note":"","_monsterinsights_sitenote_category":0},"product_brand":[],"product_cat":[90,540],"product_tag":[],"class_list":{"0":"post-101606","1":"product","2":"type-product","3":"status-publish","4":"has-post-thumbnail","6":"product_cat-altres","7":"product_cat-otros","9":"first","10":"instock","11":"taxable","12":"shipping-taxable","13":"purchasable","14":"product-type-simple"},"acf":{"editorial":[{"ID":6356,"post_author":"3","post_date":"2022-07-28 17:50:26","post_date_gmt":"2022-07-28 15:50:26","post_content":"","post_title":"SAN PABLO COMUNICACI\u00d3N","post_excerpt":"","post_status":"publish","comment_status":"closed","ping_status":"closed","post_password":"","post_name":"san-pablo-comunicacion","to_ping":"","pinged":"","post_modified":"2022-07-28 17:50:26","post_modified_gmt":"2022-07-28 15:50:26","post_content_filtered":"","post_parent":0,"guid":"http:\/\/dev.claret.cat\/editorial\/san-pablo-comunicacion\/","menu_order":0,"post_type":"editorial","post_mime_type":"","comment_count":"0","filter":"raw"}],"autor":"TORRES, PEPA","codart":"842855936","libros-coleccion":"FORA DE COL.LECCI\u00d3","ediciones":"1","encuadernacion":"R\u00fastica","fecha_de_publicacion":"16\/11\/2020","novedad":"1","paginas":"256","subtitulo":"DE AMOR POL\u00cdTICO Y CUIDADOS EN TIEMPOS DE INCERTIDUMBRE","orden":"0","portada":"0","idioma":"spa","autores-libros":[{"ID":166972,"post_author":"3","post_date":"2022-10-14 18:07:31","post_date_gmt":"2022-10-14 16:07:31","post_content":"","post_title":"PEPA TORRES","post_excerpt":"","post_status":"publish","comment_status":"closed","ping_status":"closed","post_password":"","post_name":"pepa-torres","to_ping":"","pinged":"","post_modified":"2022-10-14 18:07:31","post_modified_gmt":"2022-10-14 16:07:31","post_content_filtered":"","post_parent":0,"guid":"http:\/\/dev.claret.cat\/autor\/pepa-torres\/","menu_order":0,"post_type":"autor","post_mime_type":"","comment_count":"0","filter":"raw"}]},"aioseo_notices":[],"_links":{"self":[{"href":"https:\/\/www.claret.cat\/es\/wp-json\/wp\/v2\/product\/101606","targetHints":{"allow":["GET"]}}],"collection":[{"href":"https:\/\/www.claret.cat\/es\/wp-json\/wp\/v2\/product"}],"about":[{"href":"https:\/\/www.claret.cat\/es\/wp-json\/wp\/v2\/types\/product"}],"wp:featuredmedia":[{"embeddable":true,"href":"https:\/\/www.claret.cat\/es\/wp-json\/wp\/v2\/media\/336407"}],"wp:attachment":[{"href":"https:\/\/www.claret.cat\/es\/wp-json\/wp\/v2\/media?parent=101606"}],"wp:term":[{"taxonomy":"product_brand","embeddable":true,"href":"https:\/\/www.claret.cat\/es\/wp-json\/wp\/v2\/product_brand?post=101606"},{"taxonomy":"product_cat","embeddable":true,"href":"https:\/\/www.claret.cat\/es\/wp-json\/wp\/v2\/product_cat?post=101606"},{"taxonomy":"product_tag","embeddable":true,"href":"https:\/\/www.claret.cat\/es\/wp-json\/wp\/v2\/product_tag?post=101606"}],"curies":[{"name":"wp","href":"https:\/\/api.w.org\/{rel}","templated":true}]}}

TEOLOGÍA EN LAS PERIFERIAS

<p>“Si bien es cierto que vivimos tiempos de incertidumbre e impotencias, también lo son de inmensas generosidades y dinamismos creativos empeñados en poner en el centro el sostén mutuo, la vida y la alegría más allá de toda frontera”.<br /> El barrio de Lavapiés, territorio sagrado para la teóloga Pepa Torres, es el escenario en que se le ha revelado el rostro de Dios. Desde esa profunda experiencia de misterio, la autora ha tejido una teología de las periferias que, más que especular, narra a un Dios que no es milagrero, ni castigador, sino que es aliento de vida, manantial de resiliencia, que sostiene, inspira, moviliza a la solidaridad y la creatividad. Un Dios, reciclador, dynamis, que nos empuja a rebuscar hasta encontrar, entre las cenizas del sufrimiento, la esperanza, y nos hace experimentar que solo en la projimidad y en el asombroso poder de los encuentros y los abrazos podemos ser plenamente humanos y humanas.</p>

SAN PABLO COMUNICACIÓN

FORA DE COL.LECCIÓ

Rústica

DE AMOR POLÍTICO Y CUIDADOS EN TIEMPOS DE INCERTIDUMBRE
