{"id":1016412,"date":"2025-04-03T11:15:32","date_gmt":"2025-04-03T09:15:32","guid":{"rendered":"https:\/\/www.claret.cat\/llibre\/crema-lapm-9788411731454\/"},"modified":"2025-04-24T12:27:16","modified_gmt":"2025-04-24T10:27:16","slug":"crema-lapm-9788411731454","status":"publish","type":"product","link":"https:\/\/www.claret.cat\/es\/libro\/crema-lapm-9788411731454\/","title":{"rendered":"CREMA L\u2019APM?"},"content":{"rendered":"<p>Crema l\u2019APM? \u00e9s un viatge per tota la traject\u00f2ria del programa, amb aparicions dels personatges m\u00e9s m\u00edtics, col\u00b7laboradors de totes les \u00e8poques i una selecci\u00f3 de les frases i gags que han fet esclatar de riure a tota una generaci\u00f3.<br \/> A m\u00e9s, el lector es converteix en part activa de l&#8221;APM! A trav\u00e9s de jocs, proves i reptes interactius, podr\u00e0s posar a prova el teu coneixement del programa, fer v\u00eddeos amb l&#8221;estil d\u2019\u00abEl Gran Germ\u00e0\u00bb o fins i tot etiquetar els teus amics amb les frases m\u00e9s m\u00edtiques d\u2019APM. Sigues el protagonista amb activitats com cantar la lletra d&#8221;\u00ab\u00c9s superfort\u00bb o dibuixar el teu millor \u00abSa matao Paco!\u00bb.<br \/> El llibre d&#8221;APM \u00e9s una experi\u00e8ncia completa per a tots aquells que volen viure l&#8221;humor del programa de m\u00e9s a prop i, sobretot, riure una vegada m\u00e9s amb el millor de l&#8221;APM.<\/p>\n","protected":false},"excerpt":{"rendered":"<p>AA.VV.<\/p>\n","protected":false},"featured_media":1016465,"template":"","meta":{"_acf_changed":false,"om_disable_all_campaigns":false,"rs_blank_template":"","rs_page_bg_color":"","slide_template_v7":"","inline_featured_image":false,"_monsterinsights_skip_tracking":false,"_monsterinsights_sitenote_active":false,"_monsterinsights_sitenote_note":"","_monsterinsights_sitenote_category":0},"product_brand":[],"product_cat":[90,540],"product_tag":[],"class_list":{"0":"post-1016412","1":"product","2":"type-product","3":"status-publish","4":"has-post-thumbnail","6":"product_cat-altres","7":"product_cat-otros","9":"first","10":"instock","11":"taxable","12":"shipping-taxable","13":"purchasable","14":"product-type-simple"},"acf":{"autor":"AA.VV.","codart":"841173145","libros-coleccion":"Ara Llibres","ediciones":"1","encuadernacion":"R\u00fastica","fecha_de_publicacion":"01\/04\/2025","novedad":"1","paginas":"200","subtitulo":"UN LLIBRE PER LLEGIR, GUIXAR, TALLAR I FER-SE MONJA","orden":"0","portada":"0","idioma":"cat","editorial":[{"ID":147453,"post_author":"3","post_date":"2022-10-14 11:50:42","post_date_gmt":"2022-10-14 09:50:42","post_content":"","post_title":"ARA LLIBRES","post_excerpt":"","post_status":"publish","comment_status":"closed","ping_status":"closed","post_password":"","post_name":"ara-llibres","to_ping":"","pinged":"","post_modified":"2022-10-14 11:50:42","post_modified_gmt":"2022-10-14 09:50:42","post_content_filtered":"","post_parent":0,"guid":"http:\/\/dev.claret.cat\/editorial\/ara-llibres\/","menu_order":0,"post_type":"editorial","post_mime_type":"","comment_count":"0","filter":"raw"}],"booktrailer":"","resenas":""},"aioseo_notices":[],"_links":{"self":[{"href":"https:\/\/www.claret.cat\/es\/wp-json\/wp\/v2\/product\/1016412","targetHints":{"allow":["GET"]}}],"collection":[{"href":"https:\/\/www.claret.cat\/es\/wp-json\/wp\/v2\/product"}],"about":[{"href":"https:\/\/www.claret.cat\/es\/wp-json\/wp\/v2\/types\/product"}],"wp:featuredmedia":[{"embeddable":true,"href":"https:\/\/www.claret.cat\/es\/wp-json\/wp\/v2\/media\/1016465"}],"wp:attachment":[{"href":"https:\/\/www.claret.cat\/es\/wp-json\/wp\/v2\/media?parent=1016412"}],"wp:term":[{"taxonomy":"product_brand","embeddable":true,"href":"https:\/\/www.claret.cat\/es\/wp-json\/wp\/v2\/product_brand?post=1016412"},{"taxonomy":"product_cat","embeddable":true,"href":"https:\/\/www.claret.cat\/es\/wp-json\/wp\/v2\/product_cat?post=1016412"},{"taxonomy":"product_tag","embeddable":true,"href":"https:\/\/www.claret.cat\/es\/wp-json\/wp\/v2\/product_tag?post=1016412"}],"curies":[{"name":"wp","href":"https:\/\/api.w.org\/{rel}","templated":true}]}}

<p>Crema l’APM? és un viatge per tota la trajectòria del programa, amb aparicions dels personatges més mítics, col·laboradors de totes les èpoques i una selecció de les frases i gags que han fet esclatar de riure a tota una generació.<br /> A més, el lector es converteix en part activa de l&#8221;APM! A través de jocs, proves i reptes interactius, podràs posar a prova el teu coneixement del programa, fer vídeos amb l&#8221;estil d’«El Gran Germà» o fins i tot etiquetar els teus amics amb les frases més mítiques d’APM. Sigues el protagonista amb activitats com cantar la lletra d&#8221;«És superfort» o dibuixar el teu millor «Sa matao Paco!».<br /> El llibre d&#8221;APM és una experiència completa per a tots aquells que volen viure l&#8221;humor del programa de més a prop i, sobretot, riure una vegada més amb el millor de l&#8221;APM.</p>

Rústica
