{"id":1016724,"date":"2025-04-04T16:46:22","date_gmt":"2025-04-04T14:46:22","guid":{"rendered":"https:\/\/www.claret.cat\/llibre\/la-oca-de-trapo-9788427150331\/"},"modified":"2025-04-05T13:40:25","modified_gmt":"2025-04-05T11:40:25","slug":"la-oca-de-trapo-9788427150331","status":"publish","type":"product","link":"https:\/\/www.claret.cat\/es\/libro\/la-oca-de-trapo-9788427150331\/","title":{"rendered":"LA OCA DE TRAPO"},"content":{"rendered":"<p>El peque\u00f1o mono Basilio tiene una oca de trapo a la que adora, pero un d\u00eda desaparece\u2026 \u00bfQu\u00e9 ha sucedido? \u00bfD\u00f3nde est\u00e1 su juguete preferido? Basilio saldr\u00e1 a buscarla, aunque hace mucho fr\u00edo. En el camino se encontrar\u00e1 con sus vecinos. \u00bfTendr\u00e1n ellos la oca de trapo? Basilio no lo sabe, pero algo fant\u00e1stico est\u00e1 a punto de suceder. LA MAGIA DE COMPARTIR.<\/p>\n","protected":false},"excerpt":{"rendered":"<p>TORRUBIANO, SUSANA<\/p>\n","protected":false},"featured_media":1016803,"template":"","meta":{"_acf_changed":false,"om_disable_all_campaigns":false,"rs_blank_template":"","rs_page_bg_color":"","slide_template_v7":"","inline_featured_image":false,"_monsterinsights_skip_tracking":false,"_monsterinsights_sitenote_active":false,"_monsterinsights_sitenote_note":"","_monsterinsights_sitenote_category":0},"product_brand":[],"product_cat":[131,361],"product_tag":[],"class_list":{"0":"post-1016724","1":"product","2":"type-product","3":"status-publish","4":"has-post-thumbnail","6":"product_cat-contes-per-infants-0-6-anys","7":"product_cat-cuentos-para-ninos-0-6-anos","9":"first","10":"instock","11":"taxable","12":"shipping-taxable","13":"purchasable","14":"product-type-simple"},"acf":{"autor":"TORRUBIANO, SUSANA","codart":"842715033","libros-coleccion":"","ediciones":"1","encuadernacion":"Carton\u00e9","fecha_de_publicacion":"01\/04\/2025","novedad":"1","paginas":"40","subtitulo":"","orden":"0","portada":"0","idioma":"spa","editorial":[{"ID":8258,"post_author":"3","post_date":"2022-09-30 09:21:32","post_date_gmt":"2022-09-30 07:21:32","post_content":"","post_title":"MENSAJERO","post_excerpt":"","post_status":"publish","comment_status":"closed","ping_status":"closed","post_password":"","post_name":"mensajero","to_ping":"","pinged":"","post_modified":"2022-09-30 09:21:32","post_modified_gmt":"2022-09-30 07:21:32","post_content_filtered":"","post_parent":0,"guid":"http:\/\/dev.claret.cat\/editorial\/mensajero\/","menu_order":0,"post_type":"editorial","post_mime_type":"","comment_count":"0","filter":"raw"}]},"aioseo_notices":[],"_links":{"self":[{"href":"https:\/\/www.claret.cat\/es\/wp-json\/wp\/v2\/product\/1016724","targetHints":{"allow":["GET"]}}],"collection":[{"href":"https:\/\/www.claret.cat\/es\/wp-json\/wp\/v2\/product"}],"about":[{"href":"https:\/\/www.claret.cat\/es\/wp-json\/wp\/v2\/types\/product"}],"wp:featuredmedia":[{"embeddable":true,"href":"https:\/\/www.claret.cat\/es\/wp-json\/wp\/v2\/media\/1016803"}],"wp:attachment":[{"href":"https:\/\/www.claret.cat\/es\/wp-json\/wp\/v2\/media?parent=1016724"}],"wp:term":[{"taxonomy":"product_brand","embeddable":true,"href":"https:\/\/www.claret.cat\/es\/wp-json\/wp\/v2\/product_brand?post=1016724"},{"taxonomy":"product_cat","embeddable":true,"href":"https:\/\/www.claret.cat\/es\/wp-json\/wp\/v2\/product_cat?post=1016724"},{"taxonomy":"product_tag","embeddable":true,"href":"https:\/\/www.claret.cat\/es\/wp-json\/wp\/v2\/product_tag?post=1016724"}],"curies":[{"name":"wp","href":"https:\/\/api.w.org\/{rel}","templated":true}]}}

<p>El pequeño mono Basilio tiene una oca de trapo a la que adora, pero un día desaparece… ¿Qué ha sucedido? ¿Dónde está su juguete preferido? Basilio saldrá a buscarla, aunque hace mucho frío. En el camino se encontrará con sus vecinos. ¿Tendrán ellos la oca de trapo? Basilio no lo sabe, pero algo fantástico está a punto de suceder. LA MAGIA DE COMPARTIR.</p>

Cartoné
