{"id":1017507,"date":"2025-04-08T18:00:24","date_gmt":"2025-04-08T16:00:24","guid":{"rendered":"https:\/\/www.claret.cat\/llibre\/principe-brutal-herencia-brutal-1-9788410395961\/"},"modified":"2025-04-09T16:35:27","modified_gmt":"2025-04-09T14:35:27","slug":"principe-brutal-herencia-brutal-1-9788410395961","status":"publish","type":"product","link":"https:\/\/www.claret.cat\/es\/libro\/principe-brutal-herencia-brutal-1-9788410395961\/","title":{"rendered":"PR\u00cdNCIPE BRUTAL (HERENCIA BRUTAL 1)"},"content":{"rendered":"<p>Est\u00e1n hechos el uno contra el otro. Los Griffin y los Gallo llevan disput\u00e1ndose el control de los bajos mundos de Chicago desde hace generaciones. La rivalidad entre ellos siempre ha sido incandescente, pero las llamas renacen con furia cuando Aida, la m\u00e1s joven y extravagante de los Gallo, se cuela en una fiesta de la mansi\u00f3n de los Griffin y prende fuego a la biblioteca sin querer. Para evitar una guerra, su padre no tarda en concertar el matrimonio entre ella y Callum Griffin, el hijo mayor y el heredero de la mafia irlandesa. Fr\u00edo, ambicioso y violento, Callum est\u00e1 decidido a domar a su nueva y cabezota esposa. Pero Aida es m\u00e1s que capaz de darlo todo ella solita\u2026 empezando por envenenar a Callum en su noche de bodas. La cuesti\u00f3n es que asesinarlo ser\u00eda mucho m\u00e1s sencillo si no fuera tan guapo y le atrajera tanto. Ella tiene un candado en el coraz\u00f3n. \u00c9l tiene algo que demostrar. En su lucha por el control, \u00bfqui\u00e9n arder\u00e1 en llamas primero?<\/p>\n","protected":false},"excerpt":{"rendered":"<p>LARK, SOPHIE<\/p>\n","protected":false},"featured_media":1017680,"template":"","meta":{"_acf_changed":false,"om_disable_all_campaigns":false,"rs_blank_template":"","rs_page_bg_color":"","slide_template_v7":"","inline_featured_image":false,"_monsterinsights_skip_tracking":false,"_monsterinsights_sitenote_active":false,"_monsterinsights_sitenote_note":"","_monsterinsights_sitenote_category":0},"product_brand":[],"product_cat":[133,566,117,363],"product_tag":[],"class_list":{"0":"post-1017507","1":"product","2":"type-product","3":"status-publish","4":"has-post-thumbnail","6":"product_cat-lectures-per-adolescents-12-18-anys","7":"product_cat-juvenil-3_infantil-juvenil-spa-spa","8":"product_cat-juvenil","9":"product_cat-lecturas-por-adolescentes-12-18-anos","11":"first","12":"instock","13":"taxable","14":"shipping-taxable","15":"purchasable","16":"product-type-simple"},"acf":{"autor":"LARK, SOPHIE","codart":"841039596","libros-coleccion":"FORA DE COL.LECCI\u00d3","ediciones":"1","encuadernacion":"R\u00fastica","fecha_de_publicacion":"01\/04\/2025","novedad":"1","paginas":"320","subtitulo":"","orden":"0","portada":"0","idioma":"spa","editorial":[{"ID":6310,"post_author":"3","post_date":"2022-07-28 17:49:26","post_date_gmt":"2022-07-28 15:49:26","post_content":"","post_title":"MONTENA","post_excerpt":"","post_status":"publish","comment_status":"closed","ping_status":"closed","post_password":"","post_name":"montena","to_ping":"","pinged":"","post_modified":"2022-07-28 17:49:26","post_modified_gmt":"2022-07-28 15:49:26","post_content_filtered":"","post_parent":0,"guid":"http:\/\/dev.claret.cat\/editorial\/montena\/","menu_order":0,"post_type":"editorial","post_mime_type":"","comment_count":"0","filter":"raw"}],"booktrailer":"","resenas":""},"aioseo_notices":[],"_links":{"self":[{"href":"https:\/\/www.claret.cat\/es\/wp-json\/wp\/v2\/product\/1017507","targetHints":{"allow":["GET"]}}],"collection":[{"href":"https:\/\/www.claret.cat\/es\/wp-json\/wp\/v2\/product"}],"about":[{"href":"https:\/\/www.claret.cat\/es\/wp-json\/wp\/v2\/types\/product"}],"wp:featuredmedia":[{"embeddable":true,"href":"https:\/\/www.claret.cat\/es\/wp-json\/wp\/v2\/media\/1017680"}],"wp:attachment":[{"href":"https:\/\/www.claret.cat\/es\/wp-json\/wp\/v2\/media?parent=1017507"}],"wp:term":[{"taxonomy":"product_brand","embeddable":true,"href":"https:\/\/www.claret.cat\/es\/wp-json\/wp\/v2\/product_brand?post=1017507"},{"taxonomy":"product_cat","embeddable":true,"href":"https:\/\/www.claret.cat\/es\/wp-json\/wp\/v2\/product_cat?post=1017507"},{"taxonomy":"product_tag","embeddable":true,"href":"https:\/\/www.claret.cat\/es\/wp-json\/wp\/v2\/product_tag?post=1017507"}],"curies":[{"name":"wp","href":"https:\/\/api.w.org\/{rel}","templated":true}]}}

PRÍNCIPE BRUTAL (HERENCIA BRUTAL 1)

<p>Están hechos el uno contra el otro. Los Griffin y los Gallo llevan disputándose el control de los bajos mundos de Chicago desde hace generaciones. La rivalidad entre ellos siempre ha sido incandescente, pero las llamas renacen con furia cuando Aida, la más joven y extravagante de los Gallo, se cuela en una fiesta de la mansión de los Griffin y prende fuego a la biblioteca sin querer. Para evitar una guerra, su padre no tarda en concertar el matrimonio entre ella y Callum Griffin, el hijo mayor y el heredero de la mafia irlandesa. Frío, ambicioso y violento, Callum está decidido a domar a su nueva y cabezota esposa. Pero Aida es más que capaz de darlo todo ella solita… empezando por envenenar a Callum en su noche de bodas. La cuestión es que asesinarlo sería mucho más sencillo si no fuera tan guapo y le atrajera tanto. Ella tiene un candado en el corazón. Él tiene algo que demostrar. En su lucha por el control, ¿quién arderá en llamas primero?</p>

FORA DE COL.LECCIÓ

Rústica
