{"id":1017549,"date":"2025-04-08T18:30:02","date_gmt":"2025-04-08T16:30:02","guid":{"rendered":"https:\/\/www.claret.cat\/llibre\/la-increible-historia-de-el-ximpunauta-9788410395534\/"},"modified":"2025-06-10T18:25:16","modified_gmt":"2025-06-10T16:25:16","slug":"la-increible-historia-de-el-ximpunauta-9788410395534","status":"publish","type":"product","link":"https:\/\/www.claret.cat\/es\/libro\/la-increible-historia-de-el-ximpunauta-9788410395534\/","title":{"rendered":"LA INCRE\u00cfBLE HIST\u00d2RIA DE&#8230; &#8211; EL XIMPUNAUTA"},"content":{"rendered":"<p>El ximponauta: l&#8217;aventura a l&#8217;espai m\u00e9s divertid\u00edssim de David Walliams!  En Bau \u00e9s un ximpanz\u00e9 una mica entremaliat: deixa anar traques per dalt i per baix tota l&#8217;estona, es furga el nas amb els dits del peu i es menja nom\u00e9s la pell dels pl\u00e0tans (i no ho de dins!). Per\u00f2 la NASA ha decidit que \u00e9s el candidat perfecte per llen\u00e7ar-lo a l&#8217;espai en una missi\u00f3 perillos\u00edssima. Si un ximpanz\u00e9 pot orbitar la Terra, aleshores els humans tamb\u00e9! Amb un ximpanz\u00e9 als comandaments d&#8217;una nau espacial, qu\u00e8 en podria sortir malament? Doncs resulta que\u2026 TOT. Endinsa&#8217;t en una nova i incre\u00efble hist\u00f2ria de l&#8217;autor n\u00famero 1, David Walliams. Aventura i diversi\u00f3 assegurades!<\/p>\n","protected":false},"excerpt":{"rendered":"<p>WALLIAMS, DAVID<\/p>\n","protected":false},"featured_media":1017550,"template":"","meta":{"_acf_changed":false,"om_disable_all_campaigns":false,"rs_blank_template":"","rs_page_bg_color":"","slide_template_v7":"","inline_featured_image":false,"_monsterinsights_skip_tracking":false,"_monsterinsights_sitenote_active":false,"_monsterinsights_sitenote_note":"","_monsterinsights_sitenote_category":0},"product_brand":[],"product_cat":[132,362],"product_tag":[],"class_list":{"0":"post-1017549","1":"product","2":"type-product","3":"status-publish","4":"has-post-thumbnail","6":"product_cat-lectures-per-preadolescents-6-12-anys","7":"product_cat-libros-preadolescentes-6-12-anos","9":"first","10":"instock","11":"taxable","12":"shipping-taxable","13":"purchasable","14":"product-type-simple"},"acf":{"autor":"WALLIAMS, DAVID","codart":"841039553","libros-coleccion":"","ediciones":"1","encuadernacion":"Carton\u00e9","fecha_de_publicacion":"01\/04\/2025","novedad":"1","paginas":"224","subtitulo":"","orden":"0","portada":"0","idioma":"cat","editorial":[{"ID":6310,"post_author":"3","post_date":"2022-07-28 17:49:26","post_date_gmt":"2022-07-28 15:49:26","post_content":"","post_title":"MONTENA","post_excerpt":"","post_status":"publish","comment_status":"closed","ping_status":"closed","post_password":"","post_name":"montena","to_ping":"","pinged":"","post_modified":"2022-07-28 17:49:26","post_modified_gmt":"2022-07-28 15:49:26","post_content_filtered":"","post_parent":0,"guid":"http:\/\/dev.claret.cat\/editorial\/montena\/","menu_order":0,"post_type":"editorial","post_mime_type":"","comment_count":"0","filter":"raw"}],"booktrailer":"","resenas":""},"aioseo_notices":[],"_links":{"self":[{"href":"https:\/\/www.claret.cat\/es\/wp-json\/wp\/v2\/product\/1017549","targetHints":{"allow":["GET"]}}],"collection":[{"href":"https:\/\/www.claret.cat\/es\/wp-json\/wp\/v2\/product"}],"about":[{"href":"https:\/\/www.claret.cat\/es\/wp-json\/wp\/v2\/types\/product"}],"wp:featuredmedia":[{"embeddable":true,"href":"https:\/\/www.claret.cat\/es\/wp-json\/wp\/v2\/media\/1017550"}],"wp:attachment":[{"href":"https:\/\/www.claret.cat\/es\/wp-json\/wp\/v2\/media?parent=1017549"}],"wp:term":[{"taxonomy":"product_brand","embeddable":true,"href":"https:\/\/www.claret.cat\/es\/wp-json\/wp\/v2\/product_brand?post=1017549"},{"taxonomy":"product_cat","embeddable":true,"href":"https:\/\/www.claret.cat\/es\/wp-json\/wp\/v2\/product_cat?post=1017549"},{"taxonomy":"product_tag","embeddable":true,"href":"https:\/\/www.claret.cat\/es\/wp-json\/wp\/v2\/product_tag?post=1017549"}],"curies":[{"name":"wp","href":"https:\/\/api.w.org\/{rel}","templated":true}]}}

LA INCREÏBLE HISTÒRIA DE&#8230; &#8211; EL XIMPUNAUTA

<p>El ximponauta: l&#8217;aventura a l&#8217;espai més divertidíssim de David Walliams!  En Bau és un ximpanzé una mica entremaliat: deixa anar traques per dalt i per baix tota l&#8217;estona, es furga el nas amb els dits del peu i es menja només la pell dels plàtans (i no ho de dins!). Però la NASA ha decidit que és el candidat perfecte per llençar-lo a l&#8217;espai en una missió perillosíssima. Si un ximpanzé pot orbitar la Terra, aleshores els humans també! Amb un ximpanzé als comandaments d&#8217;una nau espacial, què en podria sortir malament? Doncs resulta que… TOT. Endinsa&#8217;t en una nova i increïble història de l&#8217;autor número 1, David Walliams. Aventura i diversió assegurades!</p>

Cartoné
