{"id":1017684,"date":"2025-04-09T16:35:53","date_gmt":"2025-04-09T14:35:53","guid":{"rendered":"https:\/\/www.claret.cat\/llibre\/jo-era-un-home-de-guerra-9788487023965\/"},"modified":"2025-06-25T11:33:23","modified_gmt":"2025-06-25T09:33:23","slug":"jo-era-un-home-de-guerra-9788487023965","status":"publish","type":"product","link":"https:\/\/www.claret.cat\/es\/libro\/jo-era-un-home-de-guerra-9788487023965\/","title":{"rendered":"JO ERA UN HOME DE GUERRA"},"content":{"rendered":"<p>Al llarg dels m\u00e9s de vint anys que va ser al capdavant de l\u2019empresa familiar, Vito Alfieri Fontana va dissenyar i produir aproximadament dos milions i mig de mines antipersona. A Jo era un home de guerra, aquest antic fabricant d\u2019armes parla sense subterfugis de les dues vides que va viure: de productor d\u2019instruments de guerra venuts arreu del m\u00f3n a operador humanitari. Vito Alfieri Fontana narra el proc\u00e9s de transformaci\u00f3 laboral i personal catalitzat per la impossibilitat de trobar una bona resposta a la pregunta del seu fill: \u201cPer\u00f2 tu, pare, ets un assass\u00ed?\u201d.  Aquesta recerca inc\u00f2moda avan\u00e7ar\u00e0 en paral\u00b7lel amb el llan\u00e7ament de la campanya internacional per a la prohibici\u00f3 de mines antipersona i la sacsejada de l\u2019escenari pol\u00edtic i social itali\u00e0 que suposar\u00e0. Jo era un home de la guerra palesa que qui busca, troba. I qui troba, si no vol mirar-se les contradiccions de re\u00fcll per sempre, ha de prendre decisions en conseq\u00fc\u00e8ncia fins i tot quan aix\u00f2 suposa capgirar tota la seva vida de dalt a baix.<\/p>\n","protected":false},"excerpt":{"rendered":"<p>ALFIERI FONTANA, VITO<\/p>\n","protected":false},"featured_media":1017749,"template":"","meta":{"_acf_changed":false,"om_disable_all_campaigns":false,"rs_blank_template":"","rs_page_bg_color":"","slide_template_v7":"","inline_featured_image":false,"_monsterinsights_skip_tracking":false,"_monsterinsights_sitenote_active":false,"_monsterinsights_sitenote_note":"","_monsterinsights_sitenote_category":0},"product_brand":[],"product_cat":[307,491,241],"product_tag":[],"class_list":{"0":"post-1017684","1":"product","2":"type-product","3":"status-publish","4":"has-post-thumbnail","6":"product_cat-catala","7":"product_cat-testimonios","8":"product_cat-testimonis","10":"first","11":"instock","12":"taxable","13":"shipping-taxable","14":"purchasable","15":"product-type-simple"},"acf":{"autor":"ALFIERI FONTANA, VITO","codart":"848702396","libros-coleccion":"FORA DE COL.LECCI\u00d3","ediciones":"1","encuadernacion":"R\u00fastica","fecha_de_publicacion":"01\/04\/2025","novedad":"1","paginas":"348","subtitulo":"","orden":"8","portada":"0","idioma":"cat","booktrailer":"","resenas":"","editorial":[{"ID":963438,"post_author":"3","post_date":"2024-05-03 11:22:44","post_date_gmt":"2024-05-03 09:22:44","post_content":"","post_title":"EDITORIAL ALBADA","post_excerpt":"","post_status":"publish","comment_status":"closed","ping_status":"closed","post_password":"","post_name":"editorial-albada","to_ping":"","pinged":"","post_modified":"2024-05-03 11:22:44","post_modified_gmt":"2024-05-03 09:22:44","post_content_filtered":"","post_parent":0,"guid":"https:\/\/www.claret.cat\/editorial\/editorial-albada\/","menu_order":0,"post_type":"editorial","post_mime_type":"","comment_count":"0","filter":"raw"}],"linkebook":"","ficha":"","muestra":"","precioebook":"0","presentacion":""},"aioseo_notices":[],"_links":{"self":[{"href":"https:\/\/www.claret.cat\/es\/wp-json\/wp\/v2\/product\/1017684","targetHints":{"allow":["GET"]}}],"collection":[{"href":"https:\/\/www.claret.cat\/es\/wp-json\/wp\/v2\/product"}],"about":[{"href":"https:\/\/www.claret.cat\/es\/wp-json\/wp\/v2\/types\/product"}],"wp:featuredmedia":[{"embeddable":true,"href":"https:\/\/www.claret.cat\/es\/wp-json\/wp\/v2\/media\/1017749"}],"wp:attachment":[{"href":"https:\/\/www.claret.cat\/es\/wp-json\/wp\/v2\/media?parent=1017684"}],"wp:term":[{"taxonomy":"product_brand","embeddable":true,"href":"https:\/\/www.claret.cat\/es\/wp-json\/wp\/v2\/product_brand?post=1017684"},{"taxonomy":"product_cat","embeddable":true,"href":"https:\/\/www.claret.cat\/es\/wp-json\/wp\/v2\/product_cat?post=1017684"},{"taxonomy":"product_tag","embeddable":true,"href":"https:\/\/www.claret.cat\/es\/wp-json\/wp\/v2\/product_tag?post=1017684"}],"curies":[{"name":"wp","href":"https:\/\/api.w.org\/{rel}","templated":true}]}}

<p>Al llarg dels més de vint anys que va ser al capdavant de l’empresa familiar, Vito Alfieri Fontana va dissenyar i produir aproximadament dos milions i mig de mines antipersona. A Jo era un home de guerra, aquest antic fabricant d’armes parla sense subterfugis de les dues vides que va viure: de productor d’instruments de guerra venuts arreu del món a operador humanitari. Vito Alfieri Fontana narra el procés de transformació laboral i personal catalitzat per la impossibilitat de trobar una bona resposta a la pregunta del seu fill: “Però tu, pare, ets un assassí?”.  Aquesta recerca incòmoda avançarà en paral·lel amb el llançament de la campanya internacional per a la prohibició de mines antipersona i la sacsejada de l’escenari polític i social italià que suposarà. Jo era un home de la guerra palesa que qui busca, troba. I qui troba, si no vol mirar-se les contradiccions de reüll per sempre, ha de prendre decisions en conseqüència fins i tot quan això suposa capgirar tota la seva vida de dalt a baix.</p>

FORA DE COL.LECCIÓ

Rústica
