{"id":1017914,"date":"2025-04-11T13:30:15","date_gmt":"2025-04-11T11:30:15","guid":{"rendered":"https:\/\/www.claret.cat\/llibre\/la-mente-tambien-juega-9788467078190\/"},"modified":"2025-04-28T10:40:24","modified_gmt":"2025-04-28T08:40:24","slug":"la-mente-tambien-juega-9788467078190","status":"publish","type":"product","link":"https:\/\/www.claret.cat\/es\/libro\/la-mente-tambien-juega-9788467078190\/","title":{"rendered":"LA MENTE TAMBI\u00c9N JUEGA"},"content":{"rendered":"<p>Un testimonio \u00edntimo y honesto de Andr\u00e9s Iniesta sobre salud mental, familia y superaci\u00f3n.Detr\u00e1s del f\u00fatbol, de muchos otros deportes e incluso en otros \u00e1mbitos, no todo es lo que se ve, o lo que parece ser: un mundo lleno de \u00e9xitos, de victorias y de trofeos. Tambi\u00e9n existe una cara oculta, imperceptible, cuya presencia, a veces, supera al mayor de los triunfos.<br \/> A lo largo de estas p\u00e1ginas, Andr\u00e9s Iniesta relata su historia de amor con el f\u00fatbol, el deporte que le apasiona desde que era un ni\u00f1o en Fuentealbilla, que le ha permitido viajar por todo el mundo y que a\u00fan sigue siendo su vida.<br \/> Sin embargo, para Andr\u00e9s, este juego no solo se practica con el bal\u00f3n pegado a los pies, sino que la mente ejerce un papel fundamental en todo momento, y especialmente en la superaci\u00f3n de las dificultades con las que se ha ido encontrando en el desarrollo de su carrera deportiva. Para hacerlo, ha contado con el apoyo de su familia, de los suyos y, obviamente, de los especialistas adecuados que le han ayudado a resolver esos problemas que trascienden lo puramente deportivo.<br \/> Este libro no solo habla de f\u00fatbol, sino de una persona que a la vez es futbolista. Que ha debido tomar las riendas de su vida desde un \u00e1ngulo diferente al deportivo, que ha recorrido un viaje interior por su mente y ha aprendido a reconocerse como individuo, con trabajo, con pasi\u00f3n y con un objetivo: abandonar no es una opci\u00f3n.<\/p>\n","protected":false},"excerpt":{"rendered":"<p>INIESTA, ANDR\u00c9S<\/p>\n","protected":false},"featured_media":1017915,"template":"","meta":{"_acf_changed":false,"om_disable_all_campaigns":false,"rs_blank_template":"","rs_page_bg_color":"","slide_template_v7":"","inline_featured_image":false,"_monsterinsights_skip_tracking":false,"_monsterinsights_sitenote_active":false,"_monsterinsights_sitenote_note":"","_monsterinsights_sitenote_category":0},"product_brand":[],"product_cat":[549,99,546,96],"product_tag":[],"class_list":{"0":"post-1017914","1":"product","2":"type-product","3":"status-publish","4":"has-post-thumbnail","6":"product_cat-biografias","7":"product_cat-biografies","8":"product_cat-deportes","9":"product_cat-esports","11":"first","12":"instock","13":"taxable","14":"shipping-taxable","15":"purchasable","16":"product-type-simple"},"acf":{"autor":"INIESTA, ANDR\u00c9S","codart":"846707819","libros-coleccion":"NO FICCION","ediciones":"1","encuadernacion":"R\u00fastica","fecha_de_publicacion":"01\/04\/2025","novedad":"1","paginas":"220","subtitulo":"","orden":"0","portada":"0","idioma":"spa","booktrailer":"","resenas":"","editorial":[{"ID":6247,"post_author":"3","post_date":"2022-07-28 17:48:06","post_date_gmt":"2022-07-28 15:48:06","post_content":"","post_title":"ESPASA, EDITORIAL","post_excerpt":"","post_status":"publish","comment_status":"closed","ping_status":"closed","post_password":"","post_name":"espasa-editorial","to_ping":"","pinged":"","post_modified":"2022-07-28 17:48:06","post_modified_gmt":"2022-07-28 15:48:06","post_content_filtered":"","post_parent":0,"guid":"http:\/\/dev.claret.cat\/editorial\/espasa-editorial\/","menu_order":0,"post_type":"editorial","post_mime_type":"","comment_count":"0","filter":"raw"}]},"aioseo_notices":[],"_links":{"self":[{"href":"https:\/\/www.claret.cat\/es\/wp-json\/wp\/v2\/product\/1017914","targetHints":{"allow":["GET"]}}],"collection":[{"href":"https:\/\/www.claret.cat\/es\/wp-json\/wp\/v2\/product"}],"about":[{"href":"https:\/\/www.claret.cat\/es\/wp-json\/wp\/v2\/types\/product"}],"wp:featuredmedia":[{"embeddable":true,"href":"https:\/\/www.claret.cat\/es\/wp-json\/wp\/v2\/media\/1017915"}],"wp:attachment":[{"href":"https:\/\/www.claret.cat\/es\/wp-json\/wp\/v2\/media?parent=1017914"}],"wp:term":[{"taxonomy":"product_brand","embeddable":true,"href":"https:\/\/www.claret.cat\/es\/wp-json\/wp\/v2\/product_brand?post=1017914"},{"taxonomy":"product_cat","embeddable":true,"href":"https:\/\/www.claret.cat\/es\/wp-json\/wp\/v2\/product_cat?post=1017914"},{"taxonomy":"product_tag","embeddable":true,"href":"https:\/\/www.claret.cat\/es\/wp-json\/wp\/v2\/product_tag?post=1017914"}],"curies":[{"name":"wp","href":"https:\/\/api.w.org\/{rel}","templated":true}]}}

LA MENTE TAMBIÉN JUEGA

<p>Un testimonio íntimo y honesto de Andrés Iniesta sobre salud mental, familia y superación.Detrás del fútbol, de muchos otros deportes e incluso en otros ámbitos, no todo es lo que se ve, o lo que parece ser: un mundo lleno de éxitos, de victorias y de trofeos. También existe una cara oculta, imperceptible, cuya presencia, a veces, supera al mayor de los triunfos.<br /> A lo largo de estas páginas, Andrés Iniesta relata su historia de amor con el fútbol, el deporte que le apasiona desde que era un niño en Fuentealbilla, que le ha permitido viajar por todo el mundo y que aún sigue siendo su vida.<br /> Sin embargo, para Andrés, este juego no solo se practica con el balón pegado a los pies, sino que la mente ejerce un papel fundamental en todo momento, y especialmente en la superación de las dificultades con las que se ha ido encontrando en el desarrollo de su carrera deportiva. Para hacerlo, ha contado con el apoyo de su familia, de los suyos y, obviamente, de los especialistas adecuados que le han ayudado a resolver esos problemas que trascienden lo puramente deportivo.<br /> Este libro no solo habla de fútbol, sino de una persona que a la vez es futbolista. Que ha debido tomar las riendas de su vida desde un ángulo diferente al deportivo, que ha recorrido un viaje interior por su mente y ha aprendido a reconocerse como individuo, con trabajo, con pasión y con un objetivo: abandonar no es una opción.</p>

<p>INIESTA, ANDRÉS</p>

INIESTA, ANDRÉS

Rústica
