{"id":1017938,"date":"2025-04-11T16:05:28","date_gmt":"2025-04-11T14:05:28","guid":{"rendered":"https:\/\/www.claret.cat\/llibre\/el-hijo-del-carpintero-9788410631434\/"},"modified":"2025-11-24T11:25:19","modified_gmt":"2025-11-24T10:25:19","slug":"el-hijo-del-carpintero-9788410631434","status":"publish","type":"product","link":"https:\/\/www.claret.cat\/es\/libro\/el-hijo-del-carpintero-9788410631434\/","title":{"rendered":"EL HIJO DEL CARPINTERO"},"content":{"rendered":"<p><em>El Hijo del Carpintero<\/em><strong>: una gu\u00eda viva para descubrir a Jes\u00fas en el Evangelio de Marcos.<\/strong><\/p>\n<p><strong>&#8216;El Evangelio de Marcos&#8217;<\/strong>, el m\u00e1s breve y antiguo de los cuatro evangelios, nos ofrece una imagen \u00e1gil, profunda y transformadora de <strong>Jes\u00fas de Nazaret<\/strong>. En <em>El Hijo del Carpintero<\/em>, el reconocido autor <strong>Roberto O\u2019Farrill<\/strong> nos conduce por este evangelio con un enfoque claro y accesible, ideal tanto para creyentes como para quienes desean acercarse a la figura de Jes\u00fas con una mirada renovada.<\/p>\n<p>A trav\u00e9s del relato marcano, O\u2019Farrill revela c\u00f3mo las primeras comunidades cristianas vivieron sus dudas, persecuciones y el reto de encarnar el mensaje del <strong>Reino de Dios<\/strong>. El libro no es un tratado teol\u00f3gico, sino una <strong>gu\u00eda espiritual<\/strong> que invita a redescubrir al <strong>Jes\u00fas hist\u00f3rico y al Cristo de la fe<\/strong>, y a responder a la pregunta que sigue interpelando al coraz\u00f3n humano: <strong>\u00bfQui\u00e9n es Jes\u00fas?<\/strong><\/p>\n<p><span>Una obra ideal para la <\/span><strong>lectura espiritual, la meditaci\u00f3n personal o el estudio en grupos<\/strong>, con claves para dejarse transformar por la Palabra y reconocer la presencia del <strong>Resucitado en la historia y en nuestra vida cotidiana<\/strong>.<\/p>\n","protected":false},"excerpt":{"rendered":"<p>O&#8217;FARRILL CORONA, ROBERTO<\/p>\n","protected":false},"featured_media":1067854,"template":"","meta":{"_acf_changed":false,"om_disable_all_campaigns":false,"rs_blank_template":"","rs_page_bg_color":"","slide_template_v7":"","inline_featured_image":false,"_monsterinsights_skip_tracking":false,"_monsterinsights_sitenote_active":false,"_monsterinsights_sitenote_note":"","_monsterinsights_sitenote_category":0},"product_brand":[],"product_cat":[487,234,541,91,542,92],"product_tag":[],"class_list":{"0":"post-1017938","1":"product","2":"type-product","3":"status-publish","4":"has-post-thumbnail","6":"product_cat-cristocentrica-espiritualidad-1_espiritualidad","7":"product_cat-cristocentrica","8":"product_cat-cristologia-1_espiritualidad-spa","9":"product_cat-cristologia","10":"product_cat-vida-religiosa-1_espiritualidad-spa","11":"product_cat-vida-religiosa","13":"first","14":"instock","15":"taxable","16":"shipping-taxable","17":"purchasable","18":"product-type-simple"},"acf":{"autor":"O'FARRILL CORONA, ROBERTO","codart":"841063143","libros-coleccion":"Acci\u00f3n Pastoral","ediciones":"1","encuadernacion":"R\u00fastica","fecha_de_publicacion":"11\/04\/2025","novedad":"1","paginas":"384","subtitulo":"EL RELATO M\u00c1S HUMANO DE JES\u00daS DE NAZARET SEG\u00daN EL EVANGELIO DE SAN MARCOS","orden":"0","portada":"1","idioma":"spa","booktrailer":"","resenas":"","editorial":[{"ID":6390,"post_author":"3","post_date":"2022-07-28 17:51:08","post_date_gmt":"2022-07-28 15:51:08","post_content":"","post_title":"VERBO DIVINO","post_excerpt":"","post_status":"publish","comment_status":"closed","ping_status":"closed","post_password":"","post_name":"verbo-divino","to_ping":"","pinged":"","post_modified":"2022-07-28 17:51:08","post_modified_gmt":"2022-07-28 15:51:08","post_content_filtered":"","post_parent":0,"guid":"http:\/\/dev.claret.cat\/editorial\/verbo-divino\/","menu_order":0,"post_type":"editorial","post_mime_type":"","comment_count":"0","filter":"raw"}]},"aioseo_notices":[],"_links":{"self":[{"href":"https:\/\/www.claret.cat\/es\/wp-json\/wp\/v2\/product\/1017938","targetHints":{"allow":["GET"]}}],"collection":[{"href":"https:\/\/www.claret.cat\/es\/wp-json\/wp\/v2\/product"}],"about":[{"href":"https:\/\/www.claret.cat\/es\/wp-json\/wp\/v2\/types\/product"}],"wp:featuredmedia":[{"embeddable":true,"href":"https:\/\/www.claret.cat\/es\/wp-json\/wp\/v2\/media\/1067854"}],"wp:attachment":[{"href":"https:\/\/www.claret.cat\/es\/wp-json\/wp\/v2\/media?parent=1017938"}],"wp:term":[{"taxonomy":"product_brand","embeddable":true,"href":"https:\/\/www.claret.cat\/es\/wp-json\/wp\/v2\/product_brand?post=1017938"},{"taxonomy":"product_cat","embeddable":true,"href":"https:\/\/www.claret.cat\/es\/wp-json\/wp\/v2\/product_cat?post=1017938"},{"taxonomy":"product_tag","embeddable":true,"href":"https:\/\/www.claret.cat\/es\/wp-json\/wp\/v2\/product_tag?post=1017938"}],"curies":[{"name":"wp","href":"https:\/\/api.w.org\/{rel}","templated":true}]}}

<p><em>El Hijo del Carpintero</em><strong>: una guía viva para descubrir a Jesús en el Evangelio de Marcos.</strong></p>
<p><strong>&#8216;El Evangelio de Marcos&#8217;</strong>, el más breve y antiguo de los cuatro evangelios, nos ofrece una imagen ágil, profunda y transformadora de <strong>Jesús de Nazaret</strong>. En <em>El Hijo del Carpintero</em>, el reconocido autor <strong>Roberto O’Farrill</strong> nos conduce por este evangelio con un enfoque claro y accesible, ideal tanto para creyentes como para quienes desean acercarse a la figura de Jesús con una mirada renovada.</p>
<p>A través del relato marcano, O’Farrill revela cómo las primeras comunidades cristianas vivieron sus dudas, persecuciones y el reto de encarnar el mensaje del <strong>Reino de Dios</strong>. El libro no es un tratado teológico, sino una <strong>guía espiritual</strong> que invita a redescubrir al <strong>Jesús histórico y al Cristo de la fe</strong>, y a responder a la pregunta que sigue interpelando al corazón humano: <strong>¿Quién es Jesús?</strong></p>
<p><span>Una obra ideal para la </span><strong>lectura espiritual, la meditación personal o el estudio en grupos</strong>, con claves para dejarse transformar por la Palabra y reconocer la presencia del <strong>Resucitado en la historia y en nuestra vida cotidiana</strong>.</p>

Acción Pastoral

Rústica

EL RELATO MÁS HUMANO DE JESÚS DE NAZARET SEGÚN EL EVANGELIO DE SAN MARCOS
