{"id":1017956,"date":"2025-04-11T16:10:39","date_gmt":"2025-04-11T14:10:39","guid":{"rendered":"https:\/\/www.claret.cat\/llibre\/revista-concilium-410-sacramentalidad-el-mundo-como-signo-e-instrumento-de-la-presencia-de-dios-9780210104101\/"},"modified":"2025-04-11T16:10:53","modified_gmt":"2025-04-11T14:10:53","slug":"revista-concilium-410-sacramentalidad-el-mundo-como-signo-e-instrumento-de-la-presencia-de-dios-9780210104101","status":"publish","type":"product","link":"https:\/\/www.claret.cat\/es\/libro\/revista-concilium-410-sacramentalidad-el-mundo-como-signo-e-instrumento-de-la-presencia-de-dios-9780210104101\/","title":{"rendered":"REVISTA CONCILIUM 410. SACRAMENTALIDAD: EL MUNDO COMO SIGNO E INSTRUMENTO DE LA PRESENCIA DE DIOS"},"content":{"rendered":"<p><span style='color: black'>En un tiempo de cambios eclesiales y teol\u00f3gicos, la noci\u00f3n de sacramentalidad adquiere una renovada importancia. Desde la publicaci\u00f3n de Laudato si&#8217; y Fiducia supplicans, la Iglesia ha ensanchado su comprensi\u00f3n de lo sacramental m\u00e1s all\u00e1 de los siete sacramentos, reconociendo la presencia de Dios en el mundo y en las relaciones humanas. \u00bfC\u00f3mo puede una comunidad herida ser signo de la presencia de Dios? \u00bfQu\u00e9 nos ense\u00f1a la sacramentalidad del mundo sobre la de la Iglesia? A trav\u00e9s de estas preguntas, este volumen invita a una reflexi\u00f3n profunda sobre los l\u00edmites y las oportunidades de lo sacramental en el pensamiento teol\u00f3gico contempor\u00e1neo.<\/span><\/p>\n","protected":false},"excerpt":{"rendered":"<p>VARIOS AUTORES <\/p>\n","protected":false},"featured_media":1017957,"template":"","meta":{"_acf_changed":false,"om_disable_all_campaigns":false,"rs_blank_template":"","rs_page_bg_color":"","slide_template_v7":"","inline_featured_image":false,"_monsterinsights_skip_tracking":false,"_monsterinsights_sitenote_active":false,"_monsterinsights_sitenote_note":"","_monsterinsights_sitenote_category":0},"product_brand":[],"product_cat":[92,542],"product_tag":[],"class_list":{"0":"post-1017956","1":"product","2":"type-product","3":"status-publish","4":"has-post-thumbnail","6":"product_cat-vida-religiosa","7":"product_cat-vida-religiosa-1_espiritualidad-spa","9":"first","10":"instock","11":"taxable","12":"shipping-taxable","13":"purchasable","14":"product-type-simple"},"acf":{"autor":"VARIOS AUTORES ","codart":"021010410","libros-coleccion":"CONCILIUM","ediciones":"1","encuadernacion":"R\u00fastica","fecha_de_publicacion":"14\/02\/2025","novedad":"1","paginas":"152","subtitulo":"","orden":"0","portada":"0","idioma":"spa","booktrailer":"","resenas":"","editorial":[{"ID":6390,"post_author":"3","post_date":"2022-07-28 17:51:08","post_date_gmt":"2022-07-28 15:51:08","post_content":"","post_title":"VERBO DIVINO","post_excerpt":"","post_status":"publish","comment_status":"closed","ping_status":"closed","post_password":"","post_name":"verbo-divino","to_ping":"","pinged":"","post_modified":"2022-07-28 17:51:08","post_modified_gmt":"2022-07-28 15:51:08","post_content_filtered":"","post_parent":0,"guid":"http:\/\/dev.claret.cat\/editorial\/verbo-divino\/","menu_order":0,"post_type":"editorial","post_mime_type":"","comment_count":"0","filter":"raw"}]},"aioseo_notices":[],"_links":{"self":[{"href":"https:\/\/www.claret.cat\/es\/wp-json\/wp\/v2\/product\/1017956","targetHints":{"allow":["GET"]}}],"collection":[{"href":"https:\/\/www.claret.cat\/es\/wp-json\/wp\/v2\/product"}],"about":[{"href":"https:\/\/www.claret.cat\/es\/wp-json\/wp\/v2\/types\/product"}],"wp:featuredmedia":[{"embeddable":true,"href":"https:\/\/www.claret.cat\/es\/wp-json\/wp\/v2\/media\/1017957"}],"wp:attachment":[{"href":"https:\/\/www.claret.cat\/es\/wp-json\/wp\/v2\/media?parent=1017956"}],"wp:term":[{"taxonomy":"product_brand","embeddable":true,"href":"https:\/\/www.claret.cat\/es\/wp-json\/wp\/v2\/product_brand?post=1017956"},{"taxonomy":"product_cat","embeddable":true,"href":"https:\/\/www.claret.cat\/es\/wp-json\/wp\/v2\/product_cat?post=1017956"},{"taxonomy":"product_tag","embeddable":true,"href":"https:\/\/www.claret.cat\/es\/wp-json\/wp\/v2\/product_tag?post=1017956"}],"curies":[{"name":"wp","href":"https:\/\/api.w.org\/{rel}","templated":true}]}}

<p><span style='color: black'>En un tiempo de cambios eclesiales y teológicos, la noción de sacramentalidad adquiere una renovada importancia. Desde la publicación de Laudato si&#8217; y Fiducia supplicans, la Iglesia ha ensanchado su comprensión de lo sacramental más allá de los siete sacramentos, reconociendo la presencia de Dios en el mundo y en las relaciones humanas. ¿Cómo puede una comunidad herida ser signo de la presencia de Dios? ¿Qué nos enseña la sacramentalidad del mundo sobre la de la Iglesia? A través de estas preguntas, este volumen invita a una reflexión profunda sobre los límites y las oportunidades de lo sacramental en el pensamiento teológico contemporáneo.</span></p>

Rústica
