{"id":1018293,"date":"2025-04-15T12:40:02","date_gmt":"2025-04-15T10:40:02","guid":{"rendered":"https:\/\/www.claret.cat\/llibre\/mi-mama-libro-de-carton-en-forma-de-corazon-9788408294092\/"},"modified":"2025-04-15T12:45:48","modified_gmt":"2025-04-15T10:45:48","slug":"mi-mama-libro-de-carton-en-forma-de-corazon-9788408294092","status":"publish","type":"product","link":"https:\/\/www.claret.cat\/es\/libro\/mi-mama-libro-de-carton-en-forma-de-corazon-9788408294092\/","title":{"rendered":"MI MAM\u00c1. LIBRO DE CART\u00d3N EN FORMA DE CORAZ\u00d3N"},"content":{"rendered":"<p>Un libro supertierno en forma de coraz\u00f3n para todas las madres del mundo.Nuestras madres nos cuidan, nos ense\u00f1an, nos abrazan y nos hacen sentir \u00fanicos. Este precioso libro de cart\u00f3n, con su forma de coraz\u00f3n, es el regalo perfecto para celebrar el amor tan especial que une a una madre y a su criatura.<br \/> A trav\u00e9s de una historia rimada y tiernas ilustraciones, los peque\u00f1os se ver\u00e1n reflejados en las acciones de los animalitos: abrazarse, jugar, aprender y crecer, siempre acompa\u00f1ados de sus mam\u00e1s.<br \/> Con estampados brillantes y un formato \u00fanico, este libro pone en valor el amor y los cuidados incondicionales de mam\u00e1. Sus p\u00e1ginas son una invitaci\u00f3n a compartir momentos inolvidables en familia, como:<br \/> Mi mam\u00e1 me abraza cuando siento temor y luego me siento mucho mejor.\u00a0 <br \/> Ella me ense\u00f1a palabras cortas, largas y originales. \u00a1Somos sensacionales!<br \/> Mi mam\u00e1 me hace cosquillas improvisadas y yo me r\u00edo a carcajadas.<br \/> Sus besos son muy diferentes. Peque\u00f1os, medianos o grandes, pero siempre sorprendentes.<br \/> Mi coraz\u00f3n y el de mi mam\u00e1 laten al comp\u00e1s. \u00a1No la puedo querer m\u00e1s!<br \/> Una lectura especial para compartir y recordar el v\u00ednculo \u00fanico con mam\u00e1.<br \/> Recomendado para 1, 2, 3 a\u00f1os.<br \/> Otro libro de la colecci\u00f3n:<\/p>\n<p> Mi pap\u00e1. Libro de cart\u00f3n en forma de coraz\u00f3n<\/p>\n","protected":false},"excerpt":{"rendered":"<p>SAMBA, GINA<\/p>\n","protected":false},"featured_media":1018294,"template":"","meta":{"_acf_changed":false,"om_disable_all_campaigns":false,"rs_blank_template":"","rs_page_bg_color":"","slide_template_v7":"","inline_featured_image":false,"_monsterinsights_skip_tracking":false,"_monsterinsights_sitenote_active":false,"_monsterinsights_sitenote_note":"","_monsterinsights_sitenote_category":0},"product_brand":[],"product_cat":[131,361],"product_tag":[],"class_list":{"0":"post-1018293","1":"product","2":"type-product","3":"status-publish","4":"has-post-thumbnail","6":"product_cat-contes-per-infants-0-6-anys","7":"product_cat-cuentos-para-ninos-0-6-anos","9":"first","10":"instock","11":"taxable","12":"shipping-taxable","13":"purchasable","14":"product-type-simple"},"acf":{"autor":"SAMBA, GINA","codart":"840829409","libros-coleccion":"FORA DE COL.LECCI\u00d3","ediciones":"1","encuadernacion":"Carpeta","fecha_de_publicacion":"01\/04\/2025","novedad":"1","paginas":"0","subtitulo":"","orden":"0","portada":"0","idioma":"spa","booktrailer":"","resenas":"","editorial":[{"ID":6233,"post_author":"3","post_date":"2022-07-28 17:47:48","post_date_gmt":"2022-07-28 15:47:48","post_content":"","post_title":"EDITORIAL PLANETA","post_excerpt":"","post_status":"publish","comment_status":"closed","ping_status":"closed","post_password":"","post_name":"editorial-planeta","to_ping":"","pinged":"","post_modified":"2022-07-28 17:47:48","post_modified_gmt":"2022-07-28 15:47:48","post_content_filtered":"","post_parent":0,"guid":"http:\/\/dev.claret.cat\/editorial\/editorial-planeta\/","menu_order":0,"post_type":"editorial","post_mime_type":"","comment_count":"0","filter":"raw"}]},"aioseo_notices":[],"_links":{"self":[{"href":"https:\/\/www.claret.cat\/es\/wp-json\/wp\/v2\/product\/1018293","targetHints":{"allow":["GET"]}}],"collection":[{"href":"https:\/\/www.claret.cat\/es\/wp-json\/wp\/v2\/product"}],"about":[{"href":"https:\/\/www.claret.cat\/es\/wp-json\/wp\/v2\/types\/product"}],"wp:featuredmedia":[{"embeddable":true,"href":"https:\/\/www.claret.cat\/es\/wp-json\/wp\/v2\/media\/1018294"}],"wp:attachment":[{"href":"https:\/\/www.claret.cat\/es\/wp-json\/wp\/v2\/media?parent=1018293"}],"wp:term":[{"taxonomy":"product_brand","embeddable":true,"href":"https:\/\/www.claret.cat\/es\/wp-json\/wp\/v2\/product_brand?post=1018293"},{"taxonomy":"product_cat","embeddable":true,"href":"https:\/\/www.claret.cat\/es\/wp-json\/wp\/v2\/product_cat?post=1018293"},{"taxonomy":"product_tag","embeddable":true,"href":"https:\/\/www.claret.cat\/es\/wp-json\/wp\/v2\/product_tag?post=1018293"}],"curies":[{"name":"wp","href":"https:\/\/api.w.org\/{rel}","templated":true}]}}

MI MAMÁ. LIBRO DE CARTÓN EN FORMA DE CORAZÓN

<p>Un libro supertierno en forma de corazón para todas las madres del mundo.Nuestras madres nos cuidan, nos enseñan, nos abrazan y nos hacen sentir únicos. Este precioso libro de cartón, con su forma de corazón, es el regalo perfecto para celebrar el amor tan especial que une a una madre y a su criatura.<br /> A través de una historia rimada y tiernas ilustraciones, los pequeños se verán reflejados en las acciones de los animalitos: abrazarse, jugar, aprender y crecer, siempre acompañados de sus mamás.<br /> Con estampados brillantes y un formato único, este libro pone en valor el amor y los cuidados incondicionales de mamá. Sus páginas son una invitación a compartir momentos inolvidables en familia, como:<br /> Mi mamá me abraza cuando siento temor y luego me siento mucho mejor.  <br /> Ella me enseña palabras cortas, largas y originales. ¡Somos sensacionales!<br /> Mi mamá me hace cosquillas improvisadas y yo me río a carcajadas.<br /> Sus besos son muy diferentes. Pequeños, medianos o grandes, pero siempre sorprendentes.<br /> Mi corazón y el de mi mamá laten al compás. ¡No la puedo querer más!<br /> Una lectura especial para compartir y recordar el vínculo único con mamá.<br /> Recomendado para 1, 2, 3 años.<br /> Otro libro de la colección:</p>
<p> Mi papá. Libro de cartón en forma de corazón</p>

FORA DE COL.LECCIÓ
