{"id":1021357,"date":"2025-05-13T16:50:01","date_gmt":"2025-05-13T14:50:01","guid":{"rendered":"https:\/\/www.claret.cat\/llibre\/dios-existe-9788413684611\/"},"modified":"2025-06-17T11:01:03","modified_gmt":"2025-06-17T09:01:03","slug":"dios-existe-9788413684611","status":"publish","type":"product","link":"https:\/\/www.claret.cat\/es\/libro\/dios-existe-9788413684611\/","title":{"rendered":"\u00bfDIOS EXISTE?"},"content":{"rendered":"<p><strong class='ql-size-large'>\u00bfExiste Dios? Reflexiones del cardenal Robert Sarah sobre la fe y la b\u00fasqueda de sentido.<\/strong><\/p>\n<p><\/p>\n<p>La pregunta <strong>\u00bfexiste Dios?<\/strong> ha acompa\u00f1ado a <strong>hombres y mujeres<\/strong> a lo largo de la historia, especialmente en momentos de dificultad y fragilidad personal. Desde grandes santos hasta ateos, desde intelectuales hasta gente sencilla, este cuestionamiento permanece vigente, m\u00e1s a\u00fan en una \u00e9poca donde muchos anuncian el fin del <strong>cristianismo<\/strong> y el <strong>destronamiento de Dios<\/strong>.<\/p>\n<p>En un mundo marcado por la <strong>fugacidad<\/strong>, la <strong>trivialidad<\/strong> y la p\u00e9rdida de valores, el <strong>cardenal Robert Sarah<\/strong> responde en este libro a interrogantes sobre la <strong>existencia y presencia de Dios<\/strong>, su aparente <strong>silencio<\/strong>, la <strong>muerte<\/strong>, el <strong>sufrimiento<\/strong>, el <strong>dolor<\/strong> y tambi\u00e9n la <strong>alegr\u00eda<\/strong>.<\/p>\n<p>Con un lenguaje claro y cercano, el cardenal Robert Sarah invita a encontrar en el <strong>Magisterio de la Iglesia<\/strong>, la experiencia personal y el di\u00e1logo con creyentes, respuestas que sacien el deseo humano de <strong>verdad<\/strong> y <strong>plenitud<\/strong>. Como Zaqueo, necesitamos \u201c<strong>ver a Cristo<\/strong>\u201d para llenar esa carencia interior que nos recuerda que Dios est\u00e1 presente en nuestras vidas.<\/p>\n<p>Un libro profundo que ofrece <strong>testimonios tangibles<\/strong>, esperanza y una invitaci\u00f3n a reencontrar la fe en tiempos complejos.<\/p>\n","protected":false},"excerpt":{"rendered":"<p>SARAH, CARDENAL ROBERT<\/p>\n","protected":false},"featured_media":1034563,"template":"","meta":{"_acf_changed":false,"om_disable_all_campaigns":false,"rs_blank_template":"","rs_page_bg_color":"","slide_template_v7":"","inline_featured_image":false,"_monsterinsights_skip_tracking":false,"_monsterinsights_sitenote_active":false,"_monsterinsights_sitenote_note":"","_monsterinsights_sitenote_category":0},"product_brand":[],"product_cat":[276,414],"product_tag":[],"class_list":{"0":"post-1021357","1":"product","2":"type-product","3":"status-publish","4":"has-post-thumbnail","6":"product_cat-cristologia-teologia","7":"product_cat-cristologia-teologia-1_espiritualidad","9":"first","10":"instock","11":"taxable","12":"shipping-taxable","13":"purchasable","14":"product-type-simple"},"acf":{"autor":"SARAH, CARDENAL ROBERT","codart":"841368461","libros-coleccion":"Mundo y Cristianismo","ediciones":"1","encuadernacion":"R\u00fastica","fecha_de_publicacion":"04\/06\/2025","novedad":"1","paginas":"320","subtitulo":"EL GRITO DEL HOMBRE QUE PIDE SALVACI\u00d3N","orden":"0","portada":"0","idioma":"spa","booktrailer":"","resenas":"","editorial":[{"ID":148624,"post_author":"3","post_date":"2022-10-14 11:59:42","post_date_gmt":"2022-10-14 09:59:42","post_content":"","post_title":"PALABRA S.A., EDICIONES","post_excerpt":"","post_status":"publish","comment_status":"closed","ping_status":"closed","post_password":"","post_name":"palabra-s-a-ediciones","to_ping":"","pinged":"","post_modified":"2022-10-14 11:59:42","post_modified_gmt":"2022-10-14 09:59:42","post_content_filtered":"","post_parent":0,"guid":"http:\/\/dev.claret.cat\/editorial\/palabra-s-a-ediciones\/","menu_order":0,"post_type":"editorial","post_mime_type":"","comment_count":"0","filter":"raw"}],"linkebook":"","ficha":"","muestra":"","precioebook":"0","presentacion":""},"aioseo_notices":[],"_links":{"self":[{"href":"https:\/\/www.claret.cat\/es\/wp-json\/wp\/v2\/product\/1021357","targetHints":{"allow":["GET"]}}],"collection":[{"href":"https:\/\/www.claret.cat\/es\/wp-json\/wp\/v2\/product"}],"about":[{"href":"https:\/\/www.claret.cat\/es\/wp-json\/wp\/v2\/types\/product"}],"wp:featuredmedia":[{"embeddable":true,"href":"https:\/\/www.claret.cat\/es\/wp-json\/wp\/v2\/media\/1034563"}],"wp:attachment":[{"href":"https:\/\/www.claret.cat\/es\/wp-json\/wp\/v2\/media?parent=1021357"}],"wp:term":[{"taxonomy":"product_brand","embeddable":true,"href":"https:\/\/www.claret.cat\/es\/wp-json\/wp\/v2\/product_brand?post=1021357"},{"taxonomy":"product_cat","embeddable":true,"href":"https:\/\/www.claret.cat\/es\/wp-json\/wp\/v2\/product_cat?post=1021357"},{"taxonomy":"product_tag","embeddable":true,"href":"https:\/\/www.claret.cat\/es\/wp-json\/wp\/v2\/product_tag?post=1021357"}],"curies":[{"name":"wp","href":"https:\/\/api.w.org\/{rel}","templated":true}]}}

<p><strong class='ql-size-large'>¿Existe Dios? Reflexiones del cardenal Robert Sarah sobre la fe y la búsqueda de sentido.</strong></p>
<p></p>
<p>La pregunta <strong>¿existe Dios?</strong> ha acompañado a <strong>hombres y mujeres</strong> a lo largo de la historia, especialmente en momentos de dificultad y fragilidad personal. Desde grandes santos hasta ateos, desde intelectuales hasta gente sencilla, este cuestionamiento permanece vigente, más aún en una época donde muchos anuncian el fin del <strong>cristianismo</strong> y el <strong>destronamiento de Dios</strong>.</p>
<p>En un mundo marcado por la <strong>fugacidad</strong>, la <strong>trivialidad</strong> y la pérdida de valores, el <strong>cardenal Robert Sarah</strong> responde en este libro a interrogantes sobre la <strong>existencia y presencia de Dios</strong>, su aparente <strong>silencio</strong>, la <strong>muerte</strong>, el <strong>sufrimiento</strong>, el <strong>dolor</strong> y también la <strong>alegría</strong>.</p>
<p>Con un lenguaje claro y cercano, el cardenal Robert Sarah invita a encontrar en el <strong>Magisterio de la Iglesia</strong>, la experiencia personal y el diálogo con creyentes, respuestas que sacien el deseo humano de <strong>verdad</strong> y <strong>plenitud</strong>. Como Zaqueo, necesitamos “<strong>ver a Cristo</strong>” para llenar esa carencia interior que nos recuerda que Dios está presente en nuestras vidas.</p>
<p>Un libro profundo que ofrece <strong>testimonios tangibles</strong>, esperanza y una invitación a reencontrar la fe en tiempos complejos.</p>

Rústica

EL GRITO DEL HOMBRE QUE PIDE SALVACIÓN
